{"id":701455,"date":"2025-08-27T15:09:32","date_gmt":"2025-08-27T12:09:32","guid":{"rendered":"https:\/\/roveyayinevi.com.tr\/index.php\/urun\/esrariengin-arkeolog\/"},"modified":"2026-04-16T02:10:47","modified_gmt":"2026-04-15T23:10:47","slug":"esrariengin-arkeolog","status":"publish","type":"product","link":"https:\/\/roveyayinevi.com.tr\/index.php\/urun\/esrariengin-arkeolog\/","title":{"rendered":"Esrar\u0131engin Arkeolog"},"content":{"rendered":"<p>Arkeoloji ve mimarl\u0131k , g\u00fcnl\u00fck anlamlar\u0131n\u0131 hemen anlad\u0131\u011f\u0131m\u0131z\u0131 sand\u0131\u011f\u0131m\u0131z iki kavram. Felsefe anlad\u0131\u011f\u0131m\u0131z\u0131 sand\u0131\u011f\u0131m\u0131z kavramlara n\u00fcfuz etmemizi sa\u011flayan bir sorgulama, bir derin kaz\u0131 etkinli\u011fi. Ne ki bu d\u00fc\u015f\u00fcnme sorgulama etkinli\u011fi geli\u015ftirilmedik\u00e7e; bize \u00f6\u011fretilen kavramlar\u0131, kullanmal\u0131k g\u00fcndelik anlamlar\u0131 \u00fczerinden d\u00fc\u015f\u00fcnmeye, anlamland\u0131rmaya hapsoldu\u011fumuzu farketmeyen bir konu\u015fma ve tart\u0131\u015fma \u00f6zg\u00fcrl\u00fc\u011f\u00fcn\u00fc s\u00fcrd\u00fcr\u00fcr gideriz. Ku\u015fkusuz durum, sadece baz\u0131 kavramlarla s\u0131n\u0131rl\u0131 kalmayan, -bilimsel\/ k\u00fclt\u00fcrel- kulland\u0131\u011f\u0131m\u0131z b\u00fct\u00fcn kavramlarla olan ili\u015fkimizi karakterize eden bir durum. S\u00f6zgelimi atom kavram\u0131ndan, do\u011fruluk , ger\u00e7eklik , zihin , demokrasi , \u00f6zg\u00fcrl\u00fck , adalet , erdem , bilim , felsefe , tarih , toplum , \u015fiir &#8230; b\u00fct\u00fcn kavramlar\u0131n yorumuna kadar uzanan bir sorun yuma\u011f\u0131 s\u00f6zkonusu. \ufffcTan\u0131t\u0131m Metni<\/p>\n","protected":false},"excerpt":{"rendered":"<p>Arkeoloji ve mimarl\u0131k , g\u00fcnl\u00fck anlamlar\u0131n\u0131 hemen anlad\u0131\u011f\u0131m\u0131z\u0131 sand\u0131\u011f\u0131m\u0131z iki kavram. Felsefe anlad\u0131\u011f\u0131m\u0131z\u0131 sand\u0131\u011f\u0131m\u0131z kavramlara n\u00fcfuz etmemizi sa\u011flayan bir sorgulama, bir derin kaz\u0131 etkinli\u011fi. Ne ki<span class=\"excerpt-hellip\"> [\u2026]<\/span><\/p>\n","protected":false},"featured_media":0,"template":"","meta":{"_monsterinsights_skip_tracking":false,"_monsterinsights_sitenote_active":false,"_monsterinsights_sitenote_note":"","_monsterinsights_sitenote_category":0},"product_brand":[],"product_cat":[12389,12388],"product_tag":[],"class_list":{"0":"post-701455","1":"product","2":"type-product","3":"status-publish","5":"product_cat-diger-felsefe","6":"product_cat-felsefe","7":"pa_tur-kitap","8":"pa_yayinevi-cem-yayinevi","9":"pa_yazar-erkut-sezgin","11":"first","12":"instock","13":"sale","14":"shipping-taxable","15":"purchasable","16":"product-type-simple"},"_links":{"self":[{"href":"https:\/\/roveyayinevi.com.tr\/index.php\/wp-json\/wp\/v2\/product\/701455","targetHints":{"allow":["GET"]}}],"collection":[{"href":"https:\/\/roveyayinevi.com.tr\/index.php\/wp-json\/wp\/v2\/product"}],"about":[{"href":"https:\/\/roveyayinevi.com.tr\/index.php\/wp-json\/wp\/v2\/types\/product"}],"wp:attachment":[{"href":"https:\/\/roveyayinevi.com.tr\/index.php\/wp-json\/wp\/v2\/media?parent=701455"}],"wp:term":[{"taxonomy":"product_brand","embeddable":true,"href":"https:\/\/roveyayinevi.com.tr\/index.php\/wp-json\/wp\/v2\/product_brand?post=701455"},{"taxonomy":"product_cat","embeddable":true,"href":"https:\/\/roveyayinevi.com.tr\/index.php\/wp-json\/wp\/v2\/product_cat?post=701455"},{"taxonomy":"product_tag","embeddable":true,"href":"https:\/\/roveyayinevi.com.tr\/index.php\/wp-json\/wp\/v2\/product_tag?post=701455"}],"curies":[{"name":"wp","href":"https:\/\/api.w.org\/{rel}","templated":true}]}}