{"id":701441,"date":"2025-08-27T15:09:27","date_gmt":"2025-08-27T12:09:27","guid":{"rendered":"https:\/\/roveyayinevi.com.tr\/index.php\/urun\/sol-siyaset-sorunlari\/"},"modified":"2026-04-16T02:10:47","modified_gmt":"2026-04-15T23:10:47","slug":"sol-siyaset-sorunlari","status":"publish","type":"product","link":"https:\/\/roveyayinevi.com.tr\/index.php\/urun\/sol-siyaset-sorunlari\/","title":{"rendered":"Sol Siyaset Sorunlar\u0131"},"content":{"rendered":"<p>Tar\u0131k Ziya Ekinci, 1925&#8217;te Lice&#8217;de d\u00fcnyaya geldi. T\u00fcrk\u00e7e&#8217;yi di\u011fer arkada\u015flar\u0131 gibi il\u00e7enin tek ilkokulunda \u00f6\u011frendi. Ortaokulu ve liseyi Diyarbak\u0131r&#8217;da okudu. 1949&#8217;da \u0130stanbul T\u0131p Fak\u00fcltesi&#8217;nden mezun oldu. Mecburi hizmetini Siverek, Diyarbak\u0131r ve Lice&#8217;de tamamlad\u0131. \u0130htisas i\u00e7in bir s\u00fcre Paris&#8217;te kald\u0131. 1957&#8217;de \u0130\u00e7 Hastal\u0131klarda m\u00fctehass\u0131s hekim olarak Diyarbak\u0131r&#8217;a yerle\u015fti. \u00dc\u00e7 d\u00f6nem Diyarbak\u0131r-Mardin-Siirt illeri Tabip Odas\u0131 Ba\u015fkanl\u0131\u011f\u0131 yapt\u0131. 1958&#8217;den 1980&#8217;e kadar TTB Merkez Konseyi Disiplin Kurulu \u00fcyeli\u011fi yapt\u0131. <\/p>\n","protected":false},"excerpt":{"rendered":"<p>Tar\u0131k Ziya Ekinci, 1925&#8217;te Lice&#8217;de d\u00fcnyaya geldi. T\u00fcrk\u00e7e&#8217;yi di\u011fer arkada\u015flar\u0131 gibi il\u00e7enin tek ilkokulunda \u00f6\u011frendi. Ortaokulu ve liseyi Diyarbak\u0131r&#8217;da okudu. 1949&#8217;da \u0130stanbul T\u0131p Fak\u00fcltesi&#8217;nden mezun oldu.<span class=\"excerpt-hellip\"> [\u2026]<\/span><\/p>\n","protected":false},"featured_media":0,"template":"","meta":{"_monsterinsights_skip_tracking":false,"_monsterinsights_sitenote_active":false,"_monsterinsights_sitenote_note":"","_monsterinsights_sitenote_category":0},"product_brand":[],"product_cat":[13656,12337],"product_tag":[],"class_list":{"0":"post-701441","1":"product","2":"type-product","3":"status-publish","5":"product_cat-azinliklar-etnik-sorunlar","6":"product_cat-politika-siyaset","7":"pa_tur-kitap","8":"pa_yayinevi-cem-yayinevi","9":"pa_yazar-tarik-ziya-ekinci","11":"first","12":"instock","13":"sale","14":"shipping-taxable","15":"purchasable","16":"product-type-simple"},"_links":{"self":[{"href":"https:\/\/roveyayinevi.com.tr\/index.php\/wp-json\/wp\/v2\/product\/701441","targetHints":{"allow":["GET"]}}],"collection":[{"href":"https:\/\/roveyayinevi.com.tr\/index.php\/wp-json\/wp\/v2\/product"}],"about":[{"href":"https:\/\/roveyayinevi.com.tr\/index.php\/wp-json\/wp\/v2\/types\/product"}],"wp:attachment":[{"href":"https:\/\/roveyayinevi.com.tr\/index.php\/wp-json\/wp\/v2\/media?parent=701441"}],"wp:term":[{"taxonomy":"product_brand","embeddable":true,"href":"https:\/\/roveyayinevi.com.tr\/index.php\/wp-json\/wp\/v2\/product_brand?post=701441"},{"taxonomy":"product_cat","embeddable":true,"href":"https:\/\/roveyayinevi.com.tr\/index.php\/wp-json\/wp\/v2\/product_cat?post=701441"},{"taxonomy":"product_tag","embeddable":true,"href":"https:\/\/roveyayinevi.com.tr\/index.php\/wp-json\/wp\/v2\/product_tag?post=701441"}],"curies":[{"name":"wp","href":"https:\/\/api.w.org\/{rel}","templated":true}]}}

Sol Siyaset Sorunları

<p>Tarık Ziya Ekinci, 1925&#8217;te Lice&#8217;de dünyaya geldi. Türkçe&#8217;yi diğer arkadaşları gibi ilçenin tek ilkokulunda öğrendi. Ortaokulu ve liseyi Diyarbakır&#8217;da okudu. 1949&#8217;da İstanbul Tıp Fakültesi&#8217;nden mezun oldu. Mecburi hizmetini Siverek, Diyarbakır ve Lice&#8217;de tamamladı. İhtisas için bir süre Paris&#8217;te kaldı. 1957&#8217;de İç Hastalıklarda mütehassıs hekim olarak Diyarbakır&#8217;a yerleşti. Üç dönem Diyarbakır-Mardin-Siirt illeri Tabip Odası Başkanlığı yaptı. 1958&#8217;den 1980&#8217;e kadar TTB Merkez Konseyi Disiplin Kurulu üyeliği yaptı. </p>

<p>Tarık Ziya Ekinci, 1925&#8217;te Lice&#8217;de dünyaya geldi. Türkçe&#8217;yi diğer arkadaşları gibi ilçenin tek ilkokulunda öğrendi. Ortaokulu ve liseyi Diyarbakır&#8217;da okudu. 1949&#8217;da İstanbul Tıp Fakültesi&#8217;nden mezun oldu.<span class="excerpt-hellip"> […]</span></p>
