{"id":701439,"date":"2025-08-27T15:09:26","date_gmt":"2025-08-27T12:09:26","guid":{"rendered":"https:\/\/roveyayinevi.com.tr\/index.php\/urun\/iletisim-nedir\/"},"modified":"2026-03-03T02:18:22","modified_gmt":"2026-03-02T23:18:22","slug":"iletisim-nedir","status":"publish","type":"product","link":"https:\/\/roveyayinevi.com.tr\/index.php\/urun\/iletisim-nedir\/","title":{"rendered":"\u0130leti\u015fim Nedir?"},"content":{"rendered":"<p>Galatasaray \u00dcniversitesi \u00f6\u011fretim \u00fcyelerinden Prof. Dr. Merih Z\u0131ll\u0131o\u011flu, kendi deyi\u015fiyle, ileti\u015fim olgusunun temel kavramlar \u00e7er\u00e7evesinde, genel \u00f6zellikleri ve i\u015fleyi\u015f d\u00fczeni i\u00e7inde irdeliyor. \u00dcstelik bunu, bilimsel d\u00fczeyde ama bilimsel anlat\u0131m\u0131n kuruluk ve karma\u015f\u0131kl\u0131k tuza\u011f\u0131na d\u00fc\u015fmeden ba\u015far\u0131yor. Elinizdeki kitap bu y\u00f6n\u00fcyle, hem ileti\u015fim dal\u0131nda \u00f6\u011frenim g\u00f6renlerin, hem de konuyla ilgilenen herkesin yararlanabilece\u011fi bir kaynak kitap niteli\u011fi ta\u015f\u0131makta, T\u00fcrk\u00e7ede alan\u0131nda ilk say\u0131labilecek bu \u00e7al\u0131\u015fman\u0131n, ileti\u015fim konusunda ba\u015fka \u00e7al\u0131\u015fmalara \u00f6rnek olmas\u0131n\u0131 diliyorum. -Atilla \u00d6zk\u0131r\u0131ml\u0131 <\/p>\n","protected":false},"excerpt":{"rendered":"<p>Galatasaray \u00dcniversitesi \u00f6\u011fretim \u00fcyelerinden Prof. Dr. Merih Z\u0131ll\u0131o\u011flu, kendi deyi\u015fiyle, ileti\u015fim olgusunun temel kavramlar \u00e7er\u00e7evesinde, genel \u00f6zellikleri ve i\u015fleyi\u015f d\u00fczeni i\u00e7inde irdeliyor. \u00dcstelik bunu, bilimsel d\u00fczeyde<span class=\"excerpt-hellip\"> [\u2026]<\/span><\/p>\n","protected":false},"featured_media":0,"template":"","meta":{"_monsterinsights_skip_tracking":false,"_monsterinsights_sitenote_active":false,"_monsterinsights_sitenote_note":"","_monsterinsights_sitenote_category":0},"product_brand":[],"product_cat":[15983,13488],"product_tag":[],"class_list":{"0":"post-701439","1":"product","2":"type-product","3":"status-publish","5":"product_cat-iletisim-ve-medya","6":"product_cat-toplum-ve-insan","7":"pa_cilt-ciltsiz","8":"pa_tur-kitap","9":"pa_yayinevi-cem-yayinevi","10":"pa_yazar-merih-zillioglu","12":"first","13":"instock","14":"sale","15":"shipping-taxable","16":"purchasable","17":"product-type-simple"},"_links":{"self":[{"href":"https:\/\/roveyayinevi.com.tr\/index.php\/wp-json\/wp\/v2\/product\/701439","targetHints":{"allow":["GET"]}}],"collection":[{"href":"https:\/\/roveyayinevi.com.tr\/index.php\/wp-json\/wp\/v2\/product"}],"about":[{"href":"https:\/\/roveyayinevi.com.tr\/index.php\/wp-json\/wp\/v2\/types\/product"}],"wp:attachment":[{"href":"https:\/\/roveyayinevi.com.tr\/index.php\/wp-json\/wp\/v2\/media?parent=701439"}],"wp:term":[{"taxonomy":"product_brand","embeddable":true,"href":"https:\/\/roveyayinevi.com.tr\/index.php\/wp-json\/wp\/v2\/product_brand?post=701439"},{"taxonomy":"product_cat","embeddable":true,"href":"https:\/\/roveyayinevi.com.tr\/index.php\/wp-json\/wp\/v2\/product_cat?post=701439"},{"taxonomy":"product_tag","embeddable":true,"href":"https:\/\/roveyayinevi.com.tr\/index.php\/wp-json\/wp\/v2\/product_tag?post=701439"}],"curies":[{"name":"wp","href":"https:\/\/api.w.org\/{rel}","templated":true}]}}