{"id":701426,"date":"2025-08-27T15:08:26","date_gmt":"2025-08-27T12:08:26","guid":{"rendered":"https:\/\/roveyayinevi.com.tr\/index.php\/urun\/turkiye-tarihi-3-osmanli-devleti-1600-1908\/"},"modified":"2026-04-16T02:10:47","modified_gmt":"2026-04-15T23:10:47","slug":"turkiye-tarihi-3-osmanli-devleti-1600-1908","status":"publish","type":"product","link":"https:\/\/roveyayinevi.com.tr\/index.php\/urun\/turkiye-tarihi-3-osmanli-devleti-1600-1908\/","title":{"rendered":"T\u00fcrkiye Tarihi 3 Osmanl\u0131 Devleti 1600-1908"},"content":{"rendered":"<p>T\u00fcrkiye Tarihi, O\u011fuz Akkan ile Sina Ak\u015fin&#8217;in 1980 y\u0131l\u0131nda olu\u015fturduklar\u0131 bir tasar\u0131n\u0131n ve uzunca bir \u00e7al\u0131\u015fma ve haz\u0131rl\u0131k d\u00f6neminin \u00fcr\u00fcn\u00fcd\u00fcr. T\u00fcrkiye Tarihi 5 ciltten olu\u015fmaktad\u0131r. Her ciltte, d\u00f6nemin siyaset, iktisat, d\u00fc\u015f\u00fcnce, mimarl\u0131k ve sanat tarihleri ayr\u0131 b\u00f6l\u00fcmlerde incelenmektedir. 1. Cilt Osmanl\u0131 Devleti \u00f6ncesindeki T\u00fcrkleri ele almaktad\u0131r. 2. Cilt Osmanl\u0131 Tarihini 1600 y\u0131l\u0131na de\u011fin g\u00f6zden ge\u00e7irmektedir. 3. Cilt 1600-1908 y\u0131llar\u0131n\u0131 kaps\u0131yor. 4. Cilt 1908-1980 d\u00f6nemini inceliyor. 5. Cilt 1980-2003 d\u00f6nemini, yani \u015fimdiki T\u00fcrkiye&#8217;yi ele al\u0131yor. Sina Ak\u015fin yazarlar kadrosunu olu\u015fturmu\u015f ve yay\u0131n y\u00f6netmenli\u011fini \u00fcstlenmi\u015ftir. Siyaset Tarihi b\u00f6l\u00fcmlerinin yazarlar\u0131 \u00dcmit Hassan, Metin Kunt, Sina Ak\u015fin, Cemil Ko\u00e7ak, Hikmet \u00d6zdemir, B\u00fclent Tan\u00f6r&#8217;d\u00fcr. \u0130ktisat Tarihi b\u00f6l\u00fcmlerini Halil Berktay, Suraiya Faroqhi, Korkut Boratav, Zafer Toprak yazm\u0131\u015flard\u0131r. D\u00fc\u015f\u00fcnce Tarihi b\u00f6l\u00fcmleri \u00dcmit Hassan, H\u00fcseyin Yurdayd\u0131n, Sina Ak\u015fin, Selahattin Hilav, Murat Kato\u011flu taraf\u0131ndan kaleme al\u0131nm\u0131\u015ft\u0131r. Mimarl\u0131k ve Sanat Tarihi b\u00f6l\u00fcmlerinin tek yazar\u0131 Ayla \u00d6dekan&#8217;d\u0131r. Sina Ak\u015fin T\u00fcrkiye Tarihi&#8217;nin amac\u0131n\u0131 \u015f\u00f6yle a\u00e7\u0131klamaktad\u0131r.&#8221;&#8230;T\u00fcrkiye&#8217;de okullarda ve \u00fcniversitelerde okutulan tarih genellikle y\u00fczeysel bir tarihtir. Okullarda \u00f6\u011frenciler i\u00e7in tarih en \u00e7ekilmez, ezbere dayal\u0131, anlams\u0131z ders durumundad\u0131r. \u00dcniversite tarih b\u00f6l\u00fcmlerinin puanlar\u0131, yani tarih\u00e7ili\u011fe ra\u011fbet, \u00e7ok d\u00fc\u015f\u00fckt\u00fcr. Tarih, bir\u00e7oklar\u0131m\u0131z\u0131n g\u00f6z\u00fcnde ger\u00e7e\u011fin ara\u015ft\u0131r\u0131laca\u011f\u0131, heyecan verici bir bilim dal\u0131 de\u011fil, kabul edilmi\u015f belirli ideolojik ya da siyasal tutumlar\u0131 destekleyecek kan\u0131tlar\u0131n derlenece\u011fi bir alandan ibarettir. \u0130\u015fte biz, bu kitab\u0131n, \u00fclkemiz tarih\u00e7ili\u011fini hal-i pur melalinden kurtaramaya belkim\u00fctevazi bir katk\u0131s\u0131 olur diye d\u00fc\u015f\u00fcnd\u00fck.&#8221; Elinizdeki bu cilt Osmanl\u0131 Devleti&#8217;nin 1600-1908 d\u00f6nemindeki siyasal, iktisat, d\u00fc\u015f\u00fcnce ve bilim tarihi;mimarl\u0131k ve sanat tarihi i\u00e7in vazge\u00e7ilmez bir kaynakt\u0131r.<\/p>\n","protected":false},"excerpt":{"rendered":"<p>T\u00fcrkiye Tarihi, O\u011fuz Akkan ile Sina Ak\u015fin&#8217;in 1980 y\u0131l\u0131nda olu\u015fturduklar\u0131 bir tasar\u0131n\u0131n ve uzunca bir \u00e7al\u0131\u015fma ve haz\u0131rl\u0131k d\u00f6neminin \u00fcr\u00fcn\u00fcd\u00fcr. T\u00fcrkiye Tarihi 5 ciltten olu\u015fmaktad\u0131r. Her<span class=\"excerpt-hellip\"> [\u2026]<\/span><\/p>\n","protected":false},"featured_media":0,"template":"","meta":{"_monsterinsights_skip_tracking":false,"_monsterinsights_sitenote_active":false,"_monsterinsights_sitenote_note":"","_monsterinsights_sitenote_category":0},"product_brand":[],"product_cat":[13517,12304],"product_tag":[],"class_list":{"0":"post-701426","1":"product","2":"type-product","3":"status-publish","5":"product_cat-osmanli-tarihi","6":"product_cat-tarih","7":"pa_cilt-ciltsiz","8":"pa_tur-kitap","9":"pa_yayinevi-cem-yayinevi","10":"pa_yazar-sina-aksin","12":"first","13":"instock","14":"sale","15":"shipping-taxable","16":"purchasable","17":"product-type-simple"},"_links":{"self":[{"href":"https:\/\/roveyayinevi.com.tr\/index.php\/wp-json\/wp\/v2\/product\/701426","targetHints":{"allow":["GET"]}}],"collection":[{"href":"https:\/\/roveyayinevi.com.tr\/index.php\/wp-json\/wp\/v2\/product"}],"about":[{"href":"https:\/\/roveyayinevi.com.tr\/index.php\/wp-json\/wp\/v2\/types\/product"}],"wp:attachment":[{"href":"https:\/\/roveyayinevi.com.tr\/index.php\/wp-json\/wp\/v2\/media?parent=701426"}],"wp:term":[{"taxonomy":"product_brand","embeddable":true,"href":"https:\/\/roveyayinevi.com.tr\/index.php\/wp-json\/wp\/v2\/product_brand?post=701426"},{"taxonomy":"product_cat","embeddable":true,"href":"https:\/\/roveyayinevi.com.tr\/index.php\/wp-json\/wp\/v2\/product_cat?post=701426"},{"taxonomy":"product_tag","embeddable":true,"href":"https:\/\/roveyayinevi.com.tr\/index.php\/wp-json\/wp\/v2\/product_tag?post=701426"}],"curies":[{"name":"wp","href":"https:\/\/api.w.org\/{rel}","templated":true}]}}