{"id":701419,"date":"2025-08-27T15:08:23","date_gmt":"2025-08-27T12:08:23","guid":{"rendered":"https:\/\/roveyayinevi.com.tr\/index.php\/urun\/don-hikayeleri\/"},"modified":"2026-04-11T13:28:31","modified_gmt":"2026-04-11T10:28:31","slug":"don-hikayeleri","status":"publish","type":"product","link":"https:\/\/roveyayinevi.com.tr\/index.php\/urun\/don-hikayeleri\/","title":{"rendered":"Don Hikayeleri"},"content":{"rendered":"<p>1965 Nobel Edebiyat \u00d6d\u00fcl\u00fcn\u00fcn sahibi Mihail \u015eolohov, do\u011fup b\u00fcy\u00fcd\u00fc\u011f\u00fc Don b\u00f6lgesini anlatt\u0131\u011f\u0131 eserleriyle tan\u0131nmaktad\u0131r. Yazarl\u0131\u011fa hik\u00e2yeci olarak ba\u015flayan \u015eolohov\u2019un ilk kitab\u0131, Don Hik\u00e2yeleri\u2019dir. Kitab\u0131 olu\u015fturan hik\u00e2yeler, 1920li y\u0131llar\u0131n ilk yar\u0131s\u0131nda kaleme al\u0131nm\u0131\u015ft\u0131r. Dolay\u0131s\u0131yla Sovyet y\u00f6netiminin kurulu\u015f y\u0131llar\u0131n\u0131 ve ya\u015fanan \u0130\u00e7 Sava\u015f\u0131, birinci elden tan\u0131kl\u0131klarla yans\u0131tmaktad\u0131r. Ger\u00e7ek\u00e7i edebiyat\u0131n ba\u015fyap\u0131tlar\u0131ndan Don Hik\u00e2yeleri\u2019ni Mete Ergin\u2019in \u00e7evirisiyle sunuyoruz. <\/p>\n","protected":false},"excerpt":{"rendered":"<p>1965 Nobel Edebiyat \u00d6d\u00fcl\u00fcn\u00fcn sahibi Mihail \u015eolohov, do\u011fup b\u00fcy\u00fcd\u00fc\u011f\u00fc Don b\u00f6lgesini anlatt\u0131\u011f\u0131 eserleriyle tan\u0131nmaktad\u0131r. Yazarl\u0131\u011fa hik\u00e2yeci olarak ba\u015flayan \u015eolohov\u2019un ilk kitab\u0131, Don Hik\u00e2yeleri\u2019dir. Kitab\u0131 olu\u015fturan hik\u00e2yeler,<span class=\"excerpt-hellip\"> [\u2026]<\/span><\/p>\n","protected":false},"featured_media":0,"template":"","meta":{"_monsterinsights_skip_tracking":false,"_monsterinsights_sitenote_active":false,"_monsterinsights_sitenote_note":"","_monsterinsights_sitenote_category":0},"product_brand":[],"product_cat":[12291,12711],"product_tag":[],"class_list":{"0":"post-701419","1":"product","2":"type-product","3":"status-publish","5":"product_cat-edebiyat","6":"product_cat-roman-oyku","7":"pa_cilt-ciltsiz","8":"pa_tur-kitap","9":"pa_yayinevi-cem-yayinevi","10":"pa_yazar-mihail-aleksandrovic-solohov","12":"first","13":"instock","14":"sale","15":"shipping-taxable","16":"purchasable","17":"product-type-simple"},"_links":{"self":[{"href":"https:\/\/roveyayinevi.com.tr\/index.php\/wp-json\/wp\/v2\/product\/701419","targetHints":{"allow":["GET"]}}],"collection":[{"href":"https:\/\/roveyayinevi.com.tr\/index.php\/wp-json\/wp\/v2\/product"}],"about":[{"href":"https:\/\/roveyayinevi.com.tr\/index.php\/wp-json\/wp\/v2\/types\/product"}],"wp:attachment":[{"href":"https:\/\/roveyayinevi.com.tr\/index.php\/wp-json\/wp\/v2\/media?parent=701419"}],"wp:term":[{"taxonomy":"product_brand","embeddable":true,"href":"https:\/\/roveyayinevi.com.tr\/index.php\/wp-json\/wp\/v2\/product_brand?post=701419"},{"taxonomy":"product_cat","embeddable":true,"href":"https:\/\/roveyayinevi.com.tr\/index.php\/wp-json\/wp\/v2\/product_cat?post=701419"},{"taxonomy":"product_tag","embeddable":true,"href":"https:\/\/roveyayinevi.com.tr\/index.php\/wp-json\/wp\/v2\/product_tag?post=701419"}],"curies":[{"name":"wp","href":"https:\/\/api.w.org\/{rel}","templated":true}]}}