{"id":701413,"date":"2025-08-27T15:08:21","date_gmt":"2025-08-27T12:08:21","guid":{"rendered":"https:\/\/roveyayinevi.com.tr\/index.php\/urun\/cagdaslarinin-anilariyla-anton-cehov\/"},"modified":"2026-04-16T02:10:46","modified_gmt":"2026-04-15T23:10:46","slug":"cagdaslarinin-anilariyla-anton-cehov","status":"publish","type":"product","link":"https:\/\/roveyayinevi.com.tr\/index.php\/urun\/cagdaslarinin-anilariyla-anton-cehov\/","title":{"rendered":"\u00c7a\u011fda\u015flar\u0131n\u0131n An\u0131lar\u0131yla Anton \u00c7ehov"},"content":{"rendered":"<p>Elinizdeki kitap, Anton \u00c7ehov&#8217;un \u00e7a\u011fda\u015f\u0131 olan k\u00fclt\u00fcr ve sanat adamlar\u0131n\u0131n \u00c7ehov&#8217;la ilgili an\u0131lar\u0131n\u0131n toplam\u0131. Gorki, Stanislavski, Dan\u00e7enko, Kuprin ve Bunin gibi 27 sanat\u00e7\u0131n\u0131n i\u00e7tenlikle yazd\u0131klar\u0131 bu an\u0131larla \u00c7ehov&#8217;u daha yak\u0131ndan tan\u0131yoruz. Sovyetler Birli\u011fi&#8217;nde bir\u00e7ok kez bas\u0131lan   \u00c7a\u011fda\u015flar\u0131n\u0131n An\u0131lar\u0131yla Anton \u00c7ehov   adl\u0131 bu kitapla \u00c7ehov&#8217;un e\u015fsiz g\u00fczellikteki \u00f6yk\u00fc ve oyunlar\u0131n\u0131 nas\u0131l yazd\u0131\u011f\u0131n\u0131, dostlar\u0131, sanat adamlar\u0131 ve kalabal\u0131k bir aile ortam\u0131ndaki ya\u015fam\u0131yla, o d\u00f6nemin sanat ve k\u00fclt\u00fcr ili\u015fkilerini, d\u00f6nemin toplumsal geli\u015fmesiyle birlikte \u00f6\u011freniyoruz. <\/p>\n","protected":false},"excerpt":{"rendered":"<p>Elinizdeki kitap, Anton \u00c7ehov&#8217;un \u00e7a\u011fda\u015f\u0131 olan k\u00fclt\u00fcr ve sanat adamlar\u0131n\u0131n \u00c7ehov&#8217;la ilgili an\u0131lar\u0131n\u0131n toplam\u0131. Gorki, Stanislavski, Dan\u00e7enko, Kuprin ve Bunin gibi 27 sanat\u00e7\u0131n\u0131n i\u00e7tenlikle yazd\u0131klar\u0131 bu<span class=\"excerpt-hellip\"> [\u2026]<\/span><\/p>\n","protected":false},"featured_media":0,"template":"","meta":{"_monsterinsights_skip_tracking":false,"_monsterinsights_sitenote_active":false,"_monsterinsights_sitenote_note":"","_monsterinsights_sitenote_category":0},"product_brand":[],"product_cat":[13701,12291],"product_tag":[],"class_list":{"0":"post-701413","1":"product","2":"type-product","3":"status-publish","5":"product_cat-ani-mektup-gunluk","6":"product_cat-edebiyat","7":"pa_tur-kitap","8":"pa_yayinevi-cem-yayinevi","9":"pa_yazar-kolektif","11":"first","12":"instock","13":"sale","14":"shipping-taxable","15":"purchasable","16":"product-type-simple"},"_links":{"self":[{"href":"https:\/\/roveyayinevi.com.tr\/index.php\/wp-json\/wp\/v2\/product\/701413","targetHints":{"allow":["GET"]}}],"collection":[{"href":"https:\/\/roveyayinevi.com.tr\/index.php\/wp-json\/wp\/v2\/product"}],"about":[{"href":"https:\/\/roveyayinevi.com.tr\/index.php\/wp-json\/wp\/v2\/types\/product"}],"wp:attachment":[{"href":"https:\/\/roveyayinevi.com.tr\/index.php\/wp-json\/wp\/v2\/media?parent=701413"}],"wp:term":[{"taxonomy":"product_brand","embeddable":true,"href":"https:\/\/roveyayinevi.com.tr\/index.php\/wp-json\/wp\/v2\/product_brand?post=701413"},{"taxonomy":"product_cat","embeddable":true,"href":"https:\/\/roveyayinevi.com.tr\/index.php\/wp-json\/wp\/v2\/product_cat?post=701413"},{"taxonomy":"product_tag","embeddable":true,"href":"https:\/\/roveyayinevi.com.tr\/index.php\/wp-json\/wp\/v2\/product_tag?post=701413"}],"curies":[{"name":"wp","href":"https:\/\/api.w.org\/{rel}","templated":true}]}}