{"id":701397,"date":"2025-08-27T15:08:16","date_gmt":"2025-08-27T12:08:16","guid":{"rendered":"https:\/\/roveyayinevi.com.tr\/index.php\/urun\/demokrasisiz-demokrasi\/"},"modified":"2026-04-16T02:10:46","modified_gmt":"2026-04-15T23:10:46","slug":"demokrasisiz-demokrasi","status":"publish","type":"product","link":"https:\/\/roveyayinevi.com.tr\/index.php\/urun\/demokrasisiz-demokrasi\/","title":{"rendered":"Demokrasisiz Demokrasi"},"content":{"rendered":"<p>Demokrasi d\u00fc\u015f\u00fcncesi 1789 Frans\u0131z Devrimi\u2019nin \u00f6zg\u00fcrl\u00fck, e\u015fitlik ve karde\u015flik temel ilkeleriyle beslendi.  Kapitalizm, s\u0131n\u0131rs\u0131z ve denetimsiz serbest piyasa ekonomisiyle, \u00f6zg\u00fcrl\u00fck tutkusunun e\u015fitlik ve karde\u015flik erdemlerini yok etti\u011fini kan\u0131tlad\u0131. Ayn\u0131 \u015fekilde Sovyetik kom\u00fcnizm ise kat\u0131 e\u015fitlik uygulamalar\u0131 ile \u00f6zg\u00fcrl\u00fck ve karde\u015fli\u011fi bo\u011fdu. Karde\u015flik a\u015fk\u0131 olmaks\u0131z\u0131n \u00f6zg\u00fcrl\u00fck ve e\u015fitli\u011fin ya\u015fayamayaca\u011f\u0131 ortaya \u00e7\u0131kt\u0131. Karde\u015flik, yani insan haklar\u0131n\u0131n temel dayana\u011f\u0131\u2026  Demek ki karde\u015flik olmaks\u0131z\u0131n soyut demokrasiyi var etmek olanaks\u0131z. Demek ki karde\u015fli\u011fin yol g\u00f6sterdi\u011fi \u00f6zg\u00fcrl\u00fck ve e\u015fitlik anlay\u0131\u015f\u0131 gerekiyor insanl\u0131\u011fa. Yoksa b\u00fct\u00fcn demokrasiler demokrasisiz bir demokrasi karikat\u00fcr\u00fcne benzer.  T\u00fcrkiye\u2019de demokrasi i\u00e7in tam ba\u011f\u0131ms\u0131zl\u0131k gerekiyor. Toprak reformu yap\u0131l\u0131p \u015feyhlik ve derebeylik d\u00fczeni ile tarikatlar\u0131n egemenli\u011fi sona ermeden demokrasiyi in\u015fa etmek olanaks\u0131z. Bu olanaks\u0131zl\u0131\u011fa 1950\u2019den bu yana tan\u0131k olmaktay\u0131z. <\/p>\n","protected":false},"excerpt":{"rendered":"<p>Demokrasi d\u00fc\u015f\u00fcncesi 1789 Frans\u0131z Devrimi\u2019nin \u00f6zg\u00fcrl\u00fck, e\u015fitlik ve karde\u015flik temel ilkeleriyle beslendi. Kapitalizm, s\u0131n\u0131rs\u0131z ve denetimsiz serbest piyasa ekonomisiyle, \u00f6zg\u00fcrl\u00fck tutkusunun e\u015fitlik ve karde\u015flik erdemlerini yok<span class=\"excerpt-hellip\"> [\u2026]<\/span><\/p>\n","protected":false},"featured_media":0,"template":"","meta":{"_monsterinsights_skip_tracking":false,"_monsterinsights_sitenote_active":false,"_monsterinsights_sitenote_note":"","_monsterinsights_sitenote_category":0},"product_brand":[],"product_cat":[13059,12337],"product_tag":[],"class_list":{"0":"post-701397","1":"product","2":"type-product","3":"status-publish","5":"product_cat-diger-politika-siyaset","6":"product_cat-politika-siyaset","7":"pa_cilt-ciltsiz","8":"pa_tur-kitap","9":"pa_yayinevi-cumhuriyet-kitaplari","10":"pa_yazar-ozdemir-ince","12":"first","13":"instock","14":"sale","15":"shipping-taxable","16":"purchasable","17":"product-type-simple"},"_links":{"self":[{"href":"https:\/\/roveyayinevi.com.tr\/index.php\/wp-json\/wp\/v2\/product\/701397","targetHints":{"allow":["GET"]}}],"collection":[{"href":"https:\/\/roveyayinevi.com.tr\/index.php\/wp-json\/wp\/v2\/product"}],"about":[{"href":"https:\/\/roveyayinevi.com.tr\/index.php\/wp-json\/wp\/v2\/types\/product"}],"wp:attachment":[{"href":"https:\/\/roveyayinevi.com.tr\/index.php\/wp-json\/wp\/v2\/media?parent=701397"}],"wp:term":[{"taxonomy":"product_brand","embeddable":true,"href":"https:\/\/roveyayinevi.com.tr\/index.php\/wp-json\/wp\/v2\/product_brand?post=701397"},{"taxonomy":"product_cat","embeddable":true,"href":"https:\/\/roveyayinevi.com.tr\/index.php\/wp-json\/wp\/v2\/product_cat?post=701397"},{"taxonomy":"product_tag","embeddable":true,"href":"https:\/\/roveyayinevi.com.tr\/index.php\/wp-json\/wp\/v2\/product_tag?post=701397"}],"curies":[{"name":"wp","href":"https:\/\/api.w.org\/{rel}","templated":true}]}}