{"id":701377,"date":"2025-08-27T15:08:09","date_gmt":"2025-08-27T12:08:09","guid":{"rendered":"https:\/\/roveyayinevi.com.tr\/index.php\/urun\/beni-bekle-cicegi\/"},"modified":"2026-04-16T02:10:45","modified_gmt":"2026-04-15T23:10:45","slug":"beni-bekle-cicegi","status":"publish","type":"product","link":"https:\/\/roveyayinevi.com.tr\/index.php\/urun\/beni-bekle-cicegi\/","title":{"rendered":"Beni Bekle \u00c7i\u00e7e\u011fi"},"content":{"rendered":"<p>Mehmet G\u00fclerden, \u00fclkemizin K\u00fc\u00e7\u00fck Amerika olma sevdas\u0131na tutulduktan sonra ya\u015fad\u0131\u011f\u0131 ileri g\u00f6r\u00fcn\u00fc\u015fl\u00fc tersine d\u00f6n\u00fc\u015f\u00fcme, Adana \u00f6zelinde ayna tutan bir \u00e7a\u011f roman\u0131&#8230; Kendi deyi\u015fiyle faytoncular\u0131n piri \u0130dris Usta\u2019dan el alan, ata sevdal\u0131, faytonuna tutkun bir faytoncunun i\u015finin, ekme\u011finin elinden al\u0131nmas\u0131na umars\u0131zca ba\u015fkald\u0131r\u0131s\u0131n\u0131n \u00f6yk\u00fcs\u00fc&#8230; Ve bu \u00f6yk\u00fcn\u00fcn arkas\u0131nda Adana\u2019n\u0131n ya\u015fad\u0131\u011f\u0131 d\u00f6n\u00fc\u015f\u00fcm\u00fcn de&#8230; \ufffcTan\u0131t\u0131m Metni<\/p>\n","protected":false},"excerpt":{"rendered":"<p>Mehmet G\u00fclerden, \u00fclkemizin K\u00fc\u00e7\u00fck Amerika olma sevdas\u0131na tutulduktan sonra ya\u015fad\u0131\u011f\u0131 ileri g\u00f6r\u00fcn\u00fc\u015fl\u00fc tersine d\u00f6n\u00fc\u015f\u00fcme, Adana \u00f6zelinde ayna tutan bir \u00e7a\u011f roman\u0131&#8230; Kendi deyi\u015fiyle faytoncular\u0131n piri \u0130dris<span class=\"excerpt-hellip\"> [\u2026]<\/span><\/p>\n","protected":false},"featured_media":0,"template":"","meta":{"_monsterinsights_skip_tracking":false,"_monsterinsights_sitenote_active":false,"_monsterinsights_sitenote_note":"","_monsterinsights_sitenote_category":0},"product_brand":[],"product_cat":[12291,12292],"product_tag":[],"class_list":{"0":"post-701377","1":"product","2":"type-product","3":"status-publish","5":"product_cat-edebiyat","6":"product_cat-turk-edebiyati","7":"pa_tur-kitap","8":"pa_yayinevi-cumhuriyet-kitaplari","9":"pa_yazar-mehmet-guler","11":"first","12":"instock","13":"sale","14":"shipping-taxable","15":"purchasable","16":"product-type-simple"},"_links":{"self":[{"href":"https:\/\/roveyayinevi.com.tr\/index.php\/wp-json\/wp\/v2\/product\/701377","targetHints":{"allow":["GET"]}}],"collection":[{"href":"https:\/\/roveyayinevi.com.tr\/index.php\/wp-json\/wp\/v2\/product"}],"about":[{"href":"https:\/\/roveyayinevi.com.tr\/index.php\/wp-json\/wp\/v2\/types\/product"}],"wp:attachment":[{"href":"https:\/\/roveyayinevi.com.tr\/index.php\/wp-json\/wp\/v2\/media?parent=701377"}],"wp:term":[{"taxonomy":"product_brand","embeddable":true,"href":"https:\/\/roveyayinevi.com.tr\/index.php\/wp-json\/wp\/v2\/product_brand?post=701377"},{"taxonomy":"product_cat","embeddable":true,"href":"https:\/\/roveyayinevi.com.tr\/index.php\/wp-json\/wp\/v2\/product_cat?post=701377"},{"taxonomy":"product_tag","embeddable":true,"href":"https:\/\/roveyayinevi.com.tr\/index.php\/wp-json\/wp\/v2\/product_tag?post=701377"}],"curies":[{"name":"wp","href":"https:\/\/api.w.org\/{rel}","templated":true}]}}