{"id":701376,"date":"2025-08-27T15:08:09","date_gmt":"2025-08-27T12:08:09","guid":{"rendered":"https:\/\/roveyayinevi.com.tr\/index.php\/urun\/bego-dayinin-isligi\/"},"modified":"2026-04-16T02:10:45","modified_gmt":"2026-04-15T23:10:45","slug":"bego-dayinin-isligi","status":"publish","type":"product","link":"https:\/\/roveyayinevi.com.tr\/index.php\/urun\/bego-dayinin-isligi\/","title":{"rendered":"Bego Day\u0131n\u0131n Isl\u0131\u011f\u0131"},"content":{"rendered":"<p>\u0130smail G\u00fcm\u00fc\u015f, 50\u2019li y\u0131llarda edebiyata \u015fiirle ad\u0131m atm\u0131\u015f, ard\u0131ndan, edebiyat d\u00fcnyas\u0131nda \u00f6vg\u00fcler alan \u00f6yk\u00fcler yay\u0131nlam\u0131\u015f bir yazar;  resimlerinin i\u00e7ine \u00f6yk\u00fcler gizlemi\u015f  bir ressam&#8230; Cumhuriyet Kitaplar\u0131, yazar\u0131n  Bo\u015fnak T\u00fcrk\u00fcs\u00fc  adl\u0131 kitab\u0131n\u0131n ard\u0131ndan, bu kez de, Melih Cevdet Anday\u2019\u0131n dedi\u011fi gibi,  insana bak\u0131\u015f a\u00e7\u0131s\u0131n\u0131n evrensel niteli\u011fini bar\u0131nd\u0131ran \u00f6yk\u00fclerini ,  Bego Day\u0131n\u0131n Isl\u0131\u011f\u0131  ad\u0131yla okurla bulu\u015fturuyor. Yazar oya gibi i\u015fledi\u011fi bu \u00f6yk\u00fclerinde de, Bo\u015fnak g\u00f6\u00e7menlerini, sava\u015f y\u0131llar\u0131n\u0131n yoksunluklar\u0131n\u0131 ve ac\u0131lar\u0131n\u0131 anlatman\u0131n yan\u0131 s\u0131ra, insan\u0131n ya\u015fam\u0131n zorluklar\u0131yla m\u00fccadelesini, yaln\u0131zl\u0131\u011f\u0131n\u0131 ve tutunma \u00e7abas\u0131n\u0131 g\u00f6zler \u00f6n\u00fcne seriyor. <\/p>\n","protected":false},"excerpt":{"rendered":"<p>\u0130smail G\u00fcm\u00fc\u015f, 50\u2019li y\u0131llarda edebiyata \u015fiirle ad\u0131m atm\u0131\u015f, ard\u0131ndan, edebiyat d\u00fcnyas\u0131nda \u00f6vg\u00fcler alan \u00f6yk\u00fcler yay\u0131nlam\u0131\u015f bir yazar; resimlerinin i\u00e7ine \u00f6yk\u00fcler gizlemi\u015f bir ressam&#8230; Cumhuriyet Kitaplar\u0131, yazar\u0131n<span class=\"excerpt-hellip\"> [\u2026]<\/span><\/p>\n","protected":false},"featured_media":0,"template":"","meta":{"_monsterinsights_skip_tracking":false,"_monsterinsights_sitenote_active":false,"_monsterinsights_sitenote_note":"","_monsterinsights_sitenote_category":0},"product_brand":[],"product_cat":[12291,12292],"product_tag":[],"class_list":{"0":"post-701376","1":"product","2":"type-product","3":"status-publish","5":"product_cat-edebiyat","6":"product_cat-turk-edebiyati","7":"pa_tur-kitap","8":"pa_yayinevi-cumhuriyet-kitaplari","9":"pa_yazar-ismail-gumus","11":"first","12":"instock","13":"sale","14":"shipping-taxable","15":"purchasable","16":"product-type-simple"},"_links":{"self":[{"href":"https:\/\/roveyayinevi.com.tr\/index.php\/wp-json\/wp\/v2\/product\/701376","targetHints":{"allow":["GET"]}}],"collection":[{"href":"https:\/\/roveyayinevi.com.tr\/index.php\/wp-json\/wp\/v2\/product"}],"about":[{"href":"https:\/\/roveyayinevi.com.tr\/index.php\/wp-json\/wp\/v2\/types\/product"}],"wp:attachment":[{"href":"https:\/\/roveyayinevi.com.tr\/index.php\/wp-json\/wp\/v2\/media?parent=701376"}],"wp:term":[{"taxonomy":"product_brand","embeddable":true,"href":"https:\/\/roveyayinevi.com.tr\/index.php\/wp-json\/wp\/v2\/product_brand?post=701376"},{"taxonomy":"product_cat","embeddable":true,"href":"https:\/\/roveyayinevi.com.tr\/index.php\/wp-json\/wp\/v2\/product_cat?post=701376"},{"taxonomy":"product_tag","embeddable":true,"href":"https:\/\/roveyayinevi.com.tr\/index.php\/wp-json\/wp\/v2\/product_tag?post=701376"}],"curies":[{"name":"wp","href":"https:\/\/api.w.org\/{rel}","templated":true}]}}