{"id":701375,"date":"2025-08-27T15:08:08","date_gmt":"2025-08-27T12:08:08","guid":{"rendered":"https:\/\/roveyayinevi.com.tr\/index.php\/urun\/cumhuriyet-yazilari\/"},"modified":"2026-04-16T02:10:45","modified_gmt":"2026-04-15T23:10:45","slug":"cumhuriyet-yazilari","status":"publish","type":"product","link":"https:\/\/roveyayinevi.com.tr\/index.php\/urun\/cumhuriyet-yazilari\/","title":{"rendered":"Cumhuriyet Yaz\u0131lar\u0131"},"content":{"rendered":"<p>Elinizdeki yap\u0131t, Cumhuriyet\u2019te pazartesi g\u00fcnleri yay\u0131mlanan   Ankara Pazar\u0131   ba\u015fl\u0131kl\u0131 k\u00f6\u015fe yaz\u0131lar\u0131ndan se\u00e7ilen bir demettir. Politika, ekonomi, e\u011fitim, bilim ve k\u00fclt\u00fcr ba\u015fl\u0131klar\u0131 alt\u0131nda toplanan yaz\u0131lar, son on y\u0131l\u0131n bu konulardaki geli\u015fmelerini \u00f6zetliyor. <\/p>\n","protected":false},"excerpt":{"rendered":"<p>Elinizdeki yap\u0131t, Cumhuriyet\u2019te pazartesi g\u00fcnleri yay\u0131mlanan Ankara Pazar\u0131 ba\u015fl\u0131kl\u0131 k\u00f6\u015fe yaz\u0131lar\u0131ndan se\u00e7ilen bir demettir. Politika, ekonomi, e\u011fitim, bilim ve k\u00fclt\u00fcr ba\u015fl\u0131klar\u0131 alt\u0131nda toplanan yaz\u0131lar, son on<span class=\"excerpt-hellip\"> [\u2026]<\/span><\/p>\n","protected":false},"featured_media":0,"template":"","meta":{"_monsterinsights_skip_tracking":false,"_monsterinsights_sitenote_active":false,"_monsterinsights_sitenote_note":"","_monsterinsights_sitenote_category":0},"product_brand":[],"product_cat":[12337,14543],"product_tag":[],"class_list":{"0":"post-701375","1":"product","2":"type-product","3":"status-publish","5":"product_cat-politika-siyaset","6":"product_cat-turkiye-siyaseti-ve-politikasi","7":"pa_tur-kitap","8":"pa_yayinevi-cumhuriyet-kitaplari","9":"pa_yazar-yakup-kepenek","11":"first","12":"instock","13":"sale","14":"shipping-taxable","15":"purchasable","16":"product-type-simple"},"_links":{"self":[{"href":"https:\/\/roveyayinevi.com.tr\/index.php\/wp-json\/wp\/v2\/product\/701375","targetHints":{"allow":["GET"]}}],"collection":[{"href":"https:\/\/roveyayinevi.com.tr\/index.php\/wp-json\/wp\/v2\/product"}],"about":[{"href":"https:\/\/roveyayinevi.com.tr\/index.php\/wp-json\/wp\/v2\/types\/product"}],"wp:attachment":[{"href":"https:\/\/roveyayinevi.com.tr\/index.php\/wp-json\/wp\/v2\/media?parent=701375"}],"wp:term":[{"taxonomy":"product_brand","embeddable":true,"href":"https:\/\/roveyayinevi.com.tr\/index.php\/wp-json\/wp\/v2\/product_brand?post=701375"},{"taxonomy":"product_cat","embeddable":true,"href":"https:\/\/roveyayinevi.com.tr\/index.php\/wp-json\/wp\/v2\/product_cat?post=701375"},{"taxonomy":"product_tag","embeddable":true,"href":"https:\/\/roveyayinevi.com.tr\/index.php\/wp-json\/wp\/v2\/product_tag?post=701375"}],"curies":[{"name":"wp","href":"https:\/\/api.w.org\/{rel}","templated":true}]}}