{"id":701341,"date":"2025-08-27T15:07:58","date_gmt":"2025-08-27T12:07:58","guid":{"rendered":"https:\/\/roveyayinevi.com.tr\/index.php\/urun\/altin-saray\/"},"modified":"2026-04-16T02:10:45","modified_gmt":"2026-04-15T23:10:45","slug":"altin-saray","status":"publish","type":"product","link":"https:\/\/roveyayinevi.com.tr\/index.php\/urun\/altin-saray\/","title":{"rendered":"Alt\u0131n Saray"},"content":{"rendered":"<p>G\u00fclendam ile Serencam, birbirine d\u00fc\u015fman iki k\u00f6yde ya\u015fayan iki gen\u00e7tir. K\u00f6y a\u011falann\u0131n \u00e7eki\u015fmesi y\u00fcz\u00fcnden, k\u00f6y halk\u0131 birbirine d\u00fc\u015fman olmu\u015f, s\u0131n\u0131rda her g\u00fcn n\u00f6bet bekler. Bu n\u00f6betler s\u0131ras\u0131nda tan\u0131\u015f\u0131p birbirlerine derin bir sevgiyle ba\u011flanan G\u00fclendam ile Serencam, bu d\u00fc\u015fmanl\u0131\u011f\u0131 ortadan kald\u0131rmak i\u00e7in \u00e7abalarlar. Oysa k\u00f6yl\u00fcn\u00fcn birlik beraberlik i\u00e7inde olmas\u0131, o s\u0131rada yap\u0131lan ola\u011fan\u00fcst\u00fc bir ke\u015fifle kazan\u00e7 h\u0131rs\u0131na tutsak olanlar\u0131n hi\u00e7 i\u015fine gelmez. Bakal\u0131m sevginin g\u00fcc\u00fc yasaklar\u0131 a\u015fabilecek mi; bask\u0131 ve zul\u00fcm direnme g\u00fcc\u00fcn\u00fc getirecek mi; \u00e7\u0131kar pe\u015finde ko\u015fanlar ettiklerini bulacak m\u0131? <\/p>\n","protected":false},"excerpt":{"rendered":"<p>G\u00fclendam ile Serencam, birbirine d\u00fc\u015fman iki k\u00f6yde ya\u015fayan iki gen\u00e7tir. K\u00f6y a\u011falann\u0131n \u00e7eki\u015fmesi y\u00fcz\u00fcnden, k\u00f6y halk\u0131 birbirine d\u00fc\u015fman olmu\u015f, s\u0131n\u0131rda her g\u00fcn n\u00f6bet bekler. Bu n\u00f6betler<span class=\"excerpt-hellip\"> [\u2026]<\/span><\/p>\n","protected":false},"featured_media":0,"template":"","meta":{"_monsterinsights_skip_tracking":false,"_monsterinsights_sitenote_active":false,"_monsterinsights_sitenote_note":"","_monsterinsights_sitenote_category":0},"product_brand":[],"product_cat":[12274,12284],"product_tag":[],"class_list":{"0":"post-701341","1":"product","2":"type-product","3":"status-publish","5":"product_cat-cocuk-ve-genclik-kitaplari","6":"product_cat-hikayeler","7":"pa_tur-kitap","8":"pa_yayinevi-cumhuriyet-kitaplari","9":"pa_yazar-erol-toy","11":"first","12":"instock","13":"sale","14":"shipping-taxable","15":"purchasable","16":"product-type-simple"},"_links":{"self":[{"href":"https:\/\/roveyayinevi.com.tr\/index.php\/wp-json\/wp\/v2\/product\/701341","targetHints":{"allow":["GET"]}}],"collection":[{"href":"https:\/\/roveyayinevi.com.tr\/index.php\/wp-json\/wp\/v2\/product"}],"about":[{"href":"https:\/\/roveyayinevi.com.tr\/index.php\/wp-json\/wp\/v2\/types\/product"}],"wp:attachment":[{"href":"https:\/\/roveyayinevi.com.tr\/index.php\/wp-json\/wp\/v2\/media?parent=701341"}],"wp:term":[{"taxonomy":"product_brand","embeddable":true,"href":"https:\/\/roveyayinevi.com.tr\/index.php\/wp-json\/wp\/v2\/product_brand?post=701341"},{"taxonomy":"product_cat","embeddable":true,"href":"https:\/\/roveyayinevi.com.tr\/index.php\/wp-json\/wp\/v2\/product_cat?post=701341"},{"taxonomy":"product_tag","embeddable":true,"href":"https:\/\/roveyayinevi.com.tr\/index.php\/wp-json\/wp\/v2\/product_tag?post=701341"}],"curies":[{"name":"wp","href":"https:\/\/api.w.org\/{rel}","templated":true}]}}