{"id":701317,"date":"2025-08-27T15:07:50","date_gmt":"2025-08-27T12:07:50","guid":{"rendered":"https:\/\/roveyayinevi.com.tr\/index.php\/urun\/timbuktu\/"},"modified":"2026-04-16T02:10:44","modified_gmt":"2026-04-15T23:10:44","slug":"timbuktu","status":"publish","type":"product","link":"https:\/\/roveyayinevi.com.tr\/index.php\/urun\/timbuktu\/","title":{"rendered":"Timbuktu"},"content":{"rendered":"<p>\u201c\u0130\u015fte ben bunun hayalini kurdum Kemik Bey. D\u00fcnyay\u0131 daha iyi bir yer haline getirmenin hayalini. Ruhun kasvetli, karanl\u0131k kuytular\u0131na biraz olsun g\u00fczellik katmak istedim. Bunu bir ekmek k\u0131zart\u0131c\u0131s\u0131yla yapabilirsin, bir \u015fiirle yapabilirsin, elini bir yabanc\u0131ya uzatarak yapabilirsin. Nas\u0131l yapt\u0131\u011f\u0131n hi\u00e7 \u00f6nemli de\u011fil. D\u00fcnyay\u0131 buldu\u011fundan daha iyi bir durumda b\u0131rakmak. \u0130nsan\u0131n elinden gelecek en iyi \u015fey budur.\u201d   Timbuktu, Amerikan edebiyat\u0131n\u0131n en yarat\u0131c\u0131 yazarlar\u0131ndan Paul Auster\u2019\u0131n en dokunakl\u0131 roman\u0131 belki de. Yazar, okuru Brooklyn\u2019li evsiz barks\u0131z bir \u015fair olan Willy ve onun can yolda\u015f\u0131, s\u0131rda\u015f\u0131 Kemik Bey\u2019le birlikte bir insanl\u0131k yolculu\u011funa \u00e7\u0131kar\u0131yor.   \u201cPek \u00e7ok insan\u0131n k\u00f6pek muamelesi g\u00f6rd\u00fc\u011f\u00fc bu d\u00fcnyada, Paul Auster bir k\u00f6pe\u011fin \u00f6yk\u00fcs\u00fcn\u00fc anlatmay\u0131 se\u00e7mi\u015f. Bu k\u0131sa ve ola\u011fan\u00fcst\u00fc kitab\u0131 okurken Kemik Bey gibi d\u00fc\u015f\u00fcnmemizi, duyumsamam\u0131z\u0131, dahas\u0131 hayal etmemizi sa\u011flam\u0131\u015f. B\u00f6ylece kendi t\u00fcr\u00fcm\u00fcz\u00fcn d\u0131\u015f\u0131na \u00e7\u0131karak kendimize yepyeni bir g\u00f6zle, hayat\u0131m\u0131z\u0131 payla\u015ft\u0131\u011f\u0131m\u0131z bu sevecen ve yar\u0131 gizemli hayvan\u0131n g\u00f6z\u00fcnden bakmam\u0131za olanak tan\u0131m\u0131\u015f.\u201d Salman Rushdie <\/p>\n","protected":false},"excerpt":{"rendered":"<p>\u201c\u0130\u015fte ben bunun hayalini kurdum Kemik Bey. D\u00fcnyay\u0131 daha iyi bir yer haline getirmenin hayalini. Ruhun kasvetli, karanl\u0131k kuytular\u0131na biraz olsun g\u00fczellik katmak istedim. Bunu bir<span class=\"excerpt-hellip\"> [\u2026]<\/span><\/p>\n","protected":false},"featured_media":0,"template":"","meta":{"_monsterinsights_skip_tracking":false,"_monsterinsights_sitenote_active":false,"_monsterinsights_sitenote_note":"","_monsterinsights_sitenote_category":0},"product_brand":[],"product_cat":[12891,12291],"product_tag":[],"class_list":{"0":"post-701317","1":"product","2":"type-product","3":"status-publish","5":"product_cat-amerikan-edebiyati","6":"product_cat-edebiyat","7":"pa_cilt-ciltsiz","8":"pa_tur-kitap","9":"pa_yayinevi-can-yayinlari","10":"pa_yazar-paul-auster","12":"first","13":"instock","14":"sale","15":"shipping-taxable","16":"purchasable","17":"product-type-simple"},"_links":{"self":[{"href":"https:\/\/roveyayinevi.com.tr\/index.php\/wp-json\/wp\/v2\/product\/701317","targetHints":{"allow":["GET"]}}],"collection":[{"href":"https:\/\/roveyayinevi.com.tr\/index.php\/wp-json\/wp\/v2\/product"}],"about":[{"href":"https:\/\/roveyayinevi.com.tr\/index.php\/wp-json\/wp\/v2\/types\/product"}],"wp:attachment":[{"href":"https:\/\/roveyayinevi.com.tr\/index.php\/wp-json\/wp\/v2\/media?parent=701317"}],"wp:term":[{"taxonomy":"product_brand","embeddable":true,"href":"https:\/\/roveyayinevi.com.tr\/index.php\/wp-json\/wp\/v2\/product_brand?post=701317"},{"taxonomy":"product_cat","embeddable":true,"href":"https:\/\/roveyayinevi.com.tr\/index.php\/wp-json\/wp\/v2\/product_cat?post=701317"},{"taxonomy":"product_tag","embeddable":true,"href":"https:\/\/roveyayinevi.com.tr\/index.php\/wp-json\/wp\/v2\/product_tag?post=701317"}],"curies":[{"name":"wp","href":"https:\/\/api.w.org\/{rel}","templated":true}]}}