{"id":701299,"date":"2025-08-27T15:07:44","date_gmt":"2025-08-27T12:07:44","guid":{"rendered":"https:\/\/roveyayinevi.com.tr\/index.php\/urun\/tatarcik\/"},"modified":"2026-04-16T02:10:44","modified_gmt":"2026-04-15T23:10:44","slug":"tatarcik","status":"publish","type":"product","link":"https:\/\/roveyayinevi.com.tr\/index.php\/urun\/tatarcik\/","title":{"rendered":"Tatarc\u0131k"},"content":{"rendered":"<p>Ka\u015f u\u00e7lar\u0131 kalkarak, g\u00f6zler s\u00fcz\u00fclerek, dudaklar b\u00fck\u00fclerek her yeni \u015feyin a\u015fa\u011f\u0131l\u0131k, her k\u00f6hneli\u011fin kibarl\u0131k oldu\u011funu size s\u00f6yleyen bu adamlar\u0131n \u015fuurlar\u0131n\u0131n arkas\u0131nda yeni \u015feylere kar\u015f\u0131 gizli oldu\u011fu kadar kudretli bir meyil vard\u0131r. Bu meyil, do\u011frusunu s\u00f6ylemeli daha \u00e7ok kad\u0131nlardad\u0131r. \u0130stanbul\u2019a nadir inseler de mutlak arkalar\u0131nda moda bir manto, ba\u015flar\u0131nda yeni bir \u015fapka g\u00f6r\u00fcl\u00fcr. \u0130skarpinlerinin \u00f6k\u00e7esi birer kar\u0131\u015f, t\u0131rnaklar\u0131 k\u0131pk\u0131z\u0131ld\u0131r. Halide Edib Ad\u0131var, Cumhuriyet\u2019le birlikte h\u0131zlanan modernle\u015fmeyi, bunun yaratt\u0131\u011f\u0131 d\u00f6n\u00fc\u015f\u00fcm\u00fc anlatan romanlar\u0131nda \u00f6zellikle kad\u0131n kahramanlar\u0131 \u00f6ne \u00e7\u0131karm\u0131\u015ft\u0131. Sinekli Bakkal ve Zeyno\u2019nun O\u011flu romanlar\u0131n\u0131n devam\u0131 niteli\u011findeki Tatarc\u0131k, bir bal\u0131k\u00e7\u0131n\u0131n k\u0131z\u0131 olan L\u00e2le\u2019nin toplum hayat\u0131nda y\u00fckseli\u015fini konu edinen bir roman. Uzun bir zamandan beri yeni bask\u0131s\u0131 aranan Tatarc\u0131k\u2019\u0131n ilgiyle okunaca\u011f\u0131na inan\u0131yoruz.\ufffcTan\u0131t\u0131m Metni<\/p>\n","protected":false},"excerpt":{"rendered":"<p>Ka\u015f u\u00e7lar\u0131 kalkarak, g\u00f6zler s\u00fcz\u00fclerek, dudaklar b\u00fck\u00fclerek her yeni \u015feyin a\u015fa\u011f\u0131l\u0131k, her k\u00f6hneli\u011fin kibarl\u0131k oldu\u011funu size s\u00f6yleyen bu adamlar\u0131n \u015fuurlar\u0131n\u0131n arkas\u0131nda yeni \u015feylere kar\u015f\u0131 gizli oldu\u011fu<span class=\"excerpt-hellip\"> [\u2026]<\/span><\/p>\n","protected":false},"featured_media":0,"template":"","meta":{"_monsterinsights_skip_tracking":false,"_monsterinsights_sitenote_active":false,"_monsterinsights_sitenote_note":"","_monsterinsights_sitenote_category":0},"product_brand":[],"product_cat":[12274,20117],"product_tag":[],"class_list":{"0":"post-701299","1":"product","2":"type-product","3":"status-publish","5":"product_cat-cocuk-ve-genclik-kitaplari","6":"product_cat-turk-klasikleri","7":"pa_cilt-ciltsiz","8":"pa_tur-kitap","9":"pa_yayinevi-can-yayinlari","10":"pa_yazar-halide-edib-adivar","12":"first","13":"instock","14":"sale","15":"shipping-taxable","16":"purchasable","17":"product-type-simple"},"_links":{"self":[{"href":"https:\/\/roveyayinevi.com.tr\/index.php\/wp-json\/wp\/v2\/product\/701299","targetHints":{"allow":["GET"]}}],"collection":[{"href":"https:\/\/roveyayinevi.com.tr\/index.php\/wp-json\/wp\/v2\/product"}],"about":[{"href":"https:\/\/roveyayinevi.com.tr\/index.php\/wp-json\/wp\/v2\/types\/product"}],"wp:attachment":[{"href":"https:\/\/roveyayinevi.com.tr\/index.php\/wp-json\/wp\/v2\/media?parent=701299"}],"wp:term":[{"taxonomy":"product_brand","embeddable":true,"href":"https:\/\/roveyayinevi.com.tr\/index.php\/wp-json\/wp\/v2\/product_brand?post=701299"},{"taxonomy":"product_cat","embeddable":true,"href":"https:\/\/roveyayinevi.com.tr\/index.php\/wp-json\/wp\/v2\/product_cat?post=701299"},{"taxonomy":"product_tag","embeddable":true,"href":"https:\/\/roveyayinevi.com.tr\/index.php\/wp-json\/wp\/v2\/product_tag?post=701299"}],"curies":[{"name":"wp","href":"https:\/\/api.w.org\/{rel}","templated":true}]}}