{"id":701290,"date":"2025-08-27T15:07:41","date_gmt":"2025-08-27T12:07:41","guid":{"rendered":"https:\/\/roveyayinevi.com.tr\/index.php\/urun\/alevi-devletleri\/"},"modified":"2026-04-16T02:10:43","modified_gmt":"2026-04-15T23:10:43","slug":"alevi-devletleri","status":"publish","type":"product","link":"https:\/\/roveyayinevi.com.tr\/index.php\/urun\/alevi-devletleri\/","title":{"rendered":"Alevi Devletleri"},"content":{"rendered":"<p>\u0130lk bask\u0131da 868 y\u0131l\u0131nda ba\u015flatt\u0131\u011f\u0131m\u0131z bu \u00e7al\u0131\u015fmay\u0131 geli\u015ftirerek bir\u00e7ok yeni devlet eklemi\u015f ve ilk bask\u0131da ad\u0131 ge\u00e7en devletler hakk\u0131nda detayl\u0131 bilgilere inerek \u00e7al\u0131\u015fmay\u0131 tamamlamaya \u00e7al\u0131\u015ft\u0131k. \u0130lk bask\u0131da ele al\u0131nan 23 tane Alevi Devletine ek olarak 15 devlet daha ara\u015ft\u0131rmalarda bulunmu\u015f ve Alevi Devletlerinin say\u0131s\u0131 38&#8217;e \u00e7\u0131kart\u0131lm\u0131\u015ft\u0131r. Daha \u00f6nce kimsenin pek de dikkatini \u00e7ekmeyen \u0130mam Hasan&#8217;\u0131n torunu \u0130dris&#8217;in(\u0130mam Hasan&#8217;\u0131n o\u011flu Hasan-\u0131 M\u00fcsenna&#8217;n\u0131n \u0130dris) kurdu\u011fu \u0130drisiler devleti ve \u0130ran&#8217;da 864 y\u0131l\u0131nda \u0130mam Hasan soyundan gelenlerin kurdu\u011fu Alaviler Devleti de ara\u015ft\u0131rmaya dahil edilmi\u015f ve tarihte g\u00f6z ard\u0131 edilen bir konu g\u00fcn \u0131\u015f\u0131\u011f\u0131na \u00e7\u0131kart\u0131lm\u0131\u015ft\u0131r. \ufffcTan\u0131t\u0131m Metni<\/p>\n","protected":false},"excerpt":{"rendered":"<p>\u0130lk bask\u0131da 868 y\u0131l\u0131nda ba\u015flatt\u0131\u011f\u0131m\u0131z bu \u00e7al\u0131\u015fmay\u0131 geli\u015ftirerek bir\u00e7ok yeni devlet eklemi\u015f ve ilk bask\u0131da ad\u0131 ge\u00e7en devletler hakk\u0131nda detayl\u0131 bilgilere inerek \u00e7al\u0131\u015fmay\u0131 tamamlamaya \u00e7al\u0131\u015ft\u0131k. \u0130lk<span class=\"excerpt-hellip\"> [\u2026]<\/span><\/p>\n","protected":false},"featured_media":0,"template":"","meta":{"_monsterinsights_skip_tracking":false,"_monsterinsights_sitenote_active":false,"_monsterinsights_sitenote_note":"","_monsterinsights_sitenote_category":0},"product_brand":[],"product_cat":[12370,12304],"product_tag":[],"class_list":{"0":"post-701290","1":"product","2":"type-product","3":"status-publish","5":"product_cat-arastirma-inceleme","6":"product_cat-tarih","7":"pa_cilt-ciltsiz","8":"pa_tur-kitap","9":"pa_yayinevi-can-yayinlari-ali-adil-atalay","10":"pa_yazar-muharrem-ucar","12":"first","13":"instock","14":"sale","15":"shipping-taxable","16":"purchasable","17":"product-type-simple"},"_links":{"self":[{"href":"https:\/\/roveyayinevi.com.tr\/index.php\/wp-json\/wp\/v2\/product\/701290","targetHints":{"allow":["GET"]}}],"collection":[{"href":"https:\/\/roveyayinevi.com.tr\/index.php\/wp-json\/wp\/v2\/product"}],"about":[{"href":"https:\/\/roveyayinevi.com.tr\/index.php\/wp-json\/wp\/v2\/types\/product"}],"wp:attachment":[{"href":"https:\/\/roveyayinevi.com.tr\/index.php\/wp-json\/wp\/v2\/media?parent=701290"}],"wp:term":[{"taxonomy":"product_brand","embeddable":true,"href":"https:\/\/roveyayinevi.com.tr\/index.php\/wp-json\/wp\/v2\/product_brand?post=701290"},{"taxonomy":"product_cat","embeddable":true,"href":"https:\/\/roveyayinevi.com.tr\/index.php\/wp-json\/wp\/v2\/product_cat?post=701290"},{"taxonomy":"product_tag","embeddable":true,"href":"https:\/\/roveyayinevi.com.tr\/index.php\/wp-json\/wp\/v2\/product_tag?post=701290"}],"curies":[{"name":"wp","href":"https:\/\/api.w.org\/{rel}","templated":true}]}}