{"id":701261,"date":"2025-08-27T15:07:33","date_gmt":"2025-08-27T12:07:33","guid":{"rendered":"https:\/\/roveyayinevi.com.tr\/index.php\/urun\/boncuk-ben-cocukken-6\/"},"modified":"2026-04-05T02:12:26","modified_gmt":"2026-04-04T23:12:26","slug":"boncuk-ben-cocukken-6","status":"publish","type":"product","link":"https:\/\/roveyayinevi.com.tr\/index.php\/urun\/boncuk-ben-cocukken-6\/","title":{"rendered":"Boncuk Ben \u00c7ocukken &#8211; 6"},"content":{"rendered":"<p>Ba\u015f kahraman\u0131m\u0131z yine Muzaffer \u0130zg\u00fc&#8230; Yazar ile birlikte reng\u00e2renk \u015fapkas\u0131yla Boncuk\u2019a g\u00fclecek, yazar\u0131n kocaman bir bal\u0131k yakalamas\u0131na \u015fa\u015f\u0131racak, \u00e7izmesi ile d\u00fc\u015fman\u0131 ezmesi kar\u015f\u0131s\u0131nda gururlanacak ve \u00e7\u0131ra\u011f\u0131 Yako\u2019nun yapt\u0131klar\u0131 ile e\u011fleneceksiniz. \u00c7ocuklar\u0131n &#8220;yazar dede&#8221;si Muzaffer \u0130zg\u00fc\u2018den &#8220;Ben \u00c7ocukken&#8221; dizisinin 6. kitab\u0131; hem \u00e7ocuklara hem de \u00e7ocuklu\u011funu \u00f6zleyen yeti\u015fkinlere&#8230;<\/p>\n","protected":false},"excerpt":{"rendered":"<p>Ba\u015f kahraman\u0131m\u0131z yine Muzaffer \u0130zg\u00fc&#8230; Yazar ile birlikte reng\u00e2renk \u015fapkas\u0131yla Boncuk\u2019a g\u00fclecek, yazar\u0131n kocaman bir bal\u0131k yakalamas\u0131na \u015fa\u015f\u0131racak, \u00e7izmesi ile d\u00fc\u015fman\u0131 ezmesi kar\u015f\u0131s\u0131nda gururlanacak ve \u00e7\u0131ra\u011f\u0131<span class=\"excerpt-hellip\"> [\u2026]<\/span><\/p>\n","protected":false},"featured_media":0,"template":"","meta":{"_monsterinsights_skip_tracking":false,"_monsterinsights_sitenote_active":false,"_monsterinsights_sitenote_note":"","_monsterinsights_sitenote_category":0},"product_brand":[],"product_cat":[12275,12274],"product_tag":[],"class_list":{"0":"post-701261","1":"product","2":"type-product","3":"status-publish","5":"product_cat-6-12-yas-kitaplari","6":"product_cat-cocuk-ve-genclik-kitaplari","7":"pa_cilt-ciltsiz","8":"pa_tur-kitap","9":"pa_yayinevi-bilgi-yayinevi-cocuk","10":"pa_yazar-muzaffer-izgu","12":"first","13":"instock","14":"sale","15":"shipping-taxable","16":"purchasable","17":"product-type-simple"},"_links":{"self":[{"href":"https:\/\/roveyayinevi.com.tr\/index.php\/wp-json\/wp\/v2\/product\/701261","targetHints":{"allow":["GET"]}}],"collection":[{"href":"https:\/\/roveyayinevi.com.tr\/index.php\/wp-json\/wp\/v2\/product"}],"about":[{"href":"https:\/\/roveyayinevi.com.tr\/index.php\/wp-json\/wp\/v2\/types\/product"}],"wp:attachment":[{"href":"https:\/\/roveyayinevi.com.tr\/index.php\/wp-json\/wp\/v2\/media?parent=701261"}],"wp:term":[{"taxonomy":"product_brand","embeddable":true,"href":"https:\/\/roveyayinevi.com.tr\/index.php\/wp-json\/wp\/v2\/product_brand?post=701261"},{"taxonomy":"product_cat","embeddable":true,"href":"https:\/\/roveyayinevi.com.tr\/index.php\/wp-json\/wp\/v2\/product_cat?post=701261"},{"taxonomy":"product_tag","embeddable":true,"href":"https:\/\/roveyayinevi.com.tr\/index.php\/wp-json\/wp\/v2\/product_tag?post=701261"}],"curies":[{"name":"wp","href":"https:\/\/api.w.org\/{rel}","templated":true}]}}