{"id":701230,"date":"2025-08-27T15:06:33","date_gmt":"2025-08-27T12:06:33","guid":{"rendered":"https:\/\/roveyayinevi.com.tr\/index.php\/urun\/beyaz-mutluluk\/"},"modified":"2026-04-16T02:10:42","modified_gmt":"2026-04-15T23:10:42","slug":"beyaz-mutluluk","status":"publish","type":"product","link":"https:\/\/roveyayinevi.com.tr\/index.php\/urun\/beyaz-mutluluk\/","title":{"rendered":"Beyaz Mutluluk"},"content":{"rendered":"<p>Rilke&#8217;nin daha \u00f6nce yay\u0131nevimizden \u00e7\u0131kan Sanat \u00dcst\u00fcne , Gen\u00e7 Bir \u015eaire Mektuplar , Tanr\u0131dan \u00d6yk\u00fcler , C\u00e9zanne \u00dczerine Mektuplar , Auguste Rodin adl\u0131 kitaplar\u0131ndan sonra Beyaz Mutluluk adl\u0131 kitab\u0131n\u0131 sunuyoruz. Elinizdeki kitap, Rainer Maria Rilke&#8217;nin yazd\u0131\u011f\u0131 23 \u00f6yk\u00fcden olu\u015fuyor. K\u00e2muran \u015eipal&#8217;in titiz \u00e7evirisiyle T\u00fcrk\u00e7eye aktard\u0131\u011f\u0131 bu \u00f6yk\u00fclerini, okurlar\u0131m\u0131z taraf\u0131ndan ilgiyle kar\u015f\u0131lanaca\u011f\u0131n\u0131 umuyoruz. \ufffcTan\u0131t\u0131m Metni<\/p>\n","protected":false},"excerpt":{"rendered":"<p>Rilke&#8217;nin daha \u00f6nce yay\u0131nevimizden \u00e7\u0131kan Sanat \u00dcst\u00fcne , Gen\u00e7 Bir \u015eaire Mektuplar , Tanr\u0131dan \u00d6yk\u00fcler , C\u00e9zanne \u00dczerine Mektuplar , Auguste Rodin adl\u0131 kitaplar\u0131ndan sonra Beyaz<span class=\"excerpt-hellip\"> [\u2026]<\/span><\/p>\n","protected":false},"featured_media":0,"template":"","meta":{"_monsterinsights_skip_tracking":false,"_monsterinsights_sitenote_active":false,"_monsterinsights_sitenote_note":"","_monsterinsights_sitenote_category":0},"product_brand":[],"product_cat":[12782,12291],"product_tag":[],"class_list":{"0":"post-701230","1":"product","2":"type-product","3":"status-publish","5":"product_cat-alman-edebiyati","6":"product_cat-edebiyat","7":"pa_cilt-ciltsiz","8":"pa_tur-kitap","9":"pa_yayinevi-cem-yayinevi","10":"pa_yazar-rainer-maria-rilke","12":"first","13":"instock","14":"sale","15":"shipping-taxable","16":"purchasable","17":"product-type-simple"},"_links":{"self":[{"href":"https:\/\/roveyayinevi.com.tr\/index.php\/wp-json\/wp\/v2\/product\/701230","targetHints":{"allow":["GET"]}}],"collection":[{"href":"https:\/\/roveyayinevi.com.tr\/index.php\/wp-json\/wp\/v2\/product"}],"about":[{"href":"https:\/\/roveyayinevi.com.tr\/index.php\/wp-json\/wp\/v2\/types\/product"}],"wp:attachment":[{"href":"https:\/\/roveyayinevi.com.tr\/index.php\/wp-json\/wp\/v2\/media?parent=701230"}],"wp:term":[{"taxonomy":"product_brand","embeddable":true,"href":"https:\/\/roveyayinevi.com.tr\/index.php\/wp-json\/wp\/v2\/product_brand?post=701230"},{"taxonomy":"product_cat","embeddable":true,"href":"https:\/\/roveyayinevi.com.tr\/index.php\/wp-json\/wp\/v2\/product_cat?post=701230"},{"taxonomy":"product_tag","embeddable":true,"href":"https:\/\/roveyayinevi.com.tr\/index.php\/wp-json\/wp\/v2\/product_tag?post=701230"}],"curies":[{"name":"wp","href":"https:\/\/api.w.org\/{rel}","templated":true}]}}