{"id":701225,"date":"2025-08-27T15:06:31","date_gmt":"2025-08-27T12:06:31","guid":{"rendered":"https:\/\/roveyayinevi.com.tr\/index.php\/urun\/sinekli-bakkal\/"},"modified":"2026-04-16T02:10:42","modified_gmt":"2026-04-15T23:10:42","slug":"sinekli-bakkal","status":"publish","type":"product","link":"https:\/\/roveyayinevi.com.tr\/index.php\/urun\/sinekli-bakkal\/","title":{"rendered":"Sinekli Bakkal"},"content":{"rendered":"<p>Can Yay\u0131nlar\u0131, b\u00fcy\u00fck yazar, d\u00fc\u015f\u00fcn\u00fcr ve tarihsel ki\u015fili\u011fi ile T\u00fcrk kad\u0131n\u0131na \u00f6nderlik etmi\u015f eylem kad\u0131n\u0131 Halide Edib Ad\u0131var\u2019\u0131n b\u00fct\u00fcn yap\u0131tlar\u0131n\u0131 yeniden, \u00f6zenli bir bi\u00e7imde yay\u0131nlamaya ba\u015fl\u0131yor.Ad\u0131var\u2019\u0131n bug\u00fcne kadar defalarca bas\u0131lm\u0131\u015f, milyonlarca okur taraf\u0131ndan okunmu\u015f ve g\u00fcncelli\u011fini hi\u00e7 yitirmemi\u015f roman\u0131 Sinekli Bakkal, T\u00fcrk roman\u0131 i\u00e7erisinde \u00f6zel bir yere sahip. &#8220;Roman,&#8221; dendi\u011finde akl\u0131m\u0131za helen ilk kitaplardan biri olan bu yap\u0131t\u0131 Selim \u0130leri\u2019nin yazd\u0131\u011f\u0131 sons\u00f6z e\u015fli\u011finde sunuyoruz.Defalarca bas\u0131lm\u0131\u015f, ku\u015faklardan ku\u015faklara ula\u015fabilmi\u015f Sinekli Bakkal, II. Abd\u00fclhamid d\u00f6nemini bir ge\u00e7mi\u015f zaman dekoru \u00f6n\u00fcnde yans\u0131tarak, eskiden yeniye devral\u0131nmas\u0131 gereken k\u00fclt\u00fcr, sanat ve t\u00f6re de\u011ferleri \u00fczerinde durur. Bir anlamda, yazar ve eseri, tarihi s\u00fcreklilik aray\u0131\u015f\u0131 i\u00e7erisindedirler. <\/p>\n","protected":false},"excerpt":{"rendered":"<p>Can Yay\u0131nlar\u0131, b\u00fcy\u00fck yazar, d\u00fc\u015f\u00fcn\u00fcr ve tarihsel ki\u015fili\u011fi ile T\u00fcrk kad\u0131n\u0131na \u00f6nderlik etmi\u015f eylem kad\u0131n\u0131 Halide Edib Ad\u0131var\u2019\u0131n b\u00fct\u00fcn yap\u0131tlar\u0131n\u0131 yeniden, \u00f6zenli bir bi\u00e7imde yay\u0131nlamaya ba\u015fl\u0131yor.Ad\u0131var\u2019\u0131n<span class=\"excerpt-hellip\"> [\u2026]<\/span><\/p>\n","protected":false},"featured_media":0,"template":"","meta":{"_monsterinsights_skip_tracking":false,"_monsterinsights_sitenote_active":false,"_monsterinsights_sitenote_note":"","_monsterinsights_sitenote_category":0},"product_brand":[],"product_cat":[12274,20117],"product_tag":[],"class_list":{"0":"post-701225","1":"product","2":"type-product","3":"status-publish","5":"product_cat-cocuk-ve-genclik-kitaplari","6":"product_cat-turk-klasikleri","7":"pa_cilt-ciltsiz","8":"pa_tur-kitap","9":"pa_yayinevi-can-yayinlari","10":"pa_yazar-halide-edib-adivar","12":"first","13":"instock","14":"sale","15":"shipping-taxable","16":"purchasable","17":"product-type-simple"},"_links":{"self":[{"href":"https:\/\/roveyayinevi.com.tr\/index.php\/wp-json\/wp\/v2\/product\/701225","targetHints":{"allow":["GET"]}}],"collection":[{"href":"https:\/\/roveyayinevi.com.tr\/index.php\/wp-json\/wp\/v2\/product"}],"about":[{"href":"https:\/\/roveyayinevi.com.tr\/index.php\/wp-json\/wp\/v2\/types\/product"}],"wp:attachment":[{"href":"https:\/\/roveyayinevi.com.tr\/index.php\/wp-json\/wp\/v2\/media?parent=701225"}],"wp:term":[{"taxonomy":"product_brand","embeddable":true,"href":"https:\/\/roveyayinevi.com.tr\/index.php\/wp-json\/wp\/v2\/product_brand?post=701225"},{"taxonomy":"product_cat","embeddable":true,"href":"https:\/\/roveyayinevi.com.tr\/index.php\/wp-json\/wp\/v2\/product_cat?post=701225"},{"taxonomy":"product_tag","embeddable":true,"href":"https:\/\/roveyayinevi.com.tr\/index.php\/wp-json\/wp\/v2\/product_tag?post=701225"}],"curies":[{"name":"wp","href":"https:\/\/api.w.org\/{rel}","templated":true}]}}