{"id":701220,"date":"2025-08-27T15:06:30","date_gmt":"2025-08-27T12:06:30","guid":{"rendered":"https:\/\/roveyayinevi.com.tr\/index.php\/urun\/balim-kiz-dalim-ogul\/"},"modified":"2026-04-07T02:16:59","modified_gmt":"2026-04-06T23:16:59","slug":"balim-kiz-dalim-ogul","status":"publish","type":"product","link":"https:\/\/roveyayinevi.com.tr\/index.php\/urun\/balim-kiz-dalim-ogul\/","title":{"rendered":"Bal\u0131m K\u0131z Dal\u0131m O\u011ful"},"content":{"rendered":"<p>Ceyhun Atuf kansu&#8217;nun Bal\u0131m K\u0131z Dal\u0131m O\u011ful kitab\u0131, T\u00fcrkiye radyolar\u0131ndan yay\u0131mlanan \u201cAnadolu Alb\u00fcm\u00fc\u201dn\u00fcn t\u00fcm\u00fcd\u00fcr. Dinleyicilerce \u00e7ok sevilen bu konu\u015fmalar, Anadolu&#8217;yu tan\u0131tmada, sevdirmede ve g\u00fczel T\u00fcrk\u00e7enin sesini duyurmada \u00e7ocuklar\u0131m\u0131z\u0131 da etkileyecek, dinlendi\u011fi \u00f6l\u00e7\u00fcde sevilerek okunacakt\u0131r.\u201cBa\u011f\u0131ms\u0131zl\u0131kt\u0131r i\u00e7ti\u011fimiz, nisan g\u00fcl\u00fcd\u00fcr a\u00e7t\u0131\u011f\u0131m\u0131z ve de gezdik, g\u00f6rd\u00fck, dola\u015ft\u0131k, sorana, durana vatan da\u011flar\u0131ndan kekiktir sa\u00e7t\u0131\u011f\u0131m\u0131z: Koklayana bu yurttur, verilesi de\u011fil; insan bir sevdi mi, Anadolu anad\u0131r, karda\u015ft\u0131r, y\u00e2rd\u0131r hi\u00e7 ayr\u0131las\u0131 de\u011fil!\u201d<\/p>\n","protected":false},"excerpt":{"rendered":"<p>Ceyhun Atuf kansu&#8217;nun Bal\u0131m K\u0131z Dal\u0131m O\u011ful kitab\u0131, T\u00fcrkiye radyolar\u0131ndan yay\u0131mlanan \u201cAnadolu Alb\u00fcm\u00fc\u201dn\u00fcn t\u00fcm\u00fcd\u00fcr. Dinleyicilerce \u00e7ok sevilen bu konu\u015fmalar, Anadolu&#8217;yu tan\u0131tmada, sevdirmede ve g\u00fczel T\u00fcrk\u00e7enin sesini<span class=\"excerpt-hellip\"> [\u2026]<\/span><\/p>\n","protected":false},"featured_media":0,"template":"","meta":{"_monsterinsights_skip_tracking":false,"_monsterinsights_sitenote_active":false,"_monsterinsights_sitenote_note":"","_monsterinsights_sitenote_category":0},"product_brand":[],"product_cat":[12777,12291],"product_tag":[],"class_list":{"0":"post-701220","1":"product","2":"type-product","3":"status-publish","5":"product_cat-deneme","6":"product_cat-edebiyat","7":"pa_cilt-ciltsiz","8":"pa_tur-kitap","9":"pa_yayinevi-bilgi-yayinevi","10":"pa_yazar-ceyhun-atuf-kansu","12":"first","13":"instock","14":"sale","15":"shipping-taxable","16":"purchasable","17":"product-type-simple"},"_links":{"self":[{"href":"https:\/\/roveyayinevi.com.tr\/index.php\/wp-json\/wp\/v2\/product\/701220","targetHints":{"allow":["GET"]}}],"collection":[{"href":"https:\/\/roveyayinevi.com.tr\/index.php\/wp-json\/wp\/v2\/product"}],"about":[{"href":"https:\/\/roveyayinevi.com.tr\/index.php\/wp-json\/wp\/v2\/types\/product"}],"wp:attachment":[{"href":"https:\/\/roveyayinevi.com.tr\/index.php\/wp-json\/wp\/v2\/media?parent=701220"}],"wp:term":[{"taxonomy":"product_brand","embeddable":true,"href":"https:\/\/roveyayinevi.com.tr\/index.php\/wp-json\/wp\/v2\/product_brand?post=701220"},{"taxonomy":"product_cat","embeddable":true,"href":"https:\/\/roveyayinevi.com.tr\/index.php\/wp-json\/wp\/v2\/product_cat?post=701220"},{"taxonomy":"product_tag","embeddable":true,"href":"https:\/\/roveyayinevi.com.tr\/index.php\/wp-json\/wp\/v2\/product_tag?post=701220"}],"curies":[{"name":"wp","href":"https:\/\/api.w.org\/{rel}","templated":true}]}}