{"id":701206,"date":"2025-08-27T15:06:25","date_gmt":"2025-08-27T12:06:25","guid":{"rendered":"https:\/\/roveyayinevi.com.tr\/index.php\/urun\/aya-yolculuk-4\/"},"modified":"2026-04-16T02:10:42","modified_gmt":"2026-04-15T23:10:42","slug":"aya-yolculuk-4","status":"publish","type":"product","link":"https:\/\/roveyayinevi.com.tr\/index.php\/urun\/aya-yolculuk-4\/","title":{"rendered":"Ay&#8217;a Yolculuk"},"content":{"rendered":"<p>Jules Verne, Ay\u2019a Yolculuk\u2019ta, 1800\u2019l\u00fc y\u0131llar\u0131n ortalar\u0131nda insanlar\u0131n Ay\u2019a gitmek i\u00e7in neler yapt\u0131klar\u0131n\u0131, \u00f6yle esprili bir dille ve \u00f6yle ger\u00e7ek\u00e7i anlatm\u0131\u015f ki kitap boyunca kendinizi o ser\u00fcvenin bir par\u00e7as\u0131 gibi hissedeceksiniz. <\/p>\n","protected":false},"excerpt":{"rendered":"<p>Jules Verne, Ay\u2019a Yolculuk\u2019ta, 1800\u2019l\u00fc y\u0131llar\u0131n ortalar\u0131nda insanlar\u0131n Ay\u2019a gitmek i\u00e7in neler yapt\u0131klar\u0131n\u0131, \u00f6yle esprili bir dille ve \u00f6yle ger\u00e7ek\u00e7i anlatm\u0131\u015f ki kitap boyunca kendinizi o<span class=\"excerpt-hellip\"> [\u2026]<\/span><\/p>\n","protected":false},"featured_media":0,"template":"","meta":{"_monsterinsights_skip_tracking":false,"_monsterinsights_sitenote_active":false,"_monsterinsights_sitenote_note":"","_monsterinsights_sitenote_category":0},"product_brand":[],"product_cat":[12274,12284],"product_tag":[],"class_list":{"0":"post-701206","1":"product","2":"type-product","3":"status-publish","5":"product_cat-cocuk-ve-genclik-kitaplari","6":"product_cat-hikayeler","7":"pa_cilt-ciltsiz","8":"pa_tur-kitap","9":"pa_yayinevi-bilgi-yayinevi-cocuk","10":"pa_yazar-jules-verne","12":"first","13":"instock","14":"sale","15":"shipping-taxable","16":"purchasable","17":"product-type-simple"},"_links":{"self":[{"href":"https:\/\/roveyayinevi.com.tr\/index.php\/wp-json\/wp\/v2\/product\/701206","targetHints":{"allow":["GET"]}}],"collection":[{"href":"https:\/\/roveyayinevi.com.tr\/index.php\/wp-json\/wp\/v2\/product"}],"about":[{"href":"https:\/\/roveyayinevi.com.tr\/index.php\/wp-json\/wp\/v2\/types\/product"}],"wp:attachment":[{"href":"https:\/\/roveyayinevi.com.tr\/index.php\/wp-json\/wp\/v2\/media?parent=701206"}],"wp:term":[{"taxonomy":"product_brand","embeddable":true,"href":"https:\/\/roveyayinevi.com.tr\/index.php\/wp-json\/wp\/v2\/product_brand?post=701206"},{"taxonomy":"product_cat","embeddable":true,"href":"https:\/\/roveyayinevi.com.tr\/index.php\/wp-json\/wp\/v2\/product_cat?post=701206"},{"taxonomy":"product_tag","embeddable":true,"href":"https:\/\/roveyayinevi.com.tr\/index.php\/wp-json\/wp\/v2\/product_tag?post=701206"}],"curies":[{"name":"wp","href":"https:\/\/api.w.org\/{rel}","templated":true}]}}