{"id":701205,"date":"2025-08-27T15:06:25","date_gmt":"2025-08-27T12:06:25","guid":{"rendered":"https:\/\/roveyayinevi.com.tr\/index.php\/urun\/ben-araniyor\/"},"modified":"2026-04-16T02:10:41","modified_gmt":"2026-04-15T23:10:41","slug":"ben-araniyor","status":"publish","type":"product","link":"https:\/\/roveyayinevi.com.tr\/index.php\/urun\/ben-araniyor\/","title":{"rendered":"Ben Aran\u0131yor"},"content":{"rendered":"<p>Ben Aran\u0131yor adl\u0131 roman, beni, yap\u0131s\u0131ndan, kanavi\u00e7esinden, olay \u00f6rg\u00fcs\u00fcnden, ustal\u0131kl\u0131 kurgusundan \u00e7ok dilinin \u015fiirsel, ola\u011fan\u00fcst\u00fc g\u00fczelli\u011fiyle \u00e7arpt\u0131. Ben Aran\u0131yor roman\u0131, karanl\u0131ktan yak\u0131nan bir sanat\u00e7\u0131n\u0131n ayd\u0131nl\u0131\u011fa susam\u0131\u015fl\u0131\u011f\u0131n\u0131n bir belgeseli bence. Roman, asl\u0131nda  s\u0131la elinden  al\u0131nm\u0131\u015fl\u0131\u011f\u0131n gurbet \u00f6zlemini yans\u0131t\u0131yor bir bak\u0131ma,  karanl\u0131\u011f\u0131n en koyusunda bile  umudunu yitirmemek umuduyla. \u00c7\u00fcnk\u00fc sevmektir yazar\u0131n yurdu, \u00f6zlemi, ad\u0131na  g\u00fcl  dedi\u011fi bir yurt \u00f6zlemi. Sevgiyi g\u00fczelleyen bir simgedir yazar\u0131n g\u00f6nl\u00fcnde g\u00fcl, o g\u00fcl ki a\u015fk gelecek bitiverir, goncas\u0131ndan d\u0131\u015fa at\u0131l\u0131p kendini yaprak yaprak sevdal\u0131 g\u00f6n\u00fcllere sunar. D\u00fcnyay\u0131, evreni g\u00fcl h\u00fczn\u00fcyle yetkin \u015fair Y\u00fcksel Pazarkaya&#8217;ya merhaba diyorum. <\/p>\n","protected":false},"excerpt":{"rendered":"<p>Ben Aran\u0131yor adl\u0131 roman, beni, yap\u0131s\u0131ndan, kanavi\u00e7esinden, olay \u00f6rg\u00fcs\u00fcnden, ustal\u0131kl\u0131 kurgusundan \u00e7ok dilinin \u015fiirsel, ola\u011fan\u00fcst\u00fc g\u00fczelli\u011fiyle \u00e7arpt\u0131. Ben Aran\u0131yor roman\u0131, karanl\u0131ktan yak\u0131nan bir sanat\u00e7\u0131n\u0131n ayd\u0131nl\u0131\u011fa susam\u0131\u015fl\u0131\u011f\u0131n\u0131n<span class=\"excerpt-hellip\"> [\u2026]<\/span><\/p>\n","protected":false},"featured_media":0,"template":"","meta":{"_monsterinsights_skip_tracking":false,"_monsterinsights_sitenote_active":false,"_monsterinsights_sitenote_note":"","_monsterinsights_sitenote_category":0},"product_brand":[],"product_cat":[12291,12292],"product_tag":[],"class_list":{"0":"post-701205","1":"product","2":"type-product","3":"status-publish","5":"product_cat-edebiyat","6":"product_cat-turk-edebiyati","7":"pa_tur-kitap","8":"pa_yayinevi-cem-yayinevi","9":"pa_yazar-yuksel-pazarkaya","11":"first","12":"instock","13":"sale","14":"shipping-taxable","15":"purchasable","16":"product-type-simple"},"_links":{"self":[{"href":"https:\/\/roveyayinevi.com.tr\/index.php\/wp-json\/wp\/v2\/product\/701205","targetHints":{"allow":["GET"]}}],"collection":[{"href":"https:\/\/roveyayinevi.com.tr\/index.php\/wp-json\/wp\/v2\/product"}],"about":[{"href":"https:\/\/roveyayinevi.com.tr\/index.php\/wp-json\/wp\/v2\/types\/product"}],"wp:attachment":[{"href":"https:\/\/roveyayinevi.com.tr\/index.php\/wp-json\/wp\/v2\/media?parent=701205"}],"wp:term":[{"taxonomy":"product_brand","embeddable":true,"href":"https:\/\/roveyayinevi.com.tr\/index.php\/wp-json\/wp\/v2\/product_brand?post=701205"},{"taxonomy":"product_cat","embeddable":true,"href":"https:\/\/roveyayinevi.com.tr\/index.php\/wp-json\/wp\/v2\/product_cat?post=701205"},{"taxonomy":"product_tag","embeddable":true,"href":"https:\/\/roveyayinevi.com.tr\/index.php\/wp-json\/wp\/v2\/product_tag?post=701205"}],"curies":[{"name":"wp","href":"https:\/\/api.w.org\/{rel}","templated":true}]}}