{"id":701193,"date":"2025-08-27T15:06:21","date_gmt":"2025-08-27T12:06:21","guid":{"rendered":"https:\/\/roveyayinevi.com.tr\/index.php\/urun\/ataturku-gordum-ben-cocukken-1\/"},"modified":"2026-04-16T02:10:41","modified_gmt":"2026-04-15T23:10:41","slug":"ataturku-gordum-ben-cocukken-1","status":"publish","type":"product","link":"https:\/\/roveyayinevi.com.tr\/index.php\/urun\/ataturku-gordum-ben-cocukken-1\/","title":{"rendered":"Atat\u00fcrk\u2019\u00fc G\u00f6rd\u00fcm Ben \u00c7ocukken 1"},"content":{"rendered":"<p>Her kitab\u0131 severek okunan Muzaffer \u0130zg\u00fc, \u00e7ocuklar i\u00e7in yeni bir dizi haz\u0131rlad\u0131: Ben \u00e7ocukken. \u0130zg\u00fc\u2019n\u00fcn \u00e7ocuklu\u011funa ili\u015fkin \u00f6ylesine renkli ve ilgin\u00e7 an\u0131lar\u0131 var ki, bunlar \u00e7ocuklarla payla\u015fmadan edemedi.Okusunlar, \u00f6\u011frensinler, e\u011flensinler diye. Dizinin ilk kitab\u0131 Atat\u00fcrk\u2019\u00fc g\u00f6rd\u00fcm, alt\u0131 \u00f6yk\u00fcden olu\u015fuyor. \ufffcTan\u0131t\u0131m Metni<\/p>\n","protected":false},"excerpt":{"rendered":"<p>Her kitab\u0131 severek okunan Muzaffer \u0130zg\u00fc, \u00e7ocuklar i\u00e7in yeni bir dizi haz\u0131rlad\u0131: Ben \u00e7ocukken. \u0130zg\u00fc\u2019n\u00fcn \u00e7ocuklu\u011funa ili\u015fkin \u00f6ylesine renkli ve ilgin\u00e7 an\u0131lar\u0131 var ki, bunlar \u00e7ocuklarla<span class=\"excerpt-hellip\"> [\u2026]<\/span><\/p>\n","protected":false},"featured_media":0,"template":"","meta":{"_monsterinsights_skip_tracking":false,"_monsterinsights_sitenote_active":false,"_monsterinsights_sitenote_note":"","_monsterinsights_sitenote_category":0},"product_brand":[],"product_cat":[12274,12284],"product_tag":[],"class_list":{"0":"post-701193","1":"product","2":"type-product","3":"status-publish","5":"product_cat-cocuk-ve-genclik-kitaplari","6":"product_cat-hikayeler","7":"pa_cilt-ciltsiz","8":"pa_tur-kitap","9":"pa_yayinevi-bilgi-yayinevi-cocuk","10":"pa_yazar-muzaffer-izgu","12":"first","13":"instock","14":"sale","15":"shipping-taxable","16":"purchasable","17":"product-type-simple"},"_links":{"self":[{"href":"https:\/\/roveyayinevi.com.tr\/index.php\/wp-json\/wp\/v2\/product\/701193","targetHints":{"allow":["GET"]}}],"collection":[{"href":"https:\/\/roveyayinevi.com.tr\/index.php\/wp-json\/wp\/v2\/product"}],"about":[{"href":"https:\/\/roveyayinevi.com.tr\/index.php\/wp-json\/wp\/v2\/types\/product"}],"wp:attachment":[{"href":"https:\/\/roveyayinevi.com.tr\/index.php\/wp-json\/wp\/v2\/media?parent=701193"}],"wp:term":[{"taxonomy":"product_brand","embeddable":true,"href":"https:\/\/roveyayinevi.com.tr\/index.php\/wp-json\/wp\/v2\/product_brand?post=701193"},{"taxonomy":"product_cat","embeddable":true,"href":"https:\/\/roveyayinevi.com.tr\/index.php\/wp-json\/wp\/v2\/product_cat?post=701193"},{"taxonomy":"product_tag","embeddable":true,"href":"https:\/\/roveyayinevi.com.tr\/index.php\/wp-json\/wp\/v2\/product_tag?post=701193"}],"curies":[{"name":"wp","href":"https:\/\/api.w.org\/{rel}","templated":true}]}}