{"id":701097,"date":"2025-08-27T15:05:50","date_gmt":"2025-08-27T12:05:50","guid":{"rendered":"https:\/\/roveyayinevi.com.tr\/index.php\/urun\/michael-k-yasami-ve-yasadigi-donem\/"},"modified":"2026-04-16T02:10:11","modified_gmt":"2026-04-15T23:10:11","slug":"michael-k-yasami-ve-yasadigi-donem","status":"publish","type":"product","link":"https:\/\/roveyayinevi.com.tr\/index.php\/urun\/michael-k-yasami-ve-yasadigi-donem\/","title":{"rendered":"Michael K. Ya\u015fam\u0131 ve Ya\u015fad\u0131\u011f\u0131 D\u00f6nem"},"content":{"rendered":"<p>J. M. Coetzee \u2018nin romanlar\u0131nda kurdu\u011fu ikilemler, \u0131rk ayr\u0131m\u0131 ve s\u00f6m\u00fcrgecili\u011fin pen\u00e7esindeki G\u00fcney Afrika ger\u00e7ekli\u011finden temellenir, ama bireyin b\u00f6ylesi bir toplum i\u00e7indeki yabanc\u0131la\u015fmas\u0131 ve umursamazl\u0131\u011f\u0131n\u0131n derinliklerine y\u00f6nelir. 1983\u2019te Michael K. , 1999\u2019da da Utan\u00e7 adl\u0131 romanlar\u0131yla, \u0130ngiltere\u2019nin en sayg\u0131n edebiyat \u00f6d\u00fcl\u00fc Booker\u2019a iki kez de\u011fer g\u00f6r\u00fclen ilk yazar olan, 2004\u2019te de Nobel Edebiyat \u00d6d\u00fcl\u00fc\u2019n\u00fc alan Coetzee, Michael K: Ya\u015fam\u0131 ve Ya\u015fad\u0131\u011f\u0131 D\u00f6nem\u2018de hem bedensel hem de ussal bak\u0131mdan ayr\u0131ks\u0131 bir karakterin, anlayamad\u0131\u011f\u0131 ve denetleyemedi\u011fi ko\u015fullar kar\u015f\u0131s\u0131ndaki trajik ikilemini anlat\u0131yor. \u00d6yk\u00fcn\u00fcn kahraman\u0131 Michael K, Franz Kafka\u2019n\u0131n \u00e7ektikleri ac\u0131n\u0131n anlam\u0131n\u0131 hi\u00e7bir zaman \u00e7\u0131karamayan karakterlerinin soyundan geliyor. Coetzee, Siyah olsun, Beyaz olsun, kendi \u00e7ocuklar\u0131n\u0131 ba\u011f\u0131ml\u0131lara, asalaklara ve mahpuslara d\u00f6n\u00fc\u015ft\u00fcren G\u00fcney Afrika\u2019n\u0131n h\u00fczn\u00fcne sessiz bir a\u011f\u0131t yak\u0131yor. <\/p>\n","protected":false},"excerpt":{"rendered":"<p>J. M. Coetzee \u2018nin romanlar\u0131nda kurdu\u011fu ikilemler, \u0131rk ayr\u0131m\u0131 ve s\u00f6m\u00fcrgecili\u011fin pen\u00e7esindeki G\u00fcney Afrika ger\u00e7ekli\u011finden temellenir, ama bireyin b\u00f6ylesi bir toplum i\u00e7indeki yabanc\u0131la\u015fmas\u0131 ve umursamazl\u0131\u011f\u0131n\u0131n derinliklerine<span class=\"excerpt-hellip\"> [\u2026]<\/span><\/p>\n","protected":false},"featured_media":0,"template":"","meta":{"_monsterinsights_skip_tracking":false,"_monsterinsights_sitenote_active":false,"_monsterinsights_sitenote_note":"","_monsterinsights_sitenote_category":0},"product_brand":[],"product_cat":[13661,12291],"product_tag":[],"class_list":{"0":"post-701097","1":"product","2":"type-product","3":"status-publish","5":"product_cat-diger-ulke-edebiyatlari","6":"product_cat-edebiyat","7":"pa_cilt-ciltsiz","8":"pa_tur-kitap","9":"pa_yayinevi-can-yayinlari","10":"pa_yazar-j-m-coetzee","12":"first","13":"instock","14":"sale","15":"shipping-taxable","16":"purchasable","17":"product-type-simple"},"_links":{"self":[{"href":"https:\/\/roveyayinevi.com.tr\/index.php\/wp-json\/wp\/v2\/product\/701097","targetHints":{"allow":["GET"]}}],"collection":[{"href":"https:\/\/roveyayinevi.com.tr\/index.php\/wp-json\/wp\/v2\/product"}],"about":[{"href":"https:\/\/roveyayinevi.com.tr\/index.php\/wp-json\/wp\/v2\/types\/product"}],"wp:attachment":[{"href":"https:\/\/roveyayinevi.com.tr\/index.php\/wp-json\/wp\/v2\/media?parent=701097"}],"wp:term":[{"taxonomy":"product_brand","embeddable":true,"href":"https:\/\/roveyayinevi.com.tr\/index.php\/wp-json\/wp\/v2\/product_brand?post=701097"},{"taxonomy":"product_cat","embeddable":true,"href":"https:\/\/roveyayinevi.com.tr\/index.php\/wp-json\/wp\/v2\/product_cat?post=701097"},{"taxonomy":"product_tag","embeddable":true,"href":"https:\/\/roveyayinevi.com.tr\/index.php\/wp-json\/wp\/v2\/product_tag?post=701097"}],"curies":[{"name":"wp","href":"https:\/\/api.w.org\/{rel}","templated":true}]}}