{"id":701074,"date":"2025-08-27T15:05:43","date_gmt":"2025-08-27T12:05:43","guid":{"rendered":"https:\/\/roveyayinevi.com.tr\/index.php\/urun\/hazret-i-ali-11-necip-fazil-butun-eserleri\/"},"modified":"2026-04-16T02:10:11","modified_gmt":"2026-04-15T23:10:11","slug":"hazret-i-ali-11-necip-fazil-butun-eserleri","status":"publish","type":"product","link":"https:\/\/roveyayinevi.com.tr\/index.php\/urun\/hazret-i-ali-11-necip-fazil-butun-eserleri\/","title":{"rendered":"Hazret-i Ali : 11 &#8211; Necip Faz\u0131l B\u00fct\u00fcn Eserleri"},"content":{"rendered":"<p>Hazret-i Ali\u2019nin hayat\u0131&#8230; Bu m\u00fcbarek hayat\u0131n anlat\u0131m\u0131na ba\u011fl\u0131 olarak da, K\u0131rtas meselesinden itibaren, Allah Resul\u00fc\u2019n\u00fcn vefatlar\u0131ndan sonra ba\u015fg\u00f6steren ve gittik\u00e7e derinle\u015fip siyas\u00ee ve ard\u0131ndan itikad\u00ee mezhep ayr\u0131l\u0131klar\u0131na sebep olan olaylar\u0131n tahlili&#8230; \ufffcTan\u0131t\u0131m Metni<\/p>\n","protected":false},"excerpt":{"rendered":"<p>Hazret-i Ali\u2019nin hayat\u0131&#8230; Bu m\u00fcbarek hayat\u0131n anlat\u0131m\u0131na ba\u011fl\u0131 olarak da, K\u0131rtas meselesinden itibaren, Allah Resul\u00fc\u2019n\u00fcn vefatlar\u0131ndan sonra ba\u015fg\u00f6steren ve gittik\u00e7e derinle\u015fip siyas\u00ee ve ard\u0131ndan itikad\u00ee mezhep<span class=\"excerpt-hellip\"> [\u2026]<\/span><\/p>\n","protected":false},"featured_media":0,"template":"","meta":{"_monsterinsights_skip_tracking":false,"_monsterinsights_sitenote_active":false,"_monsterinsights_sitenote_note":"","_monsterinsights_sitenote_category":0},"product_brand":[],"product_cat":[13575,12718,12719],"product_tag":[],"class_list":{"0":"post-701074","1":"product","2":"type-product","3":"status-publish","5":"product_cat-alevilik-bektasilik","6":"product_cat-din","7":"product_cat-islam","8":"pa_tur-kitap","9":"pa_yayinevi-buyuk-dogu-yayinlari","10":"pa_yazar-necip-fazil-kisakurek","12":"first","13":"instock","14":"sale","15":"shipping-taxable","16":"purchasable","17":"product-type-simple"},"_links":{"self":[{"href":"https:\/\/roveyayinevi.com.tr\/index.php\/wp-json\/wp\/v2\/product\/701074","targetHints":{"allow":["GET"]}}],"collection":[{"href":"https:\/\/roveyayinevi.com.tr\/index.php\/wp-json\/wp\/v2\/product"}],"about":[{"href":"https:\/\/roveyayinevi.com.tr\/index.php\/wp-json\/wp\/v2\/types\/product"}],"wp:attachment":[{"href":"https:\/\/roveyayinevi.com.tr\/index.php\/wp-json\/wp\/v2\/media?parent=701074"}],"wp:term":[{"taxonomy":"product_brand","embeddable":true,"href":"https:\/\/roveyayinevi.com.tr\/index.php\/wp-json\/wp\/v2\/product_brand?post=701074"},{"taxonomy":"product_cat","embeddable":true,"href":"https:\/\/roveyayinevi.com.tr\/index.php\/wp-json\/wp\/v2\/product_cat?post=701074"},{"taxonomy":"product_tag","embeddable":true,"href":"https:\/\/roveyayinevi.com.tr\/index.php\/wp-json\/wp\/v2\/product_tag?post=701074"}],"curies":[{"name":"wp","href":"https:\/\/api.w.org\/{rel}","templated":true}]}}