{"id":701039,"date":"2025-08-27T15:05:31","date_gmt":"2025-08-27T12:05:31","guid":{"rendered":"https:\/\/roveyayinevi.com.tr\/index.php\/urun\/fildisi-karasi\/"},"modified":"2026-04-16T02:10:10","modified_gmt":"2026-04-15T23:10:10","slug":"fildisi-karasi","status":"publish","type":"product","link":"https:\/\/roveyayinevi.com.tr\/index.php\/urun\/fildisi-karasi\/","title":{"rendered":"Fildi\u015fi Karas\u0131"},"content":{"rendered":"<p>Fildi\u015fi Karas\u0131, gen\u00e7 yazar Yekta Kopan\u2019\u0131n ilk \u00f6yk\u00fc kitab\u0131. Yekta Kopan, \u2018Hayalet Gemi\u2019 dergisi okurlar\u0131n\u0131n yak\u0131ndan tan\u0131d\u0131\u011f\u0131 bir \u00f6yk\u00fcc\u00fc. Olays\u0131z \u00f6yk\u00fcye y\u00f6nelen pek \u00e7ok gen\u00e7 yazar\u0131n aksine, Yekta Kopan, \u00e7a\u011fda\u015f bir anlat\u0131m i\u00e7inde, olay\u0131 d\u0131\u015flamadan, hatta iyice vurgulayarak, klasik \u00f6yk\u00fcn\u00fcn izini s\u00fcr\u00fcyor. \u0130lgin\u00e7 konularla i\u015fledi\u011fi \u00f6yk\u00fcleri, yal\u0131n, dingin ve dengeli anlat\u0131mlar\u0131yla, ustal\u0131kla kullan\u0131lan, duru, p\u0131r\u0131l p\u0131r\u0131l T\u00fcrk\u00e7e\u2019siyle, daha bu ilk kitapta, donan\u0131ml\u0131 bir yazarla, nitelikli bir \u00f6yk\u00fcc\u00fcyle kar\u015f\u0131 kar\u015f\u0131ya oldu\u011fumuzu kan\u0131tl\u0131yor. Yekta Kopan\u2019\u0131n \u00f6yk\u00fclerinde insan ve insanl\u0131k halleri, a\u011f\u0131rl\u0131kl\u0131 olarak yer al\u0131yor. G\u00fcn\u00fcm\u00fcz toplumunda de\u011fi\u015fen de\u011fer yarg\u0131lar\u0131n\u0131, birbirine yabanc\u0131la\u015fan insanlar\u0131, uyumsuz evlilikleri, y\u00fcr\u00fcmeyen birliktelikleri ve b\u00fct\u00fcn bunlar\u0131 ya\u015fayan bireylerin konumlar\u0131n\u0131 son derece duyarl\u0131 bir g\u00f6zlem g\u00fcc\u00fcyle, son derece nesnel bir yakla\u015f\u0131mla verebiliyor. B\u00fct\u00fcn \u00f6yk\u00fclerde hissedilen buruk, h\u00fcz\u00fcnl\u00fc hava, s\u0131cac\u0131k bir anlat\u0131mla birle\u015fince, okurun \u00f6yk\u00fcye ve \u00f6yk\u00fc ki\u015filerine do\u011frudan yak\u0131nla\u015fmas\u0131n\u0131 sa\u011fl\u0131yor. Kendine \u00f6zg\u00fc bir \u00f6yk\u00fc evreni olu\u015fturmay\u0131 ba\u015faran Yekta Kopan\u2019\u0131n, bundan b\u00f6yle \u00e7a\u011fda\u015f T\u00fcrk \u00f6yk\u00fcc\u00fcleri aras\u0131nda ad\u0131ndan s\u00f6z ettirece\u011fi belli oluyor. \ufffcTan\u0131t\u0131m Metni<\/p>\n","protected":false},"excerpt":{"rendered":"<p>Fildi\u015fi Karas\u0131, gen\u00e7 yazar Yekta Kopan\u2019\u0131n ilk \u00f6yk\u00fc kitab\u0131. Yekta Kopan, \u2018Hayalet Gemi\u2019 dergisi okurlar\u0131n\u0131n yak\u0131ndan tan\u0131d\u0131\u011f\u0131 bir \u00f6yk\u00fcc\u00fc. Olays\u0131z \u00f6yk\u00fcye y\u00f6nelen pek \u00e7ok gen\u00e7 yazar\u0131n<span class=\"excerpt-hellip\"> [\u2026]<\/span><\/p>\n","protected":false},"featured_media":0,"template":"","meta":{"_monsterinsights_skip_tracking":false,"_monsterinsights_sitenote_active":false,"_monsterinsights_sitenote_note":"","_monsterinsights_sitenote_category":0},"product_brand":[],"product_cat":[12291,12711],"product_tag":[],"class_list":{"0":"post-701039","1":"product","2":"type-product","3":"status-publish","5":"product_cat-edebiyat","6":"product_cat-roman-oyku","7":"pa_cilt-ciltsiz","8":"pa_tur-kitap","9":"pa_yayinevi-can-yayinlari","10":"pa_yazar-yekta-kopan","12":"first","13":"instock","14":"sale","15":"shipping-taxable","16":"purchasable","17":"product-type-simple"},"_links":{"self":[{"href":"https:\/\/roveyayinevi.com.tr\/index.php\/wp-json\/wp\/v2\/product\/701039","targetHints":{"allow":["GET"]}}],"collection":[{"href":"https:\/\/roveyayinevi.com.tr\/index.php\/wp-json\/wp\/v2\/product"}],"about":[{"href":"https:\/\/roveyayinevi.com.tr\/index.php\/wp-json\/wp\/v2\/types\/product"}],"wp:attachment":[{"href":"https:\/\/roveyayinevi.com.tr\/index.php\/wp-json\/wp\/v2\/media?parent=701039"}],"wp:term":[{"taxonomy":"product_brand","embeddable":true,"href":"https:\/\/roveyayinevi.com.tr\/index.php\/wp-json\/wp\/v2\/product_brand?post=701039"},{"taxonomy":"product_cat","embeddable":true,"href":"https:\/\/roveyayinevi.com.tr\/index.php\/wp-json\/wp\/v2\/product_cat?post=701039"},{"taxonomy":"product_tag","embeddable":true,"href":"https:\/\/roveyayinevi.com.tr\/index.php\/wp-json\/wp\/v2\/product_tag?post=701039"}],"curies":[{"name":"wp","href":"https:\/\/api.w.org\/{rel}","templated":true}]}}