{"id":701038,"date":"2025-08-27T15:05:30","date_gmt":"2025-08-27T12:05:30","guid":{"rendered":"https:\/\/roveyayinevi.com.tr\/index.php\/urun\/erdal-oz-unutulmaz-bir-atli\/"},"modified":"2026-04-16T02:10:10","modified_gmt":"2026-04-15T23:10:10","slug":"erdal-oz-unutulmaz-bir-atli","status":"publish","type":"product","link":"https:\/\/roveyayinevi.com.tr\/index.php\/urun\/erdal-oz-unutulmaz-bir-atli\/","title":{"rendered":"Erdal \u00d6z &#8211; Unutulmaz Bir Atl\u0131"},"content":{"rendered":"<p>Son zamanlarda tuhaf bir duyguya kap\u0131lm\u0131\u015ft\u0131n. \u00d6v\u00fclmekten, \u00f6n plana \u00e7\u0131kar\u0131lmaktan pek ho\u015flanmad\u0131\u011f\u0131n halde, birka\u00e7 kez, seninle ilgili ho\u015f bir \u015fey dile getirildi\u011finde, \u201cYa \u00e7ocuklar, siz beni ger\u00e7ekten seviyorsunuz galiba!\u201d dedi\u011fini an\u0131ms\u0131yorum. \u201cTabii ki seviyoruz,\u201d yan\u0131t\u0131n\u0131 al\u0131nca da,\u201cNe iyi!\u201d diyordun.   Onca kalabal\u0131\u011fa ra\u011fmen, yaln\u0131z m\u0131 hissediyordun kendini, h\u00fcz\u00fcnleniyor muydun zaman zaman? Y\u0131llar ge\u00e7tik\u00e7e \u00e7\u0131kars\u0131z, dolamba\u00e7s\u0131z ili\u015fkilerin \u00f6zlemini daha \u00e7ok mu duymaya ba\u015flam\u0131\u015ft\u0131n yoksa?   Erdal \u00d6z \/ Unutulmaz Bir Atl\u0131, edebiyat\u0131m\u0131z\u0131n 50 ku\u015fa\u011f\u0131 yazarlar\u0131ndan, \u00f6yk\u00fcc\u00fc, romanc\u0131, yay\u0131nc\u0131 Erdal \u00d6z\u2019\u00fcn ya\u015fam\u00f6yk\u00fcs\u00fc. 27 May\u0131s d\u00f6neminde a dergisi\u2019ni \u00e7\u0131karan gen\u00e7 yazarlardan biri. 12 Mart\u2019a gelindi\u011finde ad\u0131n\u0131 iyice duyurmu\u015f bir \u00f6yk\u00fcc\u00fc, 68\u2019in \u00f6nde gelen eylemcileriyle kol kola bir devrimci, 12 Eyl\u00fcl\u2019de ve sonras\u0131nda da ba\u015f\u0131 dertten kurtulmayan bir yazar, yay\u0131nc\u0131. \u0130ni\u015fli \u00e7\u0131k\u0131\u015fl\u0131, soluk solu\u011fa bir ya\u015fam, onurlu, ba\u015f\u0131 dik bir ge\u00e7mi\u015f.   Usta \u00f6yk\u00fcc\u00fc Ay\u015fe Sar\u0131say\u0131n\u2019\u0131n kaleminden.   <\/p>\n","protected":false},"excerpt":{"rendered":"<p>Son zamanlarda tuhaf bir duyguya kap\u0131lm\u0131\u015ft\u0131n. \u00d6v\u00fclmekten, \u00f6n plana \u00e7\u0131kar\u0131lmaktan pek ho\u015flanmad\u0131\u011f\u0131n halde, birka\u00e7 kez, seninle ilgili ho\u015f bir \u015fey dile getirildi\u011finde, \u201cYa \u00e7ocuklar, siz beni<span class=\"excerpt-hellip\"> [\u2026]<\/span><\/p>\n","protected":false},"featured_media":0,"template":"","meta":{"_monsterinsights_skip_tracking":false,"_monsterinsights_sitenote_active":false,"_monsterinsights_sitenote_note":"","_monsterinsights_sitenote_category":0},"product_brand":[],"product_cat":[14009,12291],"product_tag":[],"class_list":{"0":"post-701038","1":"product","2":"type-product","3":"status-publish","5":"product_cat-biyografi-otobiyografi-edebiyat","6":"product_cat-edebiyat","7":"pa_cilt-ciltsiz","8":"pa_tur-kitap","9":"pa_yayinevi-can-yayinlari","10":"pa_yazar-ayse-sarisayin","12":"first","13":"instock","14":"sale","15":"shipping-taxable","16":"purchasable","17":"product-type-simple"},"_links":{"self":[{"href":"https:\/\/roveyayinevi.com.tr\/index.php\/wp-json\/wp\/v2\/product\/701038","targetHints":{"allow":["GET"]}}],"collection":[{"href":"https:\/\/roveyayinevi.com.tr\/index.php\/wp-json\/wp\/v2\/product"}],"about":[{"href":"https:\/\/roveyayinevi.com.tr\/index.php\/wp-json\/wp\/v2\/types\/product"}],"wp:attachment":[{"href":"https:\/\/roveyayinevi.com.tr\/index.php\/wp-json\/wp\/v2\/media?parent=701038"}],"wp:term":[{"taxonomy":"product_brand","embeddable":true,"href":"https:\/\/roveyayinevi.com.tr\/index.php\/wp-json\/wp\/v2\/product_brand?post=701038"},{"taxonomy":"product_cat","embeddable":true,"href":"https:\/\/roveyayinevi.com.tr\/index.php\/wp-json\/wp\/v2\/product_cat?post=701038"},{"taxonomy":"product_tag","embeddable":true,"href":"https:\/\/roveyayinevi.com.tr\/index.php\/wp-json\/wp\/v2\/product_tag?post=701038"}],"curies":[{"name":"wp","href":"https:\/\/api.w.org\/{rel}","templated":true}]}}