{"id":701030,"date":"2025-08-27T15:04:13","date_gmt":"2025-08-27T12:04:13","guid":{"rendered":"https:\/\/roveyayinevi.com.tr\/index.php\/urun\/eglence-baslasin\/"},"modified":"2025-11-22T03:16:25","modified_gmt":"2025-11-22T00:16:25","slug":"eglence-baslasin","status":"publish","type":"product","link":"https:\/\/roveyayinevi.com.tr\/index.php\/urun\/eglence-baslasin\/","title":{"rendered":"E\u011flence Ba\u015flas\u0131n"},"content":{"rendered":"<p>Y\u00fczy\u0131l\u0131n e\u011flencesine ho\u015f geldiniz. \u0130talya\u2019n\u0131n gayrimenkul zengini Sas\u00e0 Chiatti yeni sat\u0131n ald\u0131\u011f\u0131 Villa Ada\u2019da daha \u00f6nce e\u015fi benzeri g\u00f6r\u00fclmemi\u015f, s\u00fcrprizlerle dolu bir e\u011flence d\u00fczenlemeye karar verir. Y\u0131llarca onu g\u00f6rmezden gelerek k\u00fc\u00e7\u00fcmseyen elit kesime kendini kabul ettirme g\u00f6sterisidir bu. <\/p>\n","protected":false},"excerpt":{"rendered":"<p>Y\u00fczy\u0131l\u0131n e\u011flencesine ho\u015f geldiniz. \u0130talya\u2019n\u0131n gayrimenkul zengini Sas\u00e0 Chiatti yeni sat\u0131n ald\u0131\u011f\u0131 Villa Ada\u2019da daha \u00f6nce e\u015fi benzeri g\u00f6r\u00fclmemi\u015f, s\u00fcrprizlerle dolu bir e\u011flence d\u00fczenlemeye karar verir.<span class=\"excerpt-hellip\"> [\u2026]<\/span><\/p>\n","protected":false},"featured_media":0,"template":"","meta":{"_monsterinsights_skip_tracking":false,"_monsterinsights_sitenote_active":false,"_monsterinsights_sitenote_note":"","_monsterinsights_sitenote_category":0},"product_brand":[],"product_cat":[12291,14218],"product_tag":[],"class_list":{"0":"post-701030","1":"product","2":"type-product","3":"status-publish","5":"product_cat-edebiyat","6":"product_cat-italyan-edebiyati","7":"pa_cilt-ciltsiz","8":"pa_tur-kitap","9":"pa_yayinevi-can-yayinlari","10":"pa_yazar-niccolo-ammaniti","12":"first","13":"instock","14":"sale","15":"shipping-taxable","16":"purchasable","17":"product-type-simple"},"_links":{"self":[{"href":"https:\/\/roveyayinevi.com.tr\/index.php\/wp-json\/wp\/v2\/product\/701030","targetHints":{"allow":["GET"]}}],"collection":[{"href":"https:\/\/roveyayinevi.com.tr\/index.php\/wp-json\/wp\/v2\/product"}],"about":[{"href":"https:\/\/roveyayinevi.com.tr\/index.php\/wp-json\/wp\/v2\/types\/product"}],"wp:attachment":[{"href":"https:\/\/roveyayinevi.com.tr\/index.php\/wp-json\/wp\/v2\/media?parent=701030"}],"wp:term":[{"taxonomy":"product_brand","embeddable":true,"href":"https:\/\/roveyayinevi.com.tr\/index.php\/wp-json\/wp\/v2\/product_brand?post=701030"},{"taxonomy":"product_cat","embeddable":true,"href":"https:\/\/roveyayinevi.com.tr\/index.php\/wp-json\/wp\/v2\/product_cat?post=701030"},{"taxonomy":"product_tag","embeddable":true,"href":"https:\/\/roveyayinevi.com.tr\/index.php\/wp-json\/wp\/v2\/product_tag?post=701030"}],"curies":[{"name":"wp","href":"https:\/\/api.w.org\/{rel}","templated":true}]}}