{"id":701023,"date":"2025-08-27T15:04:10","date_gmt":"2025-08-27T12:04:10","guid":{"rendered":"https:\/\/roveyayinevi.com.tr\/index.php\/urun\/baskan-babamizin-sonbahari\/"},"modified":"2026-04-16T02:10:09","modified_gmt":"2026-04-15T23:10:09","slug":"baskan-babamizin-sonbahari","status":"publish","type":"product","link":"https:\/\/roveyayinevi.com.tr\/index.php\/urun\/baskan-babamizin-sonbahari\/","title":{"rendered":"Ba\u015fkan Babam\u0131z\u0131n Sonbahar\u0131"},"content":{"rendered":"<p>Ba\u015fkan Babam\u0131z\u0131n Sonbahar\u0131 , \u00f6lmek \u00fczere olan, ama bir t\u00fcrl\u00fc \u00f6lmek bilmeyen, ya\u015fama tutunmak ad\u0131na ne cinayetler i\u015fleyip ne kanlar d\u00f6ken bir diktat\u00f6r\u00fcn \u00f6yk\u00fcs\u00fcd\u00fcr. Roman\u0131n karma\u015f\u0131k \u00f6yk\u00fcs\u00fc, s\u00f6z\u00fc edilen \u00fclkedeki ya\u015fam\u0131n karma\u015f\u0131kl\u0131\u011f\u0131 ile atba\u015f\u0131 gider. \u00d6yle ki, Ba\u015fkan\u2019la ilgili an\u0131lar\u0131n\u0131 anlatanlar\u0131, yaln\u0131zca bir noktal\u0131 virg\u00fcl ay\u0131r\u0131r. Roman\u0131n sonunda yinelenen belli sahneleri birle\u015ftirerek, konu\u015fanlar\u0131n ya\u015fam \u00f6yk\u00fclerini b\u00fct\u00fcnleyebiliriz. Ba\u015fkan Babam\u0131z\u0131n Sonbahar\u0131 n\u0131 okurken, \u00e7a\u011f\u0131m\u0131zda s\u00fcr\u00fcp gelen umutsuzlukla, s\u00fcr\u00fcp gidecek olan umudun \u00f6yk\u00fcs\u00fcn\u00fc de izlemi\u015f oluyoruz. Bu arada yazar\u0131n, yine Latin Amerika edebiyat\u0131 gelene\u011fine ba\u011fl\u0131 kald\u0131\u011f\u0131n\u0131, birtak\u0131m \u2018tip\u2019ler arac\u0131l\u0131\u011f\u0131yla, yaln\u0131zca sevgisiz, zavall\u0131, bunak bir ba\u015fkan\u2019\u0131 de\u011fil, onu yaratan ger\u00e7ekd\u0131\u015f\u0131 d\u00fczeni yarg\u0131lama amac\u0131 da g\u00fctt\u00fc\u011f\u00fcn\u00fc g\u00f6r\u00fcyoruz. Kolombiyal\u0131 bu \u00fcnl\u00fc yazar, \u00e7oksatar yazarlar\u0131n deneyimlerinden de yararlan\u0131yor; b\u00f6ylece g\u00fcn\u00fcm\u00fczde \u015fiddet ve cinsellikle uyar\u0131lan okurun da ilgisini \u00e7ekmeyi ba\u015far\u0131yor. <\/p>\n","protected":false},"excerpt":{"rendered":"<p>Ba\u015fkan Babam\u0131z\u0131n Sonbahar\u0131 , \u00f6lmek \u00fczere olan, ama bir t\u00fcrl\u00fc \u00f6lmek bilmeyen, ya\u015fama tutunmak ad\u0131na ne cinayetler i\u015fleyip ne kanlar d\u00f6ken bir diktat\u00f6r\u00fcn \u00f6yk\u00fcs\u00fcd\u00fcr. Roman\u0131n karma\u015f\u0131k<span class=\"excerpt-hellip\"> [\u2026]<\/span><\/p>\n","protected":false},"featured_media":0,"template":"","meta":{"_monsterinsights_skip_tracking":false,"_monsterinsights_sitenote_active":false,"_monsterinsights_sitenote_note":"","_monsterinsights_sitenote_category":0},"product_brand":[],"product_cat":[12291,12711],"product_tag":[],"class_list":{"0":"post-701023","1":"product","2":"type-product","3":"status-publish","5":"product_cat-edebiyat","6":"product_cat-roman-oyku","7":"pa_cilt-ciltsiz","8":"pa_tur-kitap","9":"pa_yayinevi-can-yayinlari","10":"pa_yazar-gabriel-garcia-marquez","12":"first","13":"instock","14":"sale","15":"shipping-taxable","16":"purchasable","17":"product-type-simple"},"_links":{"self":[{"href":"https:\/\/roveyayinevi.com.tr\/index.php\/wp-json\/wp\/v2\/product\/701023","targetHints":{"allow":["GET"]}}],"collection":[{"href":"https:\/\/roveyayinevi.com.tr\/index.php\/wp-json\/wp\/v2\/product"}],"about":[{"href":"https:\/\/roveyayinevi.com.tr\/index.php\/wp-json\/wp\/v2\/types\/product"}],"wp:attachment":[{"href":"https:\/\/roveyayinevi.com.tr\/index.php\/wp-json\/wp\/v2\/media?parent=701023"}],"wp:term":[{"taxonomy":"product_brand","embeddable":true,"href":"https:\/\/roveyayinevi.com.tr\/index.php\/wp-json\/wp\/v2\/product_brand?post=701023"},{"taxonomy":"product_cat","embeddable":true,"href":"https:\/\/roveyayinevi.com.tr\/index.php\/wp-json\/wp\/v2\/product_cat?post=701023"},{"taxonomy":"product_tag","embeddable":true,"href":"https:\/\/roveyayinevi.com.tr\/index.php\/wp-json\/wp\/v2\/product_tag?post=701023"}],"curies":[{"name":"wp","href":"https:\/\/api.w.org\/{rel}","templated":true}]}}