{"id":701008,"date":"2025-08-27T15:04:05","date_gmt":"2025-08-27T12:04:05","guid":{"rendered":"https:\/\/roveyayinevi.com.tr\/index.php\/urun\/yanilsamalar-kitabi\/"},"modified":"2026-04-16T02:10:09","modified_gmt":"2026-04-15T23:10:09","slug":"yanilsamalar-kitabi","status":"publish","type":"product","link":"https:\/\/roveyayinevi.com.tr\/index.php\/urun\/yanilsamalar-kitabi\/","title":{"rendered":"Yan\u0131lsamalar Kitab\u0131"},"content":{"rendered":"<p>Kar\u0131s\u0131yla iki k\u00fc\u00e7\u00fck o\u011flunu bir u\u00e7ak kazas\u0131nda yitiren David Zimmer, ya\u015fayan bir \u00f6l\u00fcye d\u00f6n\u00fc\u015fm\u00fc\u015ft\u00fcr, kederini alkole g\u00f6merken g\u00fcnlerini kendine ac\u0131yarak ge\u00e7irmeyi s\u00fcrd\u00fcr\u00fcr. Bir gece televizyon izlerken, sessiz film d\u00f6neminin komedi oyuncular\u0131ndan Hector Mann \u00fczerine bir belgesele rastlay\u0131nca hayata bak\u0131\u015f\u0131 bir anda de\u011fi\u015fir. Altm\u0131\u015f y\u0131l \u00f6nce ans\u0131z\u0131n ortadan kaybolan ve o zamandan beri kendisinden haber al\u0131namayan bu gizemli oyuncunun filmlerinin pe\u015fine d\u00fc\u015fen, Avrupa ve Amerika&#8217;da dola\u015fan David, sonunda onun hakk\u0131nda bir kitap yazar. Kitap yay\u0131nland\u0131ktan hemen sonra ald\u0131\u011f\u0131 ve ba\u015fka bir d\u00fcnyadan gelmi\u015fe benzeyen ilgin\u00e7 bir mektupla hayat\u0131 geri d\u00f6n\u00fclmez bi\u00e7imde de\u011fi\u015fecektir.Soluk kesici bir tempoda ilerleyen bu \u015fa\u015f\u0131rt\u0131c\u0131 roman, okuru g\u00fcl\u00fcn\u00e7le trajik olan\u0131n, ger\u00e7ekle hayalin, \u015fiddetle yumu\u015fakl\u0131\u011f\u0131n birbirinin i\u00e7inde eridi\u011fi bir imgeler evreninde dola\u015ft\u0131r\u0131yor. \u00d6nceki romanlar\u0131nda oldu\u011fu gibi rastlant\u0131lar\u0131n insan ya\u015fam\u0131nda oynad\u0131\u011f\u0131 rol\u00fcn alt\u0131n\u0131 \u00e7izen, b\u00fct\u00fcn olaylar\u0131n birbirine ba\u011flan\u0131p \u00e7\u00f6z\u00fcld\u00fc\u011f\u00fc &#8220;Yan\u0131lsamalar Kitab\u0131&#8221;, Amerika&#8217;n\u0131n en g\u00fc\u00e7l\u00fc ve \u00f6zg\u00fcn yazarlar\u0131ndan Paul Auster&#8217;\u0131n, i\u00e7eri\u011fi en yo\u011fun, duygusal yan\u0131 en zengin romanlar\u0131n\u0131n ba\u015f\u0131nda geliyor. <\/p>\n","protected":false},"excerpt":{"rendered":"<p>Kar\u0131s\u0131yla iki k\u00fc\u00e7\u00fck o\u011flunu bir u\u00e7ak kazas\u0131nda yitiren David Zimmer, ya\u015fayan bir \u00f6l\u00fcye d\u00f6n\u00fc\u015fm\u00fc\u015ft\u00fcr, kederini alkole g\u00f6merken g\u00fcnlerini kendine ac\u0131yarak ge\u00e7irmeyi s\u00fcrd\u00fcr\u00fcr. Bir gece televizyon izlerken,<span class=\"excerpt-hellip\"> [\u2026]<\/span><\/p>\n","protected":false},"featured_media":0,"template":"","meta":{"_monsterinsights_skip_tracking":false,"_monsterinsights_sitenote_active":false,"_monsterinsights_sitenote_note":"","_monsterinsights_sitenote_category":0},"product_brand":[],"product_cat":[12891,12291],"product_tag":[],"class_list":{"0":"post-701008","1":"product","2":"type-product","3":"status-publish","5":"product_cat-amerikan-edebiyati","6":"product_cat-edebiyat","7":"pa_cilt-ciltsiz","8":"pa_tur-kitap","9":"pa_yayinevi-can-yayinlari","10":"pa_yazar-paul-auster","12":"first","13":"instock","14":"sale","15":"shipping-taxable","16":"purchasable","17":"product-type-simple"},"_links":{"self":[{"href":"https:\/\/roveyayinevi.com.tr\/index.php\/wp-json\/wp\/v2\/product\/701008","targetHints":{"allow":["GET"]}}],"collection":[{"href":"https:\/\/roveyayinevi.com.tr\/index.php\/wp-json\/wp\/v2\/product"}],"about":[{"href":"https:\/\/roveyayinevi.com.tr\/index.php\/wp-json\/wp\/v2\/types\/product"}],"wp:attachment":[{"href":"https:\/\/roveyayinevi.com.tr\/index.php\/wp-json\/wp\/v2\/media?parent=701008"}],"wp:term":[{"taxonomy":"product_brand","embeddable":true,"href":"https:\/\/roveyayinevi.com.tr\/index.php\/wp-json\/wp\/v2\/product_brand?post=701008"},{"taxonomy":"product_cat","embeddable":true,"href":"https:\/\/roveyayinevi.com.tr\/index.php\/wp-json\/wp\/v2\/product_cat?post=701008"},{"taxonomy":"product_tag","embeddable":true,"href":"https:\/\/roveyayinevi.com.tr\/index.php\/wp-json\/wp\/v2\/product_tag?post=701008"}],"curies":[{"name":"wp","href":"https:\/\/api.w.org\/{rel}","templated":true}]}}