{"id":700994,"date":"2025-08-27T15:04:00","date_gmt":"2025-08-27T12:04:00","guid":{"rendered":"https:\/\/roveyayinevi.com.tr\/index.php\/urun\/sporcu-milletiz-vesselam\/"},"modified":"2026-04-16T02:10:09","modified_gmt":"2026-04-15T23:10:09","slug":"sporcu-milletiz-vesselam","status":"publish","type":"product","link":"https:\/\/roveyayinevi.com.tr\/index.php\/urun\/sporcu-milletiz-vesselam\/","title":{"rendered":"Sporcu Milletiz Vesselam"},"content":{"rendered":"<p>Aziz Nesin, bu kez ye\u015fil sahalar\u0131n ve er meydan\u0131n\u0131n tozunu att\u0131r\u0131yor. &#8220;Sporcu Milletiz Vesselam&#8221;, Aziz Nesin&#8217;in futbol ve g\u00fcre\u015f yaz\u0131lar\u0131n\u0131 ilk kez kitap olarak okurla bulu\u015fturuyor. 1963-64 y\u0131llar\u0131nda futbol ma\u00e7lar\u0131na giderek izlenimlerini Ak\u015fam gazetesinde &#8220;Futbolcuyuz Futbolcu&#8221; ba\u015fl\u0131kl\u0131 k\u00f6\u015fesinden aktaran Nesin, elbette spor muhabirli\u011fiyle kalm\u0131yor. Bas\u0131n trib\u00fcn\u00fcnden de\u011fil halkla birlikte izledi\u011fi ma\u00e7lar \u00fczerinden yazd\u0131klar\u0131, s\u0131radan futbol yaz\u0131lar\u0131 olmaktan \u00e7\u0131k\u0131p futbolu, oyuncular\u0131, taraftar\u0131 ve toplumu ele\u015ftiren, alayc\u0131 ve e\u011flenceli yaz\u0131lara d\u00f6n\u00fc\u015f\u00fcyor. Nesin&#8217;in sonradan bir \u00f6zdeyi\u015f haline gelen &#8220;Ne Sa\u011fc\u0131y\u0131z Ne Solcu&#8221;, &#8220;Futbolcuyuz Futbolcu&#8221; altba\u015fl\u0131\u011f\u0131yla \u00e7\u0131kard\u0131\u011f\u0131 &#8220;Z\u00fcb\u00fck&#8221; gazetesinden se\u00e7ilmi\u015f yaz\u0131lar\u0131n\u0131, futbolla ilgili an\u0131lar\u0131yla \u00f6yk\u00fclerini de kitab\u0131n &#8220;Futbolcuyuz Futbolcu&#8221; b\u00f6l\u00fcm\u00fcnde bulacaks\u0131n\u0131z.<\/p>\n","protected":false},"excerpt":{"rendered":"<p>Aziz Nesin, bu kez ye\u015fil sahalar\u0131n ve er meydan\u0131n\u0131n tozunu att\u0131r\u0131yor. &#8220;Sporcu Milletiz Vesselam&#8221;, Aziz Nesin&#8217;in futbol ve g\u00fcre\u015f yaz\u0131lar\u0131n\u0131 ilk kez kitap olarak okurla bulu\u015fturuyor.<span class=\"excerpt-hellip\"> [\u2026]<\/span><\/p>\n","protected":false},"featured_media":0,"template":"","meta":{"_monsterinsights_skip_tracking":false,"_monsterinsights_sitenote_active":false,"_monsterinsights_sitenote_note":"","_monsterinsights_sitenote_category":0},"product_brand":[],"product_cat":[15563,15564],"product_tag":[],"class_list":{"0":"post-700994","1":"product","2":"type-product","3":"status-publish","5":"product_cat-hobi","6":"product_cat-spor","7":"pa_cilt-ciltsiz","8":"pa_tur-kitap","9":"pa_yayinevi-nesin-yayinlari","10":"pa_yazar-aziz-nesin","12":"first","13":"instock","14":"sale","15":"shipping-taxable","16":"purchasable","17":"product-type-simple"},"_links":{"self":[{"href":"https:\/\/roveyayinevi.com.tr\/index.php\/wp-json\/wp\/v2\/product\/700994","targetHints":{"allow":["GET"]}}],"collection":[{"href":"https:\/\/roveyayinevi.com.tr\/index.php\/wp-json\/wp\/v2\/product"}],"about":[{"href":"https:\/\/roveyayinevi.com.tr\/index.php\/wp-json\/wp\/v2\/types\/product"}],"wp:attachment":[{"href":"https:\/\/roveyayinevi.com.tr\/index.php\/wp-json\/wp\/v2\/media?parent=700994"}],"wp:term":[{"taxonomy":"product_brand","embeddable":true,"href":"https:\/\/roveyayinevi.com.tr\/index.php\/wp-json\/wp\/v2\/product_brand?post=700994"},{"taxonomy":"product_cat","embeddable":true,"href":"https:\/\/roveyayinevi.com.tr\/index.php\/wp-json\/wp\/v2\/product_cat?post=700994"},{"taxonomy":"product_tag","embeddable":true,"href":"https:\/\/roveyayinevi.com.tr\/index.php\/wp-json\/wp\/v2\/product_tag?post=700994"}],"curies":[{"name":"wp","href":"https:\/\/api.w.org\/{rel}","templated":true}]}}