{"id":700990,"date":"2025-08-27T15:03:58","date_gmt":"2025-08-27T12:03:58","guid":{"rendered":"https:\/\/roveyayinevi.com.tr\/index.php\/urun\/adanmak\/"},"modified":"2026-04-16T02:10:09","modified_gmt":"2026-04-15T23:10:09","slug":"adanmak","status":"publish","type":"product","link":"https:\/\/roveyayinevi.com.tr\/index.php\/urun\/adanmak\/","title":{"rendered":"Adanmak"},"content":{"rendered":"<p>Adanmak, T\u00fcrkiye&#8217;de benzeri gittik\u00e7e azalan kitaplardan biri; bir ba\u015far\u0131 \u00f6yk\u00fcs\u00fcn\u00fcn kahraman\u0131n\u0131n ya\u015fam\u0131na e\u011filen, unutulmas\u0131n\u0131n \u00f6n\u00fcne ge\u00e7meyi ama\u00e7layan bir \u00e7al\u0131\u015fma. <\/p>\n","protected":false},"excerpt":{"rendered":"<p>Adanmak, T\u00fcrkiye&#8217;de benzeri gittik\u00e7e azalan kitaplardan biri; bir ba\u015far\u0131 \u00f6yk\u00fcs\u00fcn\u00fcn kahraman\u0131n\u0131n ya\u015fam\u0131na e\u011filen, unutulmas\u0131n\u0131n \u00f6n\u00fcne ge\u00e7meyi ama\u00e7layan bir \u00e7al\u0131\u015fma.<\/p>\n","protected":false},"featured_media":0,"template":"","meta":{"_monsterinsights_skip_tracking":false,"_monsterinsights_sitenote_active":false,"_monsterinsights_sitenote_note":"","_monsterinsights_sitenote_category":0},"product_brand":[],"product_cat":[18545,12291],"product_tag":[],"class_list":{"0":"post-700990","1":"product","2":"type-product","3":"status-publish","5":"product_cat-anlati","6":"product_cat-edebiyat","7":"pa_cilt-ciltsiz","8":"pa_tur-kitap","9":"pa_yayinevi-can-yayinlari","10":"pa_yazar-ali-granit","12":"first","13":"instock","14":"sale","15":"shipping-taxable","16":"purchasable","17":"product-type-simple"},"_links":{"self":[{"href":"https:\/\/roveyayinevi.com.tr\/index.php\/wp-json\/wp\/v2\/product\/700990","targetHints":{"allow":["GET"]}}],"collection":[{"href":"https:\/\/roveyayinevi.com.tr\/index.php\/wp-json\/wp\/v2\/product"}],"about":[{"href":"https:\/\/roveyayinevi.com.tr\/index.php\/wp-json\/wp\/v2\/types\/product"}],"wp:attachment":[{"href":"https:\/\/roveyayinevi.com.tr\/index.php\/wp-json\/wp\/v2\/media?parent=700990"}],"wp:term":[{"taxonomy":"product_brand","embeddable":true,"href":"https:\/\/roveyayinevi.com.tr\/index.php\/wp-json\/wp\/v2\/product_brand?post=700990"},{"taxonomy":"product_cat","embeddable":true,"href":"https:\/\/roveyayinevi.com.tr\/index.php\/wp-json\/wp\/v2\/product_cat?post=700990"},{"taxonomy":"product_tag","embeddable":true,"href":"https:\/\/roveyayinevi.com.tr\/index.php\/wp-json\/wp\/v2\/product_tag?post=700990"}],"curies":[{"name":"wp","href":"https:\/\/api.w.org\/{rel}","templated":true}]}}