{"id":700987,"date":"2025-08-27T15:03:57","date_gmt":"2025-08-27T12:03:57","guid":{"rendered":"https:\/\/roveyayinevi.com.tr\/index.php\/urun\/constance-ya-da-yalnizliklar-avignon-beslisi-3\/"},"modified":"2026-04-16T02:10:08","modified_gmt":"2026-04-15T23:10:08","slug":"constance-ya-da-yalnizliklar-avignon-beslisi-3","status":"publish","type":"product","link":"https:\/\/roveyayinevi.com.tr\/index.php\/urun\/constance-ya-da-yalnizliklar-avignon-beslisi-3\/","title":{"rendered":"Constance ya da Yaln\u0131zl\u0131klar Avignon Be\u015flisi &#8211; 3"},"content":{"rendered":"<p>Hepimiz birbirimizin k\u0131r\u0131k par\u00e7alar\u0131y\u0131z.   G\u00fczel g\u00fcnler geride kald\u0131. D\u00fcnya, sava\u015f sanc\u0131lar\u0131 i\u00e7inde. Livia\u2019n\u0131n pastoral yaz\u0131 sona erdi. Vichy Fransa\u2019s\u0131n\u0131n Avignon\u2019unda, g\u00fcnden g\u00fcne \u00e7\u00fcr\u00fcyen bir \u015fatodaki Constance kocas\u0131n\u0131 ve arkada\u015flar\u0131n\u0131 kaybetmesine, Nazi sempatizan\u0131 k\u0131z karde\u015finin inat\u00e7\u0131 sapk\u0131nl\u0131\u011f\u0131na ra\u011fmen d\u00fcr\u00fcstl\u00fc\u011f\u00fcn\u00fc korumak i\u00e7in m\u00fccadele ediyor.   Avignon Be\u015flisi\u2019nin \u00fc\u00e7\u00fcnc\u00fc kitab\u0131 olan, krallar\u0131n ve papalar\u0131n antik kenti Avignon\u2019dan Do\u011fu Akdeniz\u2019in gizemli co\u011frafyas\u0131na uzanan Constance, sava\u015f\u0131n ve i\u015fgalin, yaln\u0131zl\u0131\u011f\u0131n ve \u00e7aresizli\u011fin hik\u00e2yesi.    \u201cDurrell ola\u011fan\u00fcst\u00fc yeteneklere sahip bir virt\u00fc\u00f6z.\u201d   The New York Times <\/p>\n","protected":false},"excerpt":{"rendered":"<p>Hepimiz birbirimizin k\u0131r\u0131k par\u00e7alar\u0131y\u0131z. G\u00fczel g\u00fcnler geride kald\u0131. D\u00fcnya, sava\u015f sanc\u0131lar\u0131 i\u00e7inde. Livia\u2019n\u0131n pastoral yaz\u0131 sona erdi. Vichy Fransa\u2019s\u0131n\u0131n Avignon\u2019unda, g\u00fcnden g\u00fcne \u00e7\u00fcr\u00fcyen bir \u015fatodaki Constance<span class=\"excerpt-hellip\"> [\u2026]<\/span><\/p>\n","protected":false},"featured_media":0,"template":"","meta":{"_monsterinsights_skip_tracking":false,"_monsterinsights_sitenote_active":false,"_monsterinsights_sitenote_note":"","_monsterinsights_sitenote_category":0},"product_brand":[],"product_cat":[12291,12866],"product_tag":[],"class_list":{"0":"post-700987","1":"product","2":"type-product","3":"status-publish","5":"product_cat-edebiyat","6":"product_cat-ingiliz-edebiyati","7":"pa_cilt-ciltsiz","8":"pa_tur-kitap","9":"pa_yayinevi-can-yayinlari","10":"pa_yazar-lawrence-durrell","12":"first","13":"instock","14":"sale","15":"shipping-taxable","16":"purchasable","17":"product-type-simple"},"_links":{"self":[{"href":"https:\/\/roveyayinevi.com.tr\/index.php\/wp-json\/wp\/v2\/product\/700987","targetHints":{"allow":["GET"]}}],"collection":[{"href":"https:\/\/roveyayinevi.com.tr\/index.php\/wp-json\/wp\/v2\/product"}],"about":[{"href":"https:\/\/roveyayinevi.com.tr\/index.php\/wp-json\/wp\/v2\/types\/product"}],"wp:attachment":[{"href":"https:\/\/roveyayinevi.com.tr\/index.php\/wp-json\/wp\/v2\/media?parent=700987"}],"wp:term":[{"taxonomy":"product_brand","embeddable":true,"href":"https:\/\/roveyayinevi.com.tr\/index.php\/wp-json\/wp\/v2\/product_brand?post=700987"},{"taxonomy":"product_cat","embeddable":true,"href":"https:\/\/roveyayinevi.com.tr\/index.php\/wp-json\/wp\/v2\/product_cat?post=700987"},{"taxonomy":"product_tag","embeddable":true,"href":"https:\/\/roveyayinevi.com.tr\/index.php\/wp-json\/wp\/v2\/product_tag?post=700987"}],"curies":[{"name":"wp","href":"https:\/\/api.w.org\/{rel}","templated":true}]}}