{"id":700981,"date":"2025-08-27T15:03:55","date_gmt":"2025-08-27T12:03:55","guid":{"rendered":"https:\/\/roveyayinevi.com.tr\/index.php\/urun\/ceza-kolonisinde\/"},"modified":"2026-04-16T02:10:08","modified_gmt":"2026-04-15T23:10:08","slug":"ceza-kolonisinde","status":"publish","type":"product","link":"https:\/\/roveyayinevi.com.tr\/index.php\/urun\/ceza-kolonisinde\/","title":{"rendered":"Ceza Kolonisinde"},"content":{"rendered":"<p>Ceza Kolonisi\u2019nde, \u00e7a\u011f\u0131m\u0131z insan\u0131n\u0131n kayg\u0131 ve korkular\u0131n\u0131, yaln\u0131zl\u0131\u011f\u0131n\u0131, kendi kendine yabanc\u0131la\u015fmas\u0131n\u0131, \u00e7evresiyle ileti\u015fimsizli\u011fini ustal\u0131kla dile getirmi\u015f olan Franz Kafka\u2019n\u0131n t\u00fcm anlat\u0131lar\u0131n\u0131 bir araya getiren bir \u00e7al\u0131\u015fman\u0131n ilk kitab\u0131. Anlat\u0131lar\u2019\u0131n bu ilk kitab\u0131, Kafka\u2019n\u0131n kitaplar\u0131nda yay\u0131nlad\u0131\u011f\u0131 anlat\u0131lar ile kitaplar\u0131nda yer almayan, ayr\u0131 ayr\u0131 yay\u0131nlanm\u0131\u015f anlat\u0131lar\u0131 dilimizde ilk kez bir arada sunuyor. Kafka\u2019n\u0131n yazd\u0131klar\u0131na farkl\u0131 ele\u015ftirmenlerce \u00e7ok farkl\u0131 yorumlar getirilmi\u015ftir. Kimilerince varolu\u015f\u00e7uluk ba\u011flam\u0131nda de\u011ferlendirilen Kafka\u2019da kimileri Marksist, kimileri Freudcu etkiler bulmu\u015flar, kimileri de onun yap\u0131tlar\u0131n\u0131n \u00f6z\u00fcnde ger\u00e7ek\u00fcst\u00fcc\u00fc bir mizah\u0131n yatt\u0131\u011f\u0131n\u0131 ileri s\u00fcrm\u00fc\u015flerdir. Ne var ki, Kafka\u2019n\u0131n belki de en belirleyici \u00f6zelli\u011fi, hi\u00e7bir kal\u0131ba girmemesi, hi\u00e7bir ak\u0131ma s\u0131\u011fmamas\u0131d\u0131r. Kafka, t\u00fcm yazd\u0131klar\u0131yla, 20. y\u00fczy\u0131l\u0131n en kendine \u00f6zg\u00fc yazarlar\u0131n\u0131n ba\u015f\u0131nda gelir. \ufffcTan\u0131t\u0131m Metni<\/p>\n","protected":false},"excerpt":{"rendered":"<p>Ceza Kolonisi\u2019nde, \u00e7a\u011f\u0131m\u0131z insan\u0131n\u0131n kayg\u0131 ve korkular\u0131n\u0131, yaln\u0131zl\u0131\u011f\u0131n\u0131, kendi kendine yabanc\u0131la\u015fmas\u0131n\u0131, \u00e7evresiyle ileti\u015fimsizli\u011fini ustal\u0131kla dile getirmi\u015f olan Franz Kafka\u2019n\u0131n t\u00fcm anlat\u0131lar\u0131n\u0131 bir araya getiren bir \u00e7al\u0131\u015fman\u0131n<span class=\"excerpt-hellip\"> [\u2026]<\/span><\/p>\n","protected":false},"featured_media":0,"template":"","meta":{"_monsterinsights_skip_tracking":false,"_monsterinsights_sitenote_active":false,"_monsterinsights_sitenote_note":"","_monsterinsights_sitenote_category":0},"product_brand":[],"product_cat":[12782,12291],"product_tag":[],"class_list":{"0":"post-700981","1":"product","2":"type-product","3":"status-publish","5":"product_cat-alman-edebiyati","6":"product_cat-edebiyat","7":"pa_cilt-ciltsiz","8":"pa_tur-kitap","9":"pa_yayinevi-can-yayinlari","10":"pa_yazar-franz-kafka","12":"first","13":"instock","14":"sale","15":"shipping-taxable","16":"purchasable","17":"product-type-simple"},"_links":{"self":[{"href":"https:\/\/roveyayinevi.com.tr\/index.php\/wp-json\/wp\/v2\/product\/700981","targetHints":{"allow":["GET"]}}],"collection":[{"href":"https:\/\/roveyayinevi.com.tr\/index.php\/wp-json\/wp\/v2\/product"}],"about":[{"href":"https:\/\/roveyayinevi.com.tr\/index.php\/wp-json\/wp\/v2\/types\/product"}],"wp:attachment":[{"href":"https:\/\/roveyayinevi.com.tr\/index.php\/wp-json\/wp\/v2\/media?parent=700981"}],"wp:term":[{"taxonomy":"product_brand","embeddable":true,"href":"https:\/\/roveyayinevi.com.tr\/index.php\/wp-json\/wp\/v2\/product_brand?post=700981"},{"taxonomy":"product_cat","embeddable":true,"href":"https:\/\/roveyayinevi.com.tr\/index.php\/wp-json\/wp\/v2\/product_cat?post=700981"},{"taxonomy":"product_tag","embeddable":true,"href":"https:\/\/roveyayinevi.com.tr\/index.php\/wp-json\/wp\/v2\/product_tag?post=700981"}],"curies":[{"name":"wp","href":"https:\/\/api.w.org\/{rel}","templated":true}]}}