{"id":700966,"date":"2025-08-27T15:03:50","date_gmt":"2025-08-27T12:03:50","guid":{"rendered":"https:\/\/roveyayinevi.com.tr\/index.php\/urun\/bulanti\/"},"modified":"2026-04-16T02:10:08","modified_gmt":"2026-04-15T23:10:08","slug":"bulanti","status":"publish","type":"product","link":"https:\/\/roveyayinevi.com.tr\/index.php\/urun\/bulanti\/","title":{"rendered":"Bulant\u0131"},"content":{"rendered":"<p>Bulant\u0131, 20. y\u00fczy\u0131l\u0131n en etkili d\u00fc\u015f\u00fcn\u00fcrlerinden Jean-Paul Sartre\u2019\u0131n ilk roman\u0131. Bireyin k\u00f6kten \u00f6zg\u00fcrl\u00fc\u011f\u00fcn\u00fc vurgulayan varolu\u015f\u00e7u ak\u0131m\u0131n s\u00f6zc\u00fcl\u00fc\u011f\u00fcn\u00fc \u00fcstlenen Sartre, ad\u0131n\u0131 1938\u2019de yay\u0131mlanan bu roman\u0131yla duyurmu\u015ftu. G\u00fcnl\u00fck bi\u00e7iminde yazd\u0131\u011f\u0131 bu kitab\u0131nda, roman\u0131n kahraman\u0131 Roquentin\u2019in d\u00fcnya kar\u015f\u0131s\u0131nda duydu\u011fu tiksintiyi anlat\u0131yordu. Bu tiksinti yaln\u0131zca d\u0131\u015f d\u00fcnyaya de\u011fil, Roquentin\u2019in kendi bedenine de y\u00f6nelikti. Kimi ele\u015ftirmenler roman\u0131 hastal\u0131kl\u0131 bir durumun, bir t\u00fcr nevrotik ka\u00e7\u0131\u015f\u0131n ifadesi olarak de\u011ferlendirse de Bulant\u0131, yans\u0131tt\u0131\u011f\u0131 g\u00fc\u00e7l\u00fc bireyci ve toplum kar\u015f\u0131t\u0131 d\u00fc\u015f\u00fcncelerle, sonradan Sartre\u2019\u0131n felsefesinin temellerini olu\u015fturacak bir\u00e7ok konuya yer veren \u00f6zg\u00fcn bir yap\u0131tt\u0131. \u201cVarolu\u015f\u201dla y\u00fcz y\u00fcze gelen Roquentin\u2019in ge\u00e7irdi\u011fi de\u011fi\u015fimi anlatan Bulant\u0131, varolu\u015f\u00e7ulu\u011fun k\u00fclt kitaplar\u0131ndan biri oldu. 20. y\u00fczy\u0131l roman sanat\u0131nda da \u00f6nemli bir yere sahip bu kitab\u0131, Sel\u00e2hattin Hil\u00e2v\u2019\u0131n usta \u00e7evirisiyle sunuyoruz. <\/p>\n","protected":false},"excerpt":{"rendered":"<p>Bulant\u0131, 20. y\u00fczy\u0131l\u0131n en etkili d\u00fc\u015f\u00fcn\u00fcrlerinden Jean-Paul Sartre\u2019\u0131n ilk roman\u0131. Bireyin k\u00f6kten \u00f6zg\u00fcrl\u00fc\u011f\u00fcn\u00fc vurgulayan varolu\u015f\u00e7u ak\u0131m\u0131n s\u00f6zc\u00fcl\u00fc\u011f\u00fcn\u00fc \u00fcstlenen Sartre, ad\u0131n\u0131 1938\u2019de yay\u0131mlanan bu roman\u0131yla duyurmu\u015ftu. G\u00fcnl\u00fck<span class=\"excerpt-hellip\"> [\u2026]<\/span><\/p>\n","protected":false},"featured_media":0,"template":"","meta":{"_monsterinsights_skip_tracking":false,"_monsterinsights_sitenote_active":false,"_monsterinsights_sitenote_note":"","_monsterinsights_sitenote_category":0},"product_brand":[],"product_cat":[12291,13376],"product_tag":[],"class_list":{"0":"post-700966","1":"product","2":"type-product","3":"status-publish","5":"product_cat-edebiyat","6":"product_cat-fransiz-edebiyati","7":"pa_cilt-ciltsiz","8":"pa_tur-kitap","9":"pa_yayinevi-can-yayinlari","10":"pa_yazar-jean-paul-sartre","12":"first","13":"instock","14":"sale","15":"shipping-taxable","16":"purchasable","17":"product-type-simple"},"_links":{"self":[{"href":"https:\/\/roveyayinevi.com.tr\/index.php\/wp-json\/wp\/v2\/product\/700966","targetHints":{"allow":["GET"]}}],"collection":[{"href":"https:\/\/roveyayinevi.com.tr\/index.php\/wp-json\/wp\/v2\/product"}],"about":[{"href":"https:\/\/roveyayinevi.com.tr\/index.php\/wp-json\/wp\/v2\/types\/product"}],"wp:attachment":[{"href":"https:\/\/roveyayinevi.com.tr\/index.php\/wp-json\/wp\/v2\/media?parent=700966"}],"wp:term":[{"taxonomy":"product_brand","embeddable":true,"href":"https:\/\/roveyayinevi.com.tr\/index.php\/wp-json\/wp\/v2\/product_brand?post=700966"},{"taxonomy":"product_cat","embeddable":true,"href":"https:\/\/roveyayinevi.com.tr\/index.php\/wp-json\/wp\/v2\/product_cat?post=700966"},{"taxonomy":"product_tag","embeddable":true,"href":"https:\/\/roveyayinevi.com.tr\/index.php\/wp-json\/wp\/v2\/product_tag?post=700966"}],"curies":[{"name":"wp","href":"https:\/\/api.w.org\/{rel}","templated":true}]}}