{"id":700960,"date":"2025-08-27T15:03:47","date_gmt":"2025-08-27T12:03:47","guid":{"rendered":"https:\/\/roveyayinevi.com.tr\/index.php\/urun\/brooklyn-cilginliklari\/"},"modified":"2026-04-16T02:10:08","modified_gmt":"2026-04-15T23:10:08","slug":"brooklyn-cilginliklari","status":"publish","type":"product","link":"https:\/\/roveyayinevi.com.tr\/index.php\/urun\/brooklyn-cilginliklari\/","title":{"rendered":"Brooklyn \u00c7\u0131lg\u0131nl\u0131klar\u0131"},"content":{"rendered":"<p>Eski hayat sigortac\u0131s\u0131 Nathan Glass, yakaland\u0131\u011f\u0131 hastal\u0131ktan \u00f6t\u00fcr\u00fc \u00f6l\u00fcme g\u00fcn saymaktad\u0131r. Kar\u0131s\u0131ndan bo\u015fanm\u0131\u015f, emekli olmu\u015f, tek k\u0131z\u0131ndan kopmu\u015ftur. Bir ba\u015f\u0131na kalmak i\u00e7in, kimsenin kendisini tan\u0131mad\u0131\u011f\u0131 Brooklyn\u2019e gelir. Bir s\u00fcre sonra nicedir kay\u0131p olan ye\u011feni Tom Wood\u2019la kar\u015f\u0131la\u015f\u0131r. Tom\u2019un \u00e7al\u0131\u015ft\u0131\u011f\u0131 kitabevinin sahibi Harry Brightman da, kaderin Brooklyn\u2019e s\u00fcr\u00fcklediklerindendir. Tom ve Harry arac\u0131l\u0131\u011f\u0131yla d\u00fcnyas\u0131 geni\u015fleyen Nathan yepyeni dostlar edinir. Giderek ba\u015fkalar\u0131n\u0131n ac\u0131lar\u0131 ve ya\u015fam sava\u015flar\u0131 kendi umars\u0131zl\u0131\u011f\u0131na a\u011f\u0131r basacakt\u0131r&#8230; G\u00fcn\u00fcm\u00fcz Amerikan edebiyat\u0131n\u0131n en se\u00e7kin yazarlar\u0131ndan Paul Auster\u2019\u0131n yeni roman\u0131 Brooklyn \u00c7\u0131lg\u0131nl\u0131klar\u0131, hi\u00e7 ku\u015fkusuz, en i\u00e7ten, en co\u015fkulu kitab\u0131. \u00dc\u00e7 ki\u015finin Brooklyn\u2019de kesi\u015fen ya\u015fam \u00e7izgilerini ustal\u0131kla \u00f6ren roman, s\u0131radan insan ya\u015fam\u0131n\u0131n g\u00f6rkem ve gizemlerine unutulmaz bir \u00f6vg\u00fc. \ufffcTan\u0131t\u0131m Metni<\/p>\n","protected":false},"excerpt":{"rendered":"<p>Eski hayat sigortac\u0131s\u0131 Nathan Glass, yakaland\u0131\u011f\u0131 hastal\u0131ktan \u00f6t\u00fcr\u00fc \u00f6l\u00fcme g\u00fcn saymaktad\u0131r. Kar\u0131s\u0131ndan bo\u015fanm\u0131\u015f, emekli olmu\u015f, tek k\u0131z\u0131ndan kopmu\u015ftur. Bir ba\u015f\u0131na kalmak i\u00e7in, kimsenin kendisini tan\u0131mad\u0131\u011f\u0131 Brooklyn\u2019e<span class=\"excerpt-hellip\"> [\u2026]<\/span><\/p>\n","protected":false},"featured_media":0,"template":"","meta":{"_monsterinsights_skip_tracking":false,"_monsterinsights_sitenote_active":false,"_monsterinsights_sitenote_note":"","_monsterinsights_sitenote_category":0},"product_brand":[],"product_cat":[12891,12291],"product_tag":[],"class_list":{"0":"post-700960","1":"product","2":"type-product","3":"status-publish","5":"product_cat-amerikan-edebiyati","6":"product_cat-edebiyat","7":"pa_cilt-ciltsiz","8":"pa_tur-kitap","9":"pa_yayinevi-can-yayinlari","10":"pa_yazar-paul-auster","12":"first","13":"instock","14":"sale","15":"shipping-taxable","16":"purchasable","17":"product-type-simple"},"_links":{"self":[{"href":"https:\/\/roveyayinevi.com.tr\/index.php\/wp-json\/wp\/v2\/product\/700960","targetHints":{"allow":["GET"]}}],"collection":[{"href":"https:\/\/roveyayinevi.com.tr\/index.php\/wp-json\/wp\/v2\/product"}],"about":[{"href":"https:\/\/roveyayinevi.com.tr\/index.php\/wp-json\/wp\/v2\/types\/product"}],"wp:attachment":[{"href":"https:\/\/roveyayinevi.com.tr\/index.php\/wp-json\/wp\/v2\/media?parent=700960"}],"wp:term":[{"taxonomy":"product_brand","embeddable":true,"href":"https:\/\/roveyayinevi.com.tr\/index.php\/wp-json\/wp\/v2\/product_brand?post=700960"},{"taxonomy":"product_cat","embeddable":true,"href":"https:\/\/roveyayinevi.com.tr\/index.php\/wp-json\/wp\/v2\/product_cat?post=700960"},{"taxonomy":"product_tag","embeddable":true,"href":"https:\/\/roveyayinevi.com.tr\/index.php\/wp-json\/wp\/v2\/product_tag?post=700960"}],"curies":[{"name":"wp","href":"https:\/\/api.w.org\/{rel}","templated":true}]}}