{"id":700948,"date":"2025-08-27T15:03:43","date_gmt":"2025-08-27T12:03:43","guid":{"rendered":"https:\/\/roveyayinevi.com.tr\/index.php\/urun\/buyulu-dag-2-kitap-takim\/"},"modified":"2026-04-16T02:10:07","modified_gmt":"2026-04-15T23:10:07","slug":"buyulu-dag-2-kitap-takim","status":"publish","type":"product","link":"https:\/\/roveyayinevi.com.tr\/index.php\/urun\/buyulu-dag-2-kitap-takim\/","title":{"rendered":"B\u00fcy\u00fcl\u00fc Da\u011f (2 Kitap Tak\u0131m)"},"content":{"rendered":"<p>D\u00fcnya edebiyat\u0131n\u0131n \u00e7a\u011fda\u015f klasikleri aras\u0131nda an\u0131lan B\u00fcy\u00fcl\u00fc Da\u011f, tam bir \u00e7a\u011f roman\u0131d\u0131r. Ki\u015fisel deneyimlerinden yola \u00e7\u0131karak yazd\u0131\u011f\u0131 ve \u2018zaman\u2019 ve \u2018psikanaliz\u2019 \u00fczerine denemelerin de yer yer kendini g\u00f6sterdi\u011fi bu b\u00fcy\u00fck roman\u0131n yay\u0131nlanmas\u0131ndan sonra Nobel Edebiyat \u00d6d\u00fcl\u00fc\u2019ne de\u011fer g\u00f6r\u00fclen Thomas Mann, yirminci y\u00fczy\u0131l Alman edebiyat\u0131n\u0131n en \u00f6nemli adlar\u0131ndan. Hamburg\u2019lu gen\u00e7 gemi m\u00fchendisi Hans Castorp, \u00fc\u00e7 haftal\u0131\u011f\u0131na kuzenini ziyarete gitti\u011fi bir \u0130svi\u00e7re sanatoryumunda, kendisinin de tedaviye ihtiyac\u0131 oldu\u011funu \u00f6\u011frenerek yedi y\u0131l kal\u0131r. Bu s\u00fcre i\u00e7inde doktorlar ve hastalar d\u00fcnyas\u0131n\u0131, Bat\u0131 felsefesinin iki kutbunu, platonik bir a\u015fk ser\u00fcveninin sarho\u015flu\u011fu i\u00e7inde ve ya\u015fayarak tan\u0131r. Sanatoryumda kald\u0131\u011f\u0131 s\u00fcre i\u00e7inde hastal\u0131k ve \u00f6l\u00fcm gibi deneyimlerin \u00f6tesinde hayat\u0131n mucizesini kavrayan Castorp\u2019un yal\u0131n ruhu bir de\u011fi\u015fim ge\u00e7irir. Thomas Mann, roman sanat\u0131n\u0131n b\u00fct\u00fcn incelikleriyle yaratt\u0131\u011f\u0131, ironik bir \u00fcslupla sundu\u011fu bu yap\u0131t\u0131nda, zaman, kar\u015f\u0131t k\u00fclt\u00fcrler, a\u015fk, hastal\u0131k, \u00f6l\u00fcm gibi evrensel temalar\u0131 i\u015fliyor. Birinci D\u00fcnya Sava\u015f\u0131 \u00f6ncesinde \u00e7a\u011f\u0131n d\u00fcnya sorunlar\u0131n\u0131, bir uygarl\u0131\u011f\u0131n \u00e7\u00f6k\u00fc\u015f\u00fcn\u00fc inceleyen, burjuva gelene\u011fini ve ahl\u00e2k\u0131n\u0131 yer yer sert\u00e7e, ironik bir dille ele\u015ftiren B\u00fcy\u00fcl\u00fc Da\u011f, \u00e7a\u011fa tutulan bir ayna. <\/p>\n","protected":false},"excerpt":{"rendered":"<p>D\u00fcnya edebiyat\u0131n\u0131n \u00e7a\u011fda\u015f klasikleri aras\u0131nda an\u0131lan B\u00fcy\u00fcl\u00fc Da\u011f, tam bir \u00e7a\u011f roman\u0131d\u0131r. Ki\u015fisel deneyimlerinden yola \u00e7\u0131karak yazd\u0131\u011f\u0131 ve \u2018zaman\u2019 ve \u2018psikanaliz\u2019 \u00fczerine denemelerin de yer yer<span class=\"excerpt-hellip\"> [\u2026]<\/span><\/p>\n","protected":false},"featured_media":0,"template":"","meta":{"_monsterinsights_skip_tracking":false,"_monsterinsights_sitenote_active":false,"_monsterinsights_sitenote_note":"","_monsterinsights_sitenote_category":0},"product_brand":[],"product_cat":[12364],"product_tag":[],"class_list":{"0":"post-700948","1":"product","2":"type-product","3":"status-publish","5":"product_cat-genel-konular","6":"pa_cilt-ciltsiz","7":"pa_tur-kitap","8":"pa_yayinevi-can-yayinlari","9":"pa_yazar-thomas-mann","11":"first","12":"instock","13":"sale","14":"shipping-taxable","15":"purchasable","16":"product-type-simple"},"_links":{"self":[{"href":"https:\/\/roveyayinevi.com.tr\/index.php\/wp-json\/wp\/v2\/product\/700948","targetHints":{"allow":["GET"]}}],"collection":[{"href":"https:\/\/roveyayinevi.com.tr\/index.php\/wp-json\/wp\/v2\/product"}],"about":[{"href":"https:\/\/roveyayinevi.com.tr\/index.php\/wp-json\/wp\/v2\/types\/product"}],"wp:attachment":[{"href":"https:\/\/roveyayinevi.com.tr\/index.php\/wp-json\/wp\/v2\/media?parent=700948"}],"wp:term":[{"taxonomy":"product_brand","embeddable":true,"href":"https:\/\/roveyayinevi.com.tr\/index.php\/wp-json\/wp\/v2\/product_brand?post=700948"},{"taxonomy":"product_cat","embeddable":true,"href":"https:\/\/roveyayinevi.com.tr\/index.php\/wp-json\/wp\/v2\/product_cat?post=700948"},{"taxonomy":"product_tag","embeddable":true,"href":"https:\/\/roveyayinevi.com.tr\/index.php\/wp-json\/wp\/v2\/product_tag?post=700948"}],"curies":[{"name":"wp","href":"https:\/\/api.w.org\/{rel}","templated":true}]}}