{"id":700915,"date":"2025-08-27T15:03:32","date_gmt":"2025-08-27T12:03:32","guid":{"rendered":"https:\/\/roveyayinevi.com.tr\/index.php\/urun\/gotik-edebiyat-10-kitap-takim\/"},"modified":"2026-04-16T02:10:07","modified_gmt":"2026-04-15T23:10:07","slug":"gotik-edebiyat-10-kitap-takim","status":"publish","type":"product","link":"https:\/\/roveyayinevi.com.tr\/index.php\/urun\/gotik-edebiyat-10-kitap-takim\/","title":{"rendered":"Gotik Edebiyat (10 Kitap Tak\u0131m)"},"content":{"rendered":"<p>Sicilya&#8217;da Bir A\u015fk Hikayesi:\u00d6l\u00e7\u00fcs\u00fcz tutkular, deh\u015fet verici eylemlere yol a\u00e7ar.Sicilya\u2019n\u0131n \u0131ss\u0131z k\u0131y\u0131lar\u0131nda, benzersiz bir do\u011fa manzaras\u0131n\u0131n ortas\u0131ndaki muhte\u015fem bir \u015fato, karanl\u0131k s\u0131rlar\u0131n yata\u011f\u0131 olabilir mi? Sicilya\u2019da Bir A\u015fk Hikayesi, sakin ve durgun g\u00f6r\u00fcnen hayatlar\u0131 apans\u0131z bir \u00e7alkant\u0131yla buland\u0131r\u0131yor. \u015eatonun dolamba\u00e7l\u0131 koridorlar\u0131nda, insan\u0131 bir kez kendine \u00e7ektikten sonra girdab\u0131ndan d\u0131\u015far\u0131 b\u0131rakmayan, kayna\u011f\u0131 belirsiz bir korkuyu, g\u00fcnl\u00fck hayata istikrarla s\u0131zan bir psikolojik deh\u015fete d\u00f6n\u00fc\u015ft\u00fcr\u00fcyor.Ann Radcliffe\u2019in erken d\u00f6nem yap\u0131tlar\u0131ndan Sicilya\u2019da Bir A\u015fk Hikayesi, gotik roman\u0131 romantik unsurlarla besleyen yetkin bir \u00f6rnek. Radcliffe deh\u015fetin anlat\u0131m\u0131n\u0131 kendine \u00f6zg\u00fc lirik bir \u00fcsluba ba\u011flarken, korkuya da s\u0131cak, \u00e7ekici bir y\u00f6n kazand\u0131r\u0131yor: Haz ile deh\u015fet aras\u0131ndaki her an kopmaya haz\u0131r o ince \u00e7izgi ortadan kalk\u0131yor.Sicilya\u2019da Bir A\u015fk Hikayesi, 18. y\u00fczy\u0131ldan g\u00fcn\u00fcm\u00fcze gotik ad\u0131n\u0131 alan korku ve deh\u015fet edebiyat\u0131n\u0131n klasiklerinden biri.Gece Tablolar\u0131:Gece Tablolar\u0131, Ayd\u0131nlanmac\u0131 akl\u0131n \u201cbilinmeyen\u201d olarak damgalad\u0131\u011f\u0131, \u00fcrk\u00fct\u00fcc\u00fc buldu\u011fu i\u00e7in hayat\u0131n d\u0131\u015f\u0131na att\u0131\u011f\u0131 d\u00fcnyalara kap\u0131 aral\u0131yor. Bu \u00f6yk\u00fcler okurunu u\u00e7urumun kenar\u0131ndaki hastal\u0131kl\u0131 ruhlar\u0131n, su\u00e7un ve k\u00f6t\u00fcl\u00fc\u011f\u00fcn, fantazman\u0131n ve delili\u011fin, do\u011fa\u00fcst\u00fcn\u00fcn ve bilinmezin d\u00fcnyas\u0131na ta\u015f\u0131yor.Geceyi mek\u00e2n edinen \u00f6yk\u00fcler de\u011fil bunlar; gecenin karanl\u0131\u011f\u0131n\u0131 g\u00fcnd\u00fcze ta\u015f\u0131yan, dolay\u0131s\u0131yla da insan\u0131 kendi karanl\u0131\u011f\u0131na hapsederek geceyi b\u00fcy\u00fcten, uzatan, s\u00fcrekli k\u0131lan \u00f6yk\u00fcler&#8230; Kitab\u0131 olu\u015fturan sekiz \u00f6yk\u00fcden her biri, bu a\u00e7\u0131dan insan ruhunun en dip, en kuytu k\u00f6\u015felerine ayr\u0131 bir noktadan \u0131\u015f\u0131k tutuyor. Resmin b\u00fct\u00fcn\u00fcndeyse Hoffmann\u2019\u0131n sonsuz gecemize y\u00fckledi\u011fi anlam var.Gece Tablolar\u0131\u2019n\u0131n ilk \u00f6yk\u00fcs\u00fc \u201cKum Adam\u201d, yay\u0131nlanmas\u0131ndan y\u00fcz y\u0131l sonra Freud\u2019un \u201ctekinsiz\u201d kavram\u0131n\u0131 olu\u015fturmas\u0131na zemin haz\u0131rlam\u0131\u015f; Freud ayn\u0131 adl\u0131 \u00fcnl\u00fc makalesinde Hoffmann\u2019\u0131n bu \u00f6yk\u00fclerde geceye y\u00fckledi\u011fi anlam\u0131, t\u00fcm karma\u015fas\u0131yla modern k\u00fclt\u00fcr\u00fcn insan ruhundaki tezah\u00fcr\u00fc \u015feklinde ele alm\u0131\u015ft\u0131r.\u00d6yk\u00fclerini, ger\u00e7ekli\u011finden \u015f\u00fcphe duyulmadan hayalle bezeyen E.T.A. Hoffmann\u2019\u0131n eserleri, fantastik realizmin ba\u015fyap\u0131tlar\u0131d\u0131r.Undine:Do\u011fa ayk\u0131r\u0131l\u0131klar\u0131 sevmez, bir peri masal\u0131nda bile&#8230;Undine bir su perisi&#8230; Ya \u00f6l\u00fcms\u00fcz kalacak ya da \u00f6l\u00fcms\u00fcz bir ruha kavu\u015facak insan bedeninde&#8230; Beyaz atl\u0131 \u015f\u00f6valyesini bekliyor. Ancak a\u015fk, bu peri masal\u0131ndaki r\u00fcyalar\u0131 ger\u00e7ekle\u015ftirebilir. Ne pahas\u0131na olursa olsun&#8230;Aristokrat bir Frans\u0131z aileden gelen Alman romanc\u0131 ve oyun yazar\u0131 Friedrich de la Motte Fouque, eserlerinde \u0130skandinav sagalar\u0131ndan ve mitlerinden yararlanm\u0131\u015ft\u0131r. \u00dclkemizde daha \u00f6nce Su K\u0131z\u0131 ad\u0131yla yay\u0131mlanm\u0131\u015f olan Undine, yazar\u0131na en kal\u0131c\u0131 ba\u015far\u0131s\u0131n\u0131 getirmi\u015ftir.Undine s\u0131cac\u0131k, romantik bir masal\u0131 ruhun \u0131st\u0131raplar\u0131 ve do\u011fa\u00fcst\u00fcn\u00fcn gizemiyle fantasti\u011fe yakla\u015ft\u0131ran s\u0131rad\u0131\u015f\u0131 bir yap\u0131t. Fouqu\u00e9, ac\u0131ya mahkum bir var olu\u015fu tatmak u\u011fruna \u00f6l\u00fcms\u00fczl\u00fc\u011f\u00fc arzulayan ve ruhun bedelini ac\u0131 \u00e7ekerek \u00f6deyen efsanevi Undine karakteriyle edebiyata yeni bir imge arma\u011fan ederken bir yandan da bizi karanl\u0131k taraf\u0131m\u0131zla y\u00fczle\u015ftiriyor.Hayaletg\u00f6ren:\u201cKutlay\u0131n kendinizi, Prens, saat tam dokuzda o \u00f6ld\u00fc.\u201dHayaletg\u00f6ren, romantik ve gotik d\u00fc\u015f\u00fcnce gelene\u011fi \u00fczerinde \u00f6nemli etkileri olan Alman oyun yazar\u0131 ve \u015fair Friedrich Schiller\u2019in tek roman denemesidir. Schiller\u2019in ok\u00fcltizm, spiritizma ve ruh \u00e7a\u011f\u0131rma motifleriyle d\u00f6nemin komplo teorilerini ustal\u0131kla harmanlad\u0131\u011f\u0131 Hayaletg\u00f6ren, Venedik\u2019te bir Alman prensinin ba\u015f\u0131ndan ge\u00e7en \u00e7etrefil bir maceraya odaklan\u0131r. Ciddi, i\u00e7ine kapan\u0131k ve melankolik biri olan prens, kimsenin kendisini tan\u0131mad\u0131\u011f\u0131 Venedik\u2019te sessiz sedas\u0131z bir ya\u015fam s\u00fcrmektedir. Oysa Venedik ba\u015ftan \u00e7\u0131kar\u0131c\u0131 zevklerin, karanl\u0131k arzular\u0131n \u015fehridir.1787-1789 aras\u0131 Die Thalia dergisinde b\u00f6l\u00fcm b\u00f6l\u00fcm yay\u0131mland\u0131\u011f\u0131nda b\u00fcy\u00fck ilgiyle kar\u015f\u0131la\u015fan Hayaletg\u00f6ren, bir roman fragman\u0131. Schiller\u2019in Hayaletg\u00f6ren\u2019de i\u015fledi\u011fi motifler sonralar\u0131 E.T.A. Hoffmann\u2019dan Thomas Mann\u2019a uzanan bir yelpazede s\u0131kl\u0131kla yeniden edebiyat sahnesine ta\u015f\u0131nd\u0131, kulland\u0131\u011f\u0131 anlat\u0131m teknikleri ise Edgar Allan Poe, H.P. Lovecraft ve Clark Ashton Smith gibi isimler taraf\u0131ndan benimsendi.Sardinya Efsaneleri:Her hazinenin kap\u0131s\u0131nda bir lanet bekler sizi&#8230;\u0130talyan edebiyat\u0131n\u0131n b\u00fcy\u00fck ozan\u0131 Deledda\u2019n\u0131n kaleminde canlanan Sardinya Efsaneleri, kaderlerinde ac\u0131 ve \u00f6l\u00fcm olan s\u0131radan insanlar\u0131n s\u0131ra d\u0131\u015f\u0131 \u00f6yk\u00fclerini bir araya getiriyor. Bu \u00f6yk\u00fclerde insan, \u00f6l\u00fcm\u00fcn kar\u015f\u0131s\u0131nda merak\u0131na yenik d\u00fc\u015ferken, lanete a\u00e7\u0131lan hazine kap\u0131lar\u0131nda n\u00f6bet tutanlar\u0131n g\u00f6sterdi\u011fi sonsuz karanl\u0131kla tan\u0131\u015f\u0131yor.Sardinya Efsaneleri, ad\u0131ndan da anla\u015f\u0131laca\u011f\u0131 gibi, bir derleme. Sardinya\u2019n\u0131n ge\u00e7it vermez da\u011flar\u0131 aras\u0131nda ya\u015fayan halk\u0131n aktard\u0131\u011f\u0131 korkun\u00e7 \u00f6yk\u00fcleri derlemi\u015f Grazia Deledda. Bu \u00f6yk\u00fcler, ya\u015famlar\u0131 t\u00fcrl\u00fc korku ve hurafelerle dolu yoksul halk\u0131n geni\u015f hayal g\u00fcc\u00fcyle beslenen tekinsiz, tehlikelerle dolu d\u00fcnyalar\u0131 anlat\u0131yor. Her biri birbirinden u\u011fursuz bu on \u00fc\u00e7 \u00f6yk\u00fc, Sardinya topraklar\u0131nda g\u00f6m\u00fcl\u00fc e\u015fsiz hazinelere a\u00e7\u0131l\u0131yor. Ne var ki toprak, hazinelerin yata\u011f\u0131 da olsa, yeralt\u0131 d\u00fcnyas\u0131nda onlar\u0131 bekleyen ba\u015fkalar\u0131 var: iblisler, c\u00fcceler, cinler, b\u00fcy\u00fcc\u00fcler&#8230;Sardinya Efsaneleri k\u00fc\u00e7\u00fck bir kitap. Deledda\u2019n\u0131n, do\u011fup b\u00fcy\u00fcd\u00fc\u011f\u00fc g\u00f6rkemli Sardinya i\u00e7in kaleme ald\u0131\u011f\u0131 bir korku odas\u0131&#8230;Otranto \u015eatosu:\u201cGotik\u201d terimini edebiyat alan\u0131nda ilk kullanan ki\u015fi olarak bilinen Walpole, 1764\u2019te kendi \u00f6zel bas\u0131mevinde haz\u0131rlad\u0131\u011f\u0131 Otranto \u015eatosu\u2019nun toplumda nas\u0131l kar\u015f\u0131lanaca\u011f\u0131n\u0131 kestiremedi\u011fi i\u00e7in, kitab\u0131 16. y\u00fczy\u0131ldan kalma \u0130talyanca eski bir elyazmas\u0131n\u0131n \u00e7evirisi olarak sundu. \u0130lk bask\u0131n\u0131n kapa\u011f\u0131nda \u201cOtranto Aziz Nicholas Kilisesi Kilise Heyeti \u00dcyesi Onuphrio\u2019nun yazd\u0131\u011f\u0131 \u0130talyanca asl\u0131ndan William Marshal taraf\u0131ndan \u00e7evrilmi\u015ftir\u201d ibaresi vard\u0131. \u0130kinci bask\u0131daysa ne \u00e7evirmen ad\u0131 vard\u0131, ne de yazar.\u015e\u00f6yle der Walpole bir mektubunda: \u201cUyand\u0131\u011f\u0131mda o d\u00fc\u015ften an\u0131msad\u0131\u011f\u0131m tek \u015fey, kendimi bir Orta\u00e7a\u011f \u015fatosunda g\u00f6rmemdi (benim gibi kafas\u0131 Gotik hikayelerle dolu biri i\u00e7in bu mekan \u00e7ok do\u011fal say\u0131l\u0131r); hayli y\u00fcksek bir merdivenin en tepesinde, t\u0131rabzan\u0131n \u00fczerinde son derece b\u00fcy\u00fck bir z\u0131rhl\u0131 el g\u00f6rd\u00fcm. O ak\u015fam oturdum ve ne s\u00f6yleyece\u011fimi, ne anlataca\u011f\u0131m\u0131 bilmeden yazmaya koyuldum. Yazd\u0131k\u00e7a hikaye geli\u015fti, benim de ho\u015fuma gitmeye ba\u015flad\u0131 (\u00fcstelik politikadan ba\u015fka bir \u015fey d\u00fc\u015f\u00fcnebildi\u011fim i\u00e7in de \u00e7ok seviniyordum); k\u0131sacas\u0131 kendimi \u00f6ylesine kapt\u0131rd\u0131m ki, kitab\u0131 iki aydan k\u0131sa s\u00fcrede bitirdim.\u201dB\u00f6cek:Paul Lessingham, gelece\u011fi parlak bir politikac\u0131d\u0131r. Ne var ki M\u0131s\u0131r\u2019dan gelen ve Krali\u00e7e Viktoria\u2019n\u0131n yasaklar \u015fehri Londra\u2019da s\u00fcrekli bi\u00e7im de\u011fi\u015ftirerek serbest\u00e7e dola\u015fan \u201cB\u00f6cek\u201d, Lessingham\u2019\u0131n k\u00e2busu olacakt\u0131r. \u0130sis\u2019in m\u00fcritlerine kar\u015f\u0131 i\u015flenmi\u015f bir su\u00e7un intikam\u0131n\u0131 almaya gelen bu amans\u0131z yarat\u0131k kurbanlar\u0131n\u0131 deh\u015fete s\u00fcr\u00fcklerken, hi\u00e7 kimse g\u00fcvende de\u011fildir.Marsh\u2019\u0131n roman\u0131, Stoker\u2019\u0131n Drakula\u2019s\u0131, George du Maurier\u2019nin Trilby\u2019si, Sax Rohmer\u2019\u0131n Fu Manchu dizisi gibi 19. y\u00fczy\u0131l sonlar\u0131yla 20. y\u00fczy\u0131l ba\u015flar\u0131na \u00f6zg\u00fc sansasyonel yap\u0131tlar aras\u0131nda yer al\u0131yor. Yine o yap\u0131tlarda \u00e7ok s\u0131k rastlanan bir teknikle, gerilim yaratmak amac\u0131yla, hik\u00e2ye farkl\u0131 ki\u015filer a\u011fz\u0131ndan aktar\u0131l\u0131yor.B\u00f6cek, hem bir korku roman\u0131n\u0131n, hem bir a\u015fk hikayesinin, hem de bir dedektif roman\u0131n\u0131n \u00f6zelliklerini ta\u015f\u0131yor.Dr. Jekyll ve Mr. Hyde ve Di\u011fer Fantastik \u00d6yk\u00fcler:Dr. Jekyll ve Mr. Hyde ve Di\u011fer Fantastik \u00d6yk\u00fcler, Stevenson\u2019\u0131n \u00fc\u00e7 \u00f6yk\u00fcs\u00fcn\u00fc bir araya getiriyor. Yazar\u0131n g\u00f6rd\u00fc\u011f\u00fc bir r\u00fcyadan esinlenerek kaleme ald\u0131\u011f\u0131 \u201cDr. Jekyll ve Mr. Hyde\u201d, gotik edebiyat\u0131n k\u00f6\u015feta\u015flar\u0131ndan biridir. Biri doktor, di\u011feri psikopat bir katil, iki farkl\u0131 ruhu ayn\u0131 bedende ya\u015fayan bir adam\u0131 anlatan \u00f6yk\u00fc, psikiyatrinin temel konular\u0131ndan biri olan ki\u015filik b\u00f6l\u00fcnmesi sorununu i\u015fler.Bilime hizmet kisvesi alt\u0131nda, para ve iktidar h\u0131rs\u0131yla s\u0131n\u0131r tan\u0131mayan gen\u00e7 cerrahlar\u0131 anlatan \u201cCeset H\u0131rs\u0131z\u0131\u201d ger\u00e7ek bir olaydan kaynaklan\u0131yor. \u201cOlalla\u201d ise a\u015fk, gizem ve s\u00f6m\u00fcr\u00fc motiflerini incelikle bir arada \u00f6r\u00fcyor.K\u00f6t\u00fcl\u00fc\u011f\u00fcn ve \u00f6zy\u0131k\u0131m\u0131n insan\u0131n do\u011fas\u0131nda var oldu\u011funa inanan Stevenson\u2019\u0131n \u00f6yk\u00fcleri, 19. y\u00fczy\u0131l\u0131n bask\u0131c\u0131 ortam\u0131nda, bireyin mutlulu\u011funa da sefaletine de kay\u0131ts\u0131z kalan bir d\u00f6nemin \u00fcr\u00fcnleri olarak \u015fekillenmi\u015ftir. Her a\u00e7\u0131dan k\u00f6\u015feye s\u0131k\u0131\u015fm\u0131\u015f insan\u0131n \u00e7aresizli\u011fini yans\u0131tan bu \u00f6yk\u00fcler, b\u00f6l\u00fcnm\u00fc\u015f benliklerin i\u00e7sel belirsizliklerini estetik d\u00fczleme ta\u015f\u0131r.Carmilla:Gen\u00e7lik ve yaln\u0131zl\u0131k, g\u00fczel bir k\u0131z\u0131 do\u011fa\u00fcst\u00fc g\u00fc\u00e7lerin eline d\u00fc\u015f\u00fcrebilir mi?Carmilla gen\u00e7 bir k\u0131z ile esrarengiz bir kad\u0131n\u0131n ili\u015fkisi \u00fczerine kurulu bir \u00f6yk\u00fc. Konuk oldu\u011fu malikane ve \u00e7evresinde k\u0131sa s\u00fcrede deh\u015fetin ve \u00f6l\u00fcm\u00fcn ikizi haline gelen di\u015fi bir vampirin, edebiyat\u0131n ilk lezbiyen vampirinin \u00f6yk\u00fcs\u00fc.Konusu, ki\u015fileri ve tekni\u011fiyle Bram Stoker\u2019\u0131n Dracula\u2019s\u0131 \u00fczerinde az\u0131msanamayacak izler b\u0131rakan, sonralar\u0131 Edgar Allan Poe\u2019nun deneyece\u011fi gotik tarz\u0131yla dikkat \u00e7eken Carmilla, \u00e7arp\u0131c\u0131 ve bir o kadar da k\u0131\u015fk\u0131rt\u0131c\u0131.Sheridan Le Fanu\u2019n\u00fcn kad\u0131nlar\u0131, karanl\u0131\u011fa e\u011filimleri ve \u00f6l\u00fcme yak\u0131nl\u0131klar\u0131yla, i\u00e7imizdeki vampire ayna tutuyor. Lezbiyen a\u015fk, k\u0131skan\u00e7l\u0131k ve cinsel arzunun k\u0131skac\u0131nda, Carmilla, vampir motifini benli\u011fimizin karanl\u0131k sureti olarak y\u00fcz\u00fcm\u00fcze vuruyor.Carmilla, gotik vizyonun tekinsiz do\u011fas\u0131n\u0131 bug\u00fcne ta\u015f\u0131yan \u00f6rneklerden.Baskerville&#8217;lerin K\u00f6pe\u011fi:\u201c\u00c7orak manzara, yaln\u0131zl\u0131k duygusu ve g\u00f6revin gizemiyle aciliyeti, hepsi kalbimi titretiyordu.\u201dSherlock Holmes\u2019un sa\u011f kolu Dr. Watson, Baskerville Malikanesi\u2019nin gizemini \u00e7\u00f6zmek i\u00e7in gitti\u011fi batakl\u0131k arazide, duygular\u0131n\u0131 b\u00f6yle dile getiriyordu.Bug\u00fcne kadar yaz\u0131lm\u0131\u015f en b\u00fcy\u00fck su\u00e7 romanlar\u0131ndan biri olan Baskerville\u2019lerin K\u00f6pe\u011fi, yine Dr. Watson\u2019un a\u011fz\u0131ndan Sherlock Holmes\u2019a yeni bir tan\u0131m kazand\u0131rd\u0131: Dr. Watson \u00fcnl\u00fc dedektifi, su\u00e7 mahallini incelerken kulland\u0131\u011f\u0131 y\u00f6ntem ve ara\u015ft\u0131rma tekniklerine bakarak, \u201ckokusunu ald\u0131\u011f\u0131 \u015feyi buluncaya kadar y\u0131lmadan ko\u015fup duran, iyi e\u011fitimli, safkan bir av k\u00f6pe\u011fi\u201dne benzetti.Conan Doyle, Baskerville\u2019lerin K\u00f6pe\u011fi\u2019nde ak\u0131lla do\u011fa\u00fcst\u00fc g\u00fcc\u00fcn, bilimsel ger\u00e7ekle bat\u0131l\u0131n, iyilikle k\u00f6t\u00fcl\u00fc\u011f\u00fcn zorlu bir sava\u015fta kar\u015f\u0131 kar\u015f\u0131ya geli\u015fini dile getirir. <\/p>\n","protected":false},"excerpt":{"rendered":"<p>Sicilya&#8217;da Bir A\u015fk Hikayesi:\u00d6l\u00e7\u00fcs\u00fcz tutkular, deh\u015fet verici eylemlere yol a\u00e7ar.Sicilya\u2019n\u0131n \u0131ss\u0131z k\u0131y\u0131lar\u0131nda, benzersiz bir do\u011fa manzaras\u0131n\u0131n ortas\u0131ndaki muhte\u015fem bir \u015fato, karanl\u0131k s\u0131rlar\u0131n yata\u011f\u0131 olabilir mi? Sicilya\u2019da<span class=\"excerpt-hellip\"> [\u2026]<\/span><\/p>\n","protected":false},"featured_media":0,"template":"","meta":{"_monsterinsights_skip_tracking":false,"_monsterinsights_sitenote_active":false,"_monsterinsights_sitenote_note":"","_monsterinsights_sitenote_category":0},"product_brand":[],"product_cat":[12291,12711],"product_tag":[],"class_list":{"0":"post-700915","1":"product","2":"type-product","3":"status-publish","5":"product_cat-edebiyat","6":"product_cat-roman-oyku","7":"pa_cilt-ciltsiz","8":"pa_tur-kitap","9":"pa_yayinevi-cem-yayinevi","10":"pa_yazar-kolektif","12":"first","13":"instock","14":"sale","15":"shipping-taxable","16":"purchasable","17":"product-type-simple"},"_links":{"self":[{"href":"https:\/\/roveyayinevi.com.tr\/index.php\/wp-json\/wp\/v2\/product\/700915","targetHints":{"allow":["GET"]}}],"collection":[{"href":"https:\/\/roveyayinevi.com.tr\/index.php\/wp-json\/wp\/v2\/product"}],"about":[{"href":"https:\/\/roveyayinevi.com.tr\/index.php\/wp-json\/wp\/v2\/types\/product"}],"wp:attachment":[{"href":"https:\/\/roveyayinevi.com.tr\/index.php\/wp-json\/wp\/v2\/media?parent=700915"}],"wp:term":[{"taxonomy":"product_brand","embeddable":true,"href":"https:\/\/roveyayinevi.com.tr\/index.php\/wp-json\/wp\/v2\/product_brand?post=700915"},{"taxonomy":"product_cat","embeddable":true,"href":"https:\/\/roveyayinevi.com.tr\/index.php\/wp-json\/wp\/v2\/product_cat?post=700915"},{"taxonomy":"product_tag","embeddable":true,"href":"https:\/\/roveyayinevi.com.tr\/index.php\/wp-json\/wp\/v2\/product_tag?post=700915"}],"curies":[{"name":"wp","href":"https:\/\/api.w.org\/{rel}","templated":true}]}}