{"id":700896,"date":"2025-08-27T15:03:26","date_gmt":"2025-08-27T12:03:26","guid":{"rendered":"https:\/\/roveyayinevi.com.tr\/index.php\/urun\/golgem-renkli-mi-mitololojiden-sanata-notlar\/"},"modified":"2026-04-16T02:10:06","modified_gmt":"2026-04-15T23:10:06","slug":"golgem-renkli-mi-mitololojiden-sanata-notlar","status":"publish","type":"product","link":"https:\/\/roveyayinevi.com.tr\/index.php\/urun\/golgem-renkli-mi-mitololojiden-sanata-notlar\/","title":{"rendered":"G\u00f6lgem Renkli mi? Mitololojiden Sanata Notlar"},"content":{"rendered":"<p>Usta ressam Can G\u00f6knil resimlerini kendi d\u00fc\u015f\u00fcnce birikiminden, okuma \u00e7abalar\u0131ndan \u00e7\u0131kar\u0131yor. Ressaml\u0131\u011f\u0131n\u0131n yan\u0131nda \u00e7ocuk kitaplar\u0131 yazar\u0131 olarak da b\u00fcy\u00fck be\u011feni toplayan G\u00f6knil\u2019in bu kitab\u0131 ise bir t\u00fcr ara\u015ft\u0131rma. G\u00f6lgem Renkli mi?, bir yan\u0131yla Can G\u00f6knil resimlerinin ortaya \u00e7\u0131k\u0131\u015f ser\u00fcvenine tan\u0131kl\u0131k ediyor. Sergilere haz\u0131rlan\u0131rken al\u0131nan notlar, bu notlara eklenen yorumlar, onun resim \u00e7abas\u0131n\u0131n ula\u015ft\u0131\u011f\u0131 boyutlar\u0131 koyuyor ortaya. Ancak bu kitap, okuruna yaz\u0131nsal tatlar veren bu notlardan, g\u00fcnl\u00fck metinlerden olu\u015fmuyor yaln\u0131zca. G\u00f6knil bir yandan da k\u00fclt\u00fcr\u00fcm\u00fcz\u00fcn derin k\u00f6klerine uzanarak efsanelerin, kadim inan\u00e7lar\u0131n, b\u00fcy\u00fclerin, \u015famanizmin ve halk k\u00fclt\u00fcr\u00fcn\u00fcn \u00e7a\u011fda\u015f sanata nas\u0131l yans\u0131d\u0131\u011f\u0131n\u0131, bu iki alan\u0131n birbirini nas\u0131l etkiledi\u011fini, etkileyebilece\u011fini ara\u015ft\u0131ran yap\u0131t \u00fcretmi\u015f. Zengin k\u00fclt\u00fcr\u00fcm\u00fcz\u00fcn tad\u0131na varmak isteyenler, resim \u00f6\u011frencileri, \u00e7a\u011fda\u015f sanat merakl\u0131lar\u0131 ve elbette edebiyatseverler i\u00e7in ya\u015fam dizimizden keyifli bir kitap daha. <\/p>\n","protected":false},"excerpt":{"rendered":"<p>Usta ressam Can G\u00f6knil resimlerini kendi d\u00fc\u015f\u00fcnce birikiminden, okuma \u00e7abalar\u0131ndan \u00e7\u0131kar\u0131yor. Ressaml\u0131\u011f\u0131n\u0131n yan\u0131nda \u00e7ocuk kitaplar\u0131 yazar\u0131 olarak da b\u00fcy\u00fck be\u011feni toplayan G\u00f6knil\u2019in bu kitab\u0131 ise bir<span class=\"excerpt-hellip\"> [\u2026]<\/span><\/p>\n","protected":false},"featured_media":0,"template":"","meta":{"_monsterinsights_skip_tracking":false,"_monsterinsights_sitenote_active":false,"_monsterinsights_sitenote_note":"","_monsterinsights_sitenote_category":0},"product_brand":[],"product_cat":[15733,12408],"product_tag":[],"class_list":{"0":"post-700896","1":"product","2":"type-product","3":"status-publish","5":"product_cat-resim","6":"product_cat-sanat","7":"pa_cilt-ciltsiz","8":"pa_tur-kitap","9":"pa_yayinevi-can-yayinlari","10":"pa_yazar-can-goknil","12":"first","13":"instock","14":"sale","15":"shipping-taxable","16":"purchasable","17":"product-type-simple"},"_links":{"self":[{"href":"https:\/\/roveyayinevi.com.tr\/index.php\/wp-json\/wp\/v2\/product\/700896","targetHints":{"allow":["GET"]}}],"collection":[{"href":"https:\/\/roveyayinevi.com.tr\/index.php\/wp-json\/wp\/v2\/product"}],"about":[{"href":"https:\/\/roveyayinevi.com.tr\/index.php\/wp-json\/wp\/v2\/types\/product"}],"wp:attachment":[{"href":"https:\/\/roveyayinevi.com.tr\/index.php\/wp-json\/wp\/v2\/media?parent=700896"}],"wp:term":[{"taxonomy":"product_brand","embeddable":true,"href":"https:\/\/roveyayinevi.com.tr\/index.php\/wp-json\/wp\/v2\/product_brand?post=700896"},{"taxonomy":"product_cat","embeddable":true,"href":"https:\/\/roveyayinevi.com.tr\/index.php\/wp-json\/wp\/v2\/product_cat?post=700896"},{"taxonomy":"product_tag","embeddable":true,"href":"https:\/\/roveyayinevi.com.tr\/index.php\/wp-json\/wp\/v2\/product_tag?post=700896"}],"curies":[{"name":"wp","href":"https:\/\/api.w.org\/{rel}","templated":true}]}}