{"id":700829,"date":"2025-08-27T15:02:24","date_gmt":"2025-08-27T12:02:24","guid":{"rendered":"https:\/\/roveyayinevi.com.tr\/index.php\/urun\/kapitalizmin-krizi\/"},"modified":"2026-04-16T02:10:05","modified_gmt":"2026-04-15T23:10:05","slug":"kapitalizmin-krizi","status":"publish","type":"product","link":"https:\/\/roveyayinevi.com.tr\/index.php\/urun\/kapitalizmin-krizi\/","title":{"rendered":"Kapitalizmin Krizi"},"content":{"rendered":"<p>Kitap, emek\u00e7iler ve di\u011fer ezilenler i\u00e7in reel zenginlik \u00fcretimi ve do\u011faya sayg\u0131 yerine, giderek artan finansal spek\u00fclasyonlarla geli\u015fen kapitalizmin \u00e7\u0131kmaz soka\u011f\u0131n\u0131 anlat\u0131yor. Kitap, kapitalist devletlerin 2008&#8217;den bu yana uygulad\u0131klar\u0131 kriz \u00f6nleme paketleriyle, tarihin \u00e7\u00f6pl\u00fc\u011f\u00fcne at\u0131lmas\u0131 gereken bir toplumsal sistemi nas\u0131l ayakta tutmaya \u00e7al\u0131\u015ft\u0131klar\u0131n\u0131; k\u00e2rlara dokunmazken zarar\u0131 nas\u0131l sosyalle\u015ftir-diklerini, bunu yaparken finans kapitale nas\u0131l hizmet ettiklerini ve kurtarma paketleriyle ciddi risk alt\u0131ndaki metropol \u00fclke bankalar\u0131 kurtar\u0131l\u0131rken, bu paketlerin kar\u015f\u0131l\u0131\u011f\u0131nda dayat\u0131lan kemer s\u0131kma \u00f6nlemleriyle krizin faturas\u0131n\u0131n nas\u0131l emek\u00e7i halklara \u00e7\u0131kart\u0131ld\u0131\u011f\u0131n\u0131 a\u00e7\u0131kl\u0131yor.Kitap, kapitalizmin kriz d\u00f6nemlerinde demokrasiyi nas\u0131l ask\u0131ya ald\u0131\u011f\u0131n\u0131 ve finansal oligar\u015filere ve totaliter rejimlere d\u00f6n\u00fc\u015febildi\u011fini anlat\u0131yor. Kitap, modern bilimin t\u00fcm mucizelerine ra\u011fmen, kapitalizmin, insanl\u0131\u011f\u0131n \u00fc\u00e7te ikisini yoksulluk i\u00e7inde ya\u015fat\u0131rken, refah i\u00e7indeki Avrupa&#8217;y\u0131 da ate\u015f hatt\u0131na at\u0131\u015f\u0131n\u0131 anlat\u0131yor.Kitap, ayn\u0131 zamanda yarat\u0131lacak reel zenginli\u011fin ger\u00e7ek sahipleri olan emek\u00e7ilerin \u00f6rg\u00fctl\u00fc devrimci m\u00fccadelesiyle, toplumun t\u00fcm gizil g\u00fc\u00e7lerini geli\u015ftirebilece\u011fi uygarl\u0131\u011fa gidi\u015fin m\u00fcmk\u00fcn oldu\u011funu vurguluyor. Kitap &#8220;alternatifiniz yok !&#8221; dayatmas\u0131na kar\u015f\u0131, alternatifin oldu\u011funu ve ba\u015fka bir d\u00fcnyan\u0131n m\u00fcmk\u00fcn oldu\u011funu m\u00fcjdeliyor. <\/p>\n","protected":false},"excerpt":{"rendered":"<p>Kitap, emek\u00e7iler ve di\u011fer ezilenler i\u00e7in reel zenginlik \u00fcretimi ve do\u011faya sayg\u0131 yerine, giderek artan finansal spek\u00fclasyonlarla geli\u015fen kapitalizmin \u00e7\u0131kmaz soka\u011f\u0131n\u0131 anlat\u0131yor. Kitap, kapitalist devletlerin 2008&#8217;den<span class=\"excerpt-hellip\"> [\u2026]<\/span><\/p>\n","protected":false},"featured_media":0,"template":"","meta":{"_monsterinsights_skip_tracking":false,"_monsterinsights_sitenote_active":false,"_monsterinsights_sitenote_note":"","_monsterinsights_sitenote_category":0},"product_brand":[],"product_cat":[12573,12566],"product_tag":[],"class_list":{"0":"post-700829","1":"product","2":"type-product","3":"status-publish","5":"product_cat-akademik-kitaplar","6":"product_cat-egitim","7":"pa_cilt-ciltsiz","8":"pa_tur-kitap","9":"pa_yayinevi-gazi-kitabevi","10":"pa_yazar-mustafa-durmus","12":"first","13":"instock","14":"sale","15":"shipping-taxable","16":"purchasable","17":"product-type-simple"},"_links":{"self":[{"href":"https:\/\/roveyayinevi.com.tr\/index.php\/wp-json\/wp\/v2\/product\/700829","targetHints":{"allow":["GET"]}}],"collection":[{"href":"https:\/\/roveyayinevi.com.tr\/index.php\/wp-json\/wp\/v2\/product"}],"about":[{"href":"https:\/\/roveyayinevi.com.tr\/index.php\/wp-json\/wp\/v2\/types\/product"}],"wp:attachment":[{"href":"https:\/\/roveyayinevi.com.tr\/index.php\/wp-json\/wp\/v2\/media?parent=700829"}],"wp:term":[{"taxonomy":"product_brand","embeddable":true,"href":"https:\/\/roveyayinevi.com.tr\/index.php\/wp-json\/wp\/v2\/product_brand?post=700829"},{"taxonomy":"product_cat","embeddable":true,"href":"https:\/\/roveyayinevi.com.tr\/index.php\/wp-json\/wp\/v2\/product_cat?post=700829"},{"taxonomy":"product_tag","embeddable":true,"href":"https:\/\/roveyayinevi.com.tr\/index.php\/wp-json\/wp\/v2\/product_tag?post=700829"}],"curies":[{"name":"wp","href":"https:\/\/api.w.org\/{rel}","templated":true}]}}