{"id":700820,"date":"2025-08-27T15:02:21","date_gmt":"2025-08-27T12:02:21","guid":{"rendered":"https:\/\/roveyayinevi.com.tr\/index.php\/urun\/tasvirul-kulub-borkluce-mustafa\/"},"modified":"2026-04-13T02:12:33","modified_gmt":"2026-04-12T23:12:33","slug":"tasvirul-kulub-borkluce-mustafa","status":"publish","type":"product","link":"https:\/\/roveyayinevi.com.tr\/index.php\/urun\/tasvirul-kulub-borkluce-mustafa\/","title":{"rendered":"Tasvir\u00fc&#8217;l-Kul\u00fcb B\u00f6rkl\u00fcce Mustafa"},"content":{"rendered":"<p>B\u00f6rkl\u00fcce Mustafa, \u015eeyh Bedrettin\u00b4in kahyas\u0131 ve m\u00fcrididir. \u015eeyhli\u011fe onun vas\u0131tas\u0131yla y\u00fckselmi\u015ftir. \u015eeyh Bedrettin\u00b4in en \u00f6nde gelen m\u00fcridi oldu\u011fundan siyaseten \u00fczerine gidilmi\u015f, kamuoyunu olu\u015fturmak i\u00e7in de hakk\u0131nda itiraflar uydurulmu\u015ftur. <\/p>\n","protected":false},"excerpt":{"rendered":"<p>B\u00f6rkl\u00fcce Mustafa, \u015eeyh Bedrettin\u00b4in kahyas\u0131 ve m\u00fcrididir. \u015eeyhli\u011fe onun vas\u0131tas\u0131yla y\u00fckselmi\u015ftir. \u015eeyh Bedrettin\u00b4in en \u00f6nde gelen m\u00fcridi oldu\u011fundan siyaseten \u00fczerine gidilmi\u015f, kamuoyunu olu\u015fturmak i\u00e7in de hakk\u0131nda<span class=\"excerpt-hellip\"> [\u2026]<\/span><\/p>\n","protected":false},"featured_media":0,"template":"","meta":{"_monsterinsights_skip_tracking":false,"_monsterinsights_sitenote_active":false,"_monsterinsights_sitenote_note":"","_monsterinsights_sitenote_category":0},"product_brand":[],"product_cat":[12718,12719,12720],"product_tag":[],"class_list":{"0":"post-700820","1":"product","2":"type-product","3":"status-publish","5":"product_cat-din","6":"product_cat-islam","7":"product_cat-tasavvuf-mezhepler-tarikatlar","8":"pa_tur-kitap","9":"pa_yayinevi-baris-kitap","10":"pa_yazar-dursun-gumusoglu","12":"first","13":"instock","14":"sale","15":"shipping-taxable","16":"purchasable","17":"product-type-simple"},"_links":{"self":[{"href":"https:\/\/roveyayinevi.com.tr\/index.php\/wp-json\/wp\/v2\/product\/700820","targetHints":{"allow":["GET"]}}],"collection":[{"href":"https:\/\/roveyayinevi.com.tr\/index.php\/wp-json\/wp\/v2\/product"}],"about":[{"href":"https:\/\/roveyayinevi.com.tr\/index.php\/wp-json\/wp\/v2\/types\/product"}],"wp:attachment":[{"href":"https:\/\/roveyayinevi.com.tr\/index.php\/wp-json\/wp\/v2\/media?parent=700820"}],"wp:term":[{"taxonomy":"product_brand","embeddable":true,"href":"https:\/\/roveyayinevi.com.tr\/index.php\/wp-json\/wp\/v2\/product_brand?post=700820"},{"taxonomy":"product_cat","embeddable":true,"href":"https:\/\/roveyayinevi.com.tr\/index.php\/wp-json\/wp\/v2\/product_cat?post=700820"},{"taxonomy":"product_tag","embeddable":true,"href":"https:\/\/roveyayinevi.com.tr\/index.php\/wp-json\/wp\/v2\/product_tag?post=700820"}],"curies":[{"name":"wp","href":"https:\/\/api.w.org\/{rel}","templated":true}]}}