{"id":700817,"date":"2025-08-27T15:02:20","date_gmt":"2025-08-27T12:02:20","guid":{"rendered":"https:\/\/roveyayinevi.com.tr\/index.php\/urun\/din-bu-2-hz-muhammed\/"},"modified":"2026-04-16T02:10:04","modified_gmt":"2026-04-15T23:10:04","slug":"din-bu-2-hz-muhammed","status":"publish","type":"product","link":"https:\/\/roveyayinevi.com.tr\/index.php\/urun\/din-bu-2-hz-muhammed\/","title":{"rendered":"Din Bu 2 Hz. Muhammed"},"content":{"rendered":"<p>En eski &#8221; kutsal kitap&#8221; hangisidir?&#8221;Kutsal kitaplar&#8221; birbirlerinden nas\u0131l etkilenmi\u015flerdir? &#8220;Kutsal kitaplar&#8221;, kendi d\u0131\u015f\u0131ndan neler alm\u0131\u015flard\u0131r? G\u00f6zleri &#8220;g\u00f6\u011fe \u00e7evrik&#8221; ihsanlar n\u00e2s\u0131l insanlard\u0131r? Muhammed&#8217;e g\u00f6re, Muhammed&#8217;in &#8220;iman&#8221;\u0131 nereli? &#8220;Tanr\u0131&#8221;lar &#8220;erkek&#8221; olunca &#8220;kad\u0131n&#8221; hangi noktada kalm\u0131\u015ft\u0131r. \u00d6nce: &#8220;Kur&#8217;an&#8217;\u0131n kaynaklar\u0131&#8221;. Sonra da \u00f6b\u00fcrleri.Yery\u00fcz\u00fcnde &#8220;kutsal kitaplar&#8221;\u0131 \u00f6nce kendi i\u00e7lerinde incelemeye \u00e7al\u0131\u015ft\u0131m. Ard\u0131ndan bunlar\u0131 birbirleriyle kar\u015f\u0131la\u015ft\u0131rd\u0131m. Hangisinde ha\u011fgisinden ne \u00f6l\u00e7\u00fcde etkiler, al\u0131nt\u0131lar var; belirtmeye \u00e7al\u0131\u015ft\u0131m.&#8221;Kutsal kitaplar&#8221; diye bilinenlerin, kendilerinden \u00f6nceki yasalardan, \u00f6rnegin bir Hammurabi asalar\u0131ndan, ayr\u0131ca &#8220;s\u00f6ylence&#8221;leredn (efsanelerden), \u00f6rne\u011fin S\u00fcmer s\u00f6ylencelerinden ve \u00f6tekilerden neler alm\u0131\u015flarsa ara\u015ft\u0131rmam \u00f6l\u00e7\u00fcs\u00fcnde belirtmeye \u00e7al\u0131\u015ft\u0131m.<\/p>\n","protected":false},"excerpt":{"rendered":"<p>En eski &#8221; kutsal kitap&#8221; hangisidir?&#8221;Kutsal kitaplar&#8221; birbirlerinden nas\u0131l etkilenmi\u015flerdir? &#8220;Kutsal kitaplar&#8221;, kendi d\u0131\u015f\u0131ndan neler alm\u0131\u015flard\u0131r? G\u00f6zleri &#8220;g\u00f6\u011fe \u00e7evrik&#8221; ihsanlar n\u00e2s\u0131l insanlard\u0131r? Muhammed&#8217;e g\u00f6re, Muhammed&#8217;in &#8220;iman&#8221;\u0131<span class=\"excerpt-hellip\"> [\u2026]<\/span><\/p>\n","protected":false},"featured_media":0,"template":"","meta":{"_monsterinsights_skip_tracking":false,"_monsterinsights_sitenote_active":false,"_monsterinsights_sitenote_note":"","_monsterinsights_sitenote_category":0},"product_brand":[],"product_cat":[16789,12718,12719],"product_tag":[],"class_list":{"0":"post-700817","1":"product","2":"type-product","3":"status-publish","5":"product_cat-diger-islam","6":"product_cat-din","7":"product_cat-islam","8":"pa_cilt-ciltsiz","9":"pa_tur-kitap","10":"pa_yayinevi-kaynak-yayinlari","11":"pa_yazar-turan-dursun","13":"first","14":"instock","15":"sale","16":"shipping-taxable","17":"purchasable","18":"product-type-simple"},"_links":{"self":[{"href":"https:\/\/roveyayinevi.com.tr\/index.php\/wp-json\/wp\/v2\/product\/700817","targetHints":{"allow":["GET"]}}],"collection":[{"href":"https:\/\/roveyayinevi.com.tr\/index.php\/wp-json\/wp\/v2\/product"}],"about":[{"href":"https:\/\/roveyayinevi.com.tr\/index.php\/wp-json\/wp\/v2\/types\/product"}],"wp:attachment":[{"href":"https:\/\/roveyayinevi.com.tr\/index.php\/wp-json\/wp\/v2\/media?parent=700817"}],"wp:term":[{"taxonomy":"product_brand","embeddable":true,"href":"https:\/\/roveyayinevi.com.tr\/index.php\/wp-json\/wp\/v2\/product_brand?post=700817"},{"taxonomy":"product_cat","embeddable":true,"href":"https:\/\/roveyayinevi.com.tr\/index.php\/wp-json\/wp\/v2\/product_cat?post=700817"},{"taxonomy":"product_tag","embeddable":true,"href":"https:\/\/roveyayinevi.com.tr\/index.php\/wp-json\/wp\/v2\/product_tag?post=700817"}],"curies":[{"name":"wp","href":"https:\/\/api.w.org\/{rel}","templated":true}]}}