{"id":700785,"date":"2025-08-27T15:02:11","date_gmt":"2025-08-27T12:02:11","guid":{"rendered":"https:\/\/roveyayinevi.com.tr\/index.php\/urun\/kizil-yildiz\/"},"modified":"2026-04-16T02:10:03","modified_gmt":"2026-04-15T23:10:03","slug":"kizil-yildiz","status":"publish","type":"product","link":"https:\/\/roveyayinevi.com.tr\/index.php\/urun\/kizil-yildiz\/","title":{"rendered":"K\u0131z\u0131l Y\u0131ld\u0131z"},"content":{"rendered":"<p>Lenin\u2019in Bol\u015fevik Partisi\u2019ndeki \u00e7al\u0131\u015fma arkada\u015flar\u0131ndan Rus bilim adam\u0131, felsefeci ve yazar Aleksandr Bogdanov (1873-1928) ayn\u0131 zamanda bir bilim kurgu yazar\u0131d\u0131r. Bogdanov, b\u00fcy\u00fck ilgiyle kar\u015f\u0131lanan K\u0131z\u0131l Y\u0131ld\u0131z (1908) roman\u0131nda, gelece\u011fin sosyalizminin bilimsel tahminlere dayal\u0131 ayr\u0131nt\u0131l\u0131, canl\u0131 bir tasvirini sunar. K\u0131z\u0131l Gezegen olarak bilinen Mars\u2019ta insanl\u0131k ileri bir sosyalizm d\u00fczenine kavu\u015fmu\u015ftur. Dahas\u0131, gezegenin insanlar\u0131, sahip olduklar\u0131 bilimsel-teknolojik donan\u0131m sayesinde kom\u015fu gezegen D\u00fcnya\u2019ya ula\u015fmay\u0131 ba\u015farm\u0131\u015flard\u0131r. S\u0131rada, an\u0131 idealler i\u00e7in m\u00fccadele eden devrimci partilerin temsilcilerini, in\u015fa edilmi\u015f olan ileri toplumsal sistemi g\u00f6zlemek \u00fczere kendi gezegenlerine konuk etmek vard\u0131r. Bu heyecanl\u0131 yolculu\u011fa uygun g\u00f6r\u00fclen bir parti militan\u0131n\u0131n g\u00f6z\u00fcnden Mars\u2019a yap\u0131lan yolculu\u011fa ve oradaki hayata tan\u0131kl\u0131k ederiz&#8230; Romanda yer alan atom enerjisinin \u00f6\u011frenilip kullan\u0131lmas\u0131, \u00fcretimin otomatikle\u015ftirilmesi, televizyon, insan\u0131n uzaya \u00e7\u0131k\u0131\u015f\u0131 gibi -bilim kurgu yazar\u0131 Y. Parnov\u2019un s\u00f6zleriyle ola\u011fan\u00fcst\u00fc derinlikteki bilimsel \u00f6nsezilerin alt\u0131n p\u0131r\u0131lt\u0131lar\u0131 en ilgisiz okurlarda bile ilgi uyand\u0131rmay\u0131 ba\u015farm\u0131\u015ft\u0131r. K\u0131z\u0131l Y\u0131ld\u0131z roman\u0131nda \u00f6nemli sosyal tahminlere de yer verilmi\u015ftir: \u00d6rne\u011fin Marsl\u0131lar\u0131n sosyalizmi, \u00e7evre kirlili\u011fi ve do\u011fal kaynaklar\u0131n t\u00fckenmesi sonucunda ortaya \u00e7\u0131kacak olan zorluklar\u0131n fark\u0131ndad\u0131r. \ufffcTan\u0131t\u0131m Metni<\/p>\n","protected":false},"excerpt":{"rendered":"<p>Lenin\u2019in Bol\u015fevik Partisi\u2019ndeki \u00e7al\u0131\u015fma arkada\u015flar\u0131ndan Rus bilim adam\u0131, felsefeci ve yazar Aleksandr Bogdanov (1873-1928) ayn\u0131 zamanda bir bilim kurgu yazar\u0131d\u0131r. Bogdanov, b\u00fcy\u00fck ilgiyle kar\u015f\u0131lanan K\u0131z\u0131l Y\u0131ld\u0131z<span class=\"excerpt-hellip\"> [\u2026]<\/span><\/p>\n","protected":false},"featured_media":0,"template":"","meta":{"_monsterinsights_skip_tracking":false,"_monsterinsights_sitenote_active":false,"_monsterinsights_sitenote_note":"","_monsterinsights_sitenote_category":0},"product_brand":[],"product_cat":[12291,13570],"product_tag":[],"class_list":{"0":"post-700785","1":"product","2":"type-product","3":"status-publish","5":"product_cat-edebiyat","6":"product_cat-rus-edebiyati","7":"pa_cilt-ciltsiz","8":"pa_tur-kitap","9":"pa_yayinevi-yordam-kitap","10":"pa_yazar-aleksandr-bogdanov","12":"first","13":"instock","14":"sale","15":"shipping-taxable","16":"purchasable","17":"product-type-simple"},"_links":{"self":[{"href":"https:\/\/roveyayinevi.com.tr\/index.php\/wp-json\/wp\/v2\/product\/700785","targetHints":{"allow":["GET"]}}],"collection":[{"href":"https:\/\/roveyayinevi.com.tr\/index.php\/wp-json\/wp\/v2\/product"}],"about":[{"href":"https:\/\/roveyayinevi.com.tr\/index.php\/wp-json\/wp\/v2\/types\/product"}],"wp:attachment":[{"href":"https:\/\/roveyayinevi.com.tr\/index.php\/wp-json\/wp\/v2\/media?parent=700785"}],"wp:term":[{"taxonomy":"product_brand","embeddable":true,"href":"https:\/\/roveyayinevi.com.tr\/index.php\/wp-json\/wp\/v2\/product_brand?post=700785"},{"taxonomy":"product_cat","embeddable":true,"href":"https:\/\/roveyayinevi.com.tr\/index.php\/wp-json\/wp\/v2\/product_cat?post=700785"},{"taxonomy":"product_tag","embeddable":true,"href":"https:\/\/roveyayinevi.com.tr\/index.php\/wp-json\/wp\/v2\/product_tag?post=700785"}],"curies":[{"name":"wp","href":"https:\/\/api.w.org\/{rel}","templated":true}]}}