{"id":700781,"date":"2025-08-27T15:02:10","date_gmt":"2025-08-27T12:02:10","guid":{"rendered":"https:\/\/roveyayinevi.com.tr\/index.php\/urun\/turk-saginin-uc-hali\/"},"modified":"2026-04-16T02:10:03","modified_gmt":"2026-04-15T23:10:03","slug":"turk-saginin-uc-hali","status":"publish","type":"product","link":"https:\/\/roveyayinevi.com.tr\/index.php\/urun\/turk-saginin-uc-hali\/","title":{"rendered":"T\u00fcrk Sa\u011f\u0131n\u0131n \u00dc\u00e7 Hali"},"content":{"rendered":"<p>Milliyet\u00e7ilik, Muhafazakarl\u0131k, \u0130slamc\u0131l\u0131k&#8230; T\u00fcrk Sa\u011f\u0131n\u0131n ana malzemesi olan bu \u00fc\u00e7 ideoloji, \u00fc\u00e7 ayr\u0131 pozisyon olman\u0131n \u00f6tesinde, beraberce bir yumak olu\u015fturmuyorlar m\u0131? \u00d6yleyse birbirine nas\u0131l ba\u011flan\u0131yor, nerelerde kesi\u015fiyor, birbirleriyle nas\u0131l i\u00e7i\u00e7e ge\u00e7iyorlar? \ufffcTan\u0131t\u0131m Metni<\/p>\n","protected":false},"excerpt":{"rendered":"<p>Milliyet\u00e7ilik, Muhafazakarl\u0131k, \u0130slamc\u0131l\u0131k&#8230; T\u00fcrk Sa\u011f\u0131n\u0131n ana malzemesi olan bu \u00fc\u00e7 ideoloji, \u00fc\u00e7 ayr\u0131 pozisyon olman\u0131n \u00f6tesinde, beraberce bir yumak olu\u015fturmuyorlar m\u0131? \u00d6yleyse birbirine nas\u0131l ba\u011flan\u0131yor, nerelerde<span class=\"excerpt-hellip\"> [\u2026]<\/span><\/p>\n","protected":false},"featured_media":0,"template":"","meta":{"_monsterinsights_skip_tracking":false,"_monsterinsights_sitenote_active":false,"_monsterinsights_sitenote_note":"","_monsterinsights_sitenote_category":0},"product_brand":[],"product_cat":[13656,12337],"product_tag":[],"class_list":{"0":"post-700781","1":"product","2":"type-product","3":"status-publish","5":"product_cat-azinliklar-etnik-sorunlar","6":"product_cat-politika-siyaset","7":"pa_cilt-ciltsiz","8":"pa_tur-kitap","9":"pa_yayinevi-iletisim-yayinlari","10":"pa_yazar-tanil-bora","12":"first","13":"instock","14":"sale","15":"shipping-taxable","16":"purchasable","17":"product-type-simple"},"_links":{"self":[{"href":"https:\/\/roveyayinevi.com.tr\/index.php\/wp-json\/wp\/v2\/product\/700781","targetHints":{"allow":["GET"]}}],"collection":[{"href":"https:\/\/roveyayinevi.com.tr\/index.php\/wp-json\/wp\/v2\/product"}],"about":[{"href":"https:\/\/roveyayinevi.com.tr\/index.php\/wp-json\/wp\/v2\/types\/product"}],"wp:attachment":[{"href":"https:\/\/roveyayinevi.com.tr\/index.php\/wp-json\/wp\/v2\/media?parent=700781"}],"wp:term":[{"taxonomy":"product_brand","embeddable":true,"href":"https:\/\/roveyayinevi.com.tr\/index.php\/wp-json\/wp\/v2\/product_brand?post=700781"},{"taxonomy":"product_cat","embeddable":true,"href":"https:\/\/roveyayinevi.com.tr\/index.php\/wp-json\/wp\/v2\/product_cat?post=700781"},{"taxonomy":"product_tag","embeddable":true,"href":"https:\/\/roveyayinevi.com.tr\/index.php\/wp-json\/wp\/v2\/product_tag?post=700781"}],"curies":[{"name":"wp","href":"https:\/\/api.w.org\/{rel}","templated":true}]}}