{"id":700764,"date":"2025-08-27T15:02:05","date_gmt":"2025-08-27T12:02:05","guid":{"rendered":"https:\/\/roveyayinevi.com.tr\/index.php\/urun\/arastirma-deseni\/"},"modified":"2026-04-16T02:10:03","modified_gmt":"2026-04-15T23:10:03","slug":"arastirma-deseni","status":"publish","type":"product","link":"https:\/\/roveyayinevi.com.tr\/index.php\/urun\/arastirma-deseni\/","title":{"rendered":"Ara\u015ft\u0131rma Deseni"},"content":{"rendered":"<p>Merakla Beklenen bu kitab\u0131n d\u00f6rd\u00fcnc\u00fc bask\u0131s\u0131nda; nicel, nitel ve karma y\u00f6ntem ara\u015ft\u0131rma desenleri kar\u015f\u0131la\u015ft\u0131rmal\u0131 olarak okuyucuya sunulmu\u015ftur. Kitap iki k\u0131s\u0131mdan olu\u015fmaktad\u0131r. \ufffcTan\u0131t\u0131m Metni<\/p>\n","protected":false},"excerpt":{"rendered":"<p>Merakla Beklenen bu kitab\u0131n d\u00f6rd\u00fcnc\u00fc bask\u0131s\u0131nda; nicel, nitel ve karma y\u00f6ntem ara\u015ft\u0131rma desenleri kar\u015f\u0131la\u015ft\u0131rmal\u0131 olarak okuyucuya sunulmu\u015ftur. Kitap iki k\u0131s\u0131mdan olu\u015fmaktad\u0131r. \ufffcTan\u0131t\u0131m Metni<\/p>\n","protected":false},"featured_media":0,"template":"","meta":{"_monsterinsights_skip_tracking":false,"_monsterinsights_sitenote_active":false,"_monsterinsights_sitenote_note":"","_monsterinsights_sitenote_category":0},"product_brand":[],"product_cat":[12389,12388],"product_tag":[],"class_list":{"0":"post-700764","1":"product","2":"type-product","3":"status-publish","5":"product_cat-diger-felsefe","6":"product_cat-felsefe","7":"pa_cilt-ciltsiz","8":"pa_tur-kitap","9":"pa_yayinevi-egiten-kitap","10":"pa_yazar-john-w-creswell","12":"first","13":"instock","14":"sale","15":"shipping-taxable","16":"purchasable","17":"product-type-simple"},"_links":{"self":[{"href":"https:\/\/roveyayinevi.com.tr\/index.php\/wp-json\/wp\/v2\/product\/700764","targetHints":{"allow":["GET"]}}],"collection":[{"href":"https:\/\/roveyayinevi.com.tr\/index.php\/wp-json\/wp\/v2\/product"}],"about":[{"href":"https:\/\/roveyayinevi.com.tr\/index.php\/wp-json\/wp\/v2\/types\/product"}],"wp:attachment":[{"href":"https:\/\/roveyayinevi.com.tr\/index.php\/wp-json\/wp\/v2\/media?parent=700764"}],"wp:term":[{"taxonomy":"product_brand","embeddable":true,"href":"https:\/\/roveyayinevi.com.tr\/index.php\/wp-json\/wp\/v2\/product_brand?post=700764"},{"taxonomy":"product_cat","embeddable":true,"href":"https:\/\/roveyayinevi.com.tr\/index.php\/wp-json\/wp\/v2\/product_cat?post=700764"},{"taxonomy":"product_tag","embeddable":true,"href":"https:\/\/roveyayinevi.com.tr\/index.php\/wp-json\/wp\/v2\/product_tag?post=700764"}],"curies":[{"name":"wp","href":"https:\/\/api.w.org\/{rel}","templated":true}]}}