{"id":700752,"date":"2025-08-27T15:02:01","date_gmt":"2025-08-27T12:02:01","guid":{"rendered":"https:\/\/roveyayinevi.com.tr\/index.php\/urun\/son-sultan\/"},"modified":"2026-04-16T02:10:02","modified_gmt":"2026-04-15T23:10:02","slug":"son-sultan","status":"publish","type":"product","link":"https:\/\/roveyayinevi.com.tr\/index.php\/urun\/son-sultan\/","title":{"rendered":"Son Sultan"},"content":{"rendered":"<p>90 Y\u0131l Sonta \u0130lk Defa Yay\u0131nlanan Belgelerle Son Sultan&#8217;\u0131n Bilinmeyen Y\u0131llar\u0131&#8230;\u201cE\u011fer Sanremo Devlet Ar\u015fivi\u2019nde bir tomar rastgele derlenmi\u015f adli belge ile birlikte 6,35 mm\u2019lik kullan\u0131lm\u0131\u015f bir mermi i\u00e7eren mavi zarf\u0131 bulmam\u0131\u015f olsayd\u0131m, bu kitap biraz zor yaz\u0131l\u0131rd\u0131. Belgelerdeki soru\u015fturman\u0131n konusu, 14 Mart 1924 tarihinde Villa Nobel\u2019de, kafatas\u0131na s\u00f6z konusu mermi saplanm\u0131\u015f halde bulunan Sultan Vahdeddin\u2019in \u00f6zel doktoru Re\u015fad Pa\u015fa\u2019n\u0131n \u00f6l\u00fcm\u00fcyd\u00fc.\u201dRiccardo Mandelli20 May\u0131s 1923\u2019te Osmanl\u0131 \u0130mparatorlu\u011fu\u2019nun Son Sultan\u0131 Vahdeddin ge\u00e7ici bir s\u00fcre ya\u015fayaca\u011f\u0131na inand\u0131\u011f\u0131 Sanremo\u2019ya geldi. Kalbinde hep g\u00fcn\u00fcn birinde vatan\u0131na sultan olarak, muzaffer bir \u015fekilde d\u00f6nme umudu vard\u0131. \u00dc\u00e7 y\u0131l boyunca hep bu umutla ya\u015fad\u0131. Fakat fakr u zaruret, maiyyetindeki casuslar, kumar bata\u011f\u0131na saplanm\u0131\u015f ac\u0131mas\u0131z yard\u0131mc\u0131lar ve s\u00fcrekli ba\u015flar\u0131 derde giren akrabalar pe\u015fini b\u0131rakmad\u0131. Ve bir g\u00fcn beyninde bir kur\u015funla bulunan depresif doktoru Re\u015fad Pa\u015fa&#8230; Bu bir intihar m\u0131yd\u0131 yoksa cinayet mi? Peki Doktor Re\u015fad\u2019dan sonra s\u0131ra kime gelecekti? Etraf\u0131ndaki cinayet \u00e7emberi daralarak Son Sultan\u2019\u0131 da m\u0131 i\u00e7ine alacakt\u0131? <\/p>\n","protected":false},"excerpt":{"rendered":"<p>90 Y\u0131l Sonta \u0130lk Defa Yay\u0131nlanan Belgelerle Son Sultan&#8217;\u0131n Bilinmeyen Y\u0131llar\u0131&#8230;\u201cE\u011fer Sanremo Devlet Ar\u015fivi\u2019nde bir tomar rastgele derlenmi\u015f adli belge ile birlikte 6,35 mm\u2019lik kullan\u0131lm\u0131\u015f bir<span class=\"excerpt-hellip\"> [\u2026]<\/span><\/p>\n","protected":false},"featured_media":0,"template":"","meta":{"_monsterinsights_skip_tracking":false,"_monsterinsights_sitenote_active":false,"_monsterinsights_sitenote_note":"","_monsterinsights_sitenote_category":0},"product_brand":[],"product_cat":[13517,12304],"product_tag":[],"class_list":{"0":"post-700752","1":"product","2":"type-product","3":"status-publish","5":"product_cat-osmanli-tarihi","6":"product_cat-tarih","7":"pa_tur-kitap","8":"pa_yayinevi-timas-yayinlari","9":"pa_yazar-riccardo-mandelli","11":"first","12":"instock","13":"sale","14":"shipping-taxable","15":"purchasable","16":"product-type-simple"},"_links":{"self":[{"href":"https:\/\/roveyayinevi.com.tr\/index.php\/wp-json\/wp\/v2\/product\/700752","targetHints":{"allow":["GET"]}}],"collection":[{"href":"https:\/\/roveyayinevi.com.tr\/index.php\/wp-json\/wp\/v2\/product"}],"about":[{"href":"https:\/\/roveyayinevi.com.tr\/index.php\/wp-json\/wp\/v2\/types\/product"}],"wp:attachment":[{"href":"https:\/\/roveyayinevi.com.tr\/index.php\/wp-json\/wp\/v2\/media?parent=700752"}],"wp:term":[{"taxonomy":"product_brand","embeddable":true,"href":"https:\/\/roveyayinevi.com.tr\/index.php\/wp-json\/wp\/v2\/product_brand?post=700752"},{"taxonomy":"product_cat","embeddable":true,"href":"https:\/\/roveyayinevi.com.tr\/index.php\/wp-json\/wp\/v2\/product_cat?post=700752"},{"taxonomy":"product_tag","embeddable":true,"href":"https:\/\/roveyayinevi.com.tr\/index.php\/wp-json\/wp\/v2\/product_tag?post=700752"}],"curies":[{"name":"wp","href":"https:\/\/api.w.org\/{rel}","templated":true}]}}