{"id":700750,"date":"2025-08-27T15:02:01","date_gmt":"2025-08-27T12:02:01","guid":{"rendered":"https:\/\/roveyayinevi.com.tr\/index.php\/urun\/toplumsal-olaylar-yonetimi\/"},"modified":"2026-04-16T02:10:02","modified_gmt":"2026-04-15T23:10:02","slug":"toplumsal-olaylar-yonetimi","status":"publish","type":"product","link":"https:\/\/roveyayinevi.com.tr\/index.php\/urun\/toplumsal-olaylar-yonetimi\/","title":{"rendered":"Toplumsal Olaylar Y\u00f6netimi"},"content":{"rendered":"<p>27 May\u0131s cumhuriyet tarihinin ilk askeri darbesi olarak tarihe ge\u00e7mi\u015ftir. Darbeye giden s\u00fcrece genel olarak bak\u0131ld\u0131\u011f\u0131nda dikkat \u00e7eken hususlardan birisi de sokaklar\u0131n hareketlili\u011fi bir ba\u015fka deyi\u015fle toplumsal olaylar\u0131n say\u0131s\u0131ndaki h\u0131zl\u0131 art\u0131\u015ft\u0131r. Bu ilk askeri darbeyi takip eden di\u011fer darbelerde de toplumsal olaylar\u0131n say\u0131s\u0131ndaki fazlal\u0131k yine dikkat \u00e7eker. G\u00fcn\u00fcm\u00fczde ise toplumsal olaylar kimi \u00e7evrelerce darbe olarak nitelenmeye ba\u015flam\u0131\u015ft\u0131r. B\u00fct\u00fcn bunlar\u0131n ard\u0131ndan vurgulanmas\u0131 gereken husus, T\u00fcrkiye\u2019de toplumsal olaylar\u0131n yeterince incelenmemi\u015f olmas\u0131d\u0131r. Asl\u0131nda bu alanda yap\u0131lmas\u0131 gerekenlerden birisi ger\u00e7ekle\u015fen toplumsal olaylar\u0131n derinlemesine incelenmesi, kat\u0131l\u0131mc\u0131, polis, siyasi ve di\u011fer akt\u00f6rlerin sergiledikleri rollerin do\u011fru ve yanl\u0131\u015f y\u00f6nlerinin ortaya konulmas\u0131d\u0131r. \u0130\u015fte bu kitap da bu ba\u011flamda k\u0131s\u0131tl\u0131 da olsa toplumsal olaylar\u0131 farkl\u0131 a\u00e7\u0131lardan de\u011ferlendirmeye \u00e7al\u0131\u015fm\u0131\u015ft\u0131r. \u00d6zellikle de 1977\u2019den bu tarafa toplumsal haf\u0131zada yer tutan 1 May\u0131s kutlamalar\u0131 ile yak\u0131n tarihe damga vuran Gezi Olaylar\u0131 yap\u0131lmas\u0131 beklenen incelemelere birer \u00f6rnek olarak haz\u0131rlanm\u0131\u015ft\u0131r. <\/p>\n","protected":false},"excerpt":{"rendered":"<p>27 May\u0131s cumhuriyet tarihinin ilk askeri darbesi olarak tarihe ge\u00e7mi\u015ftir. Darbeye giden s\u00fcrece genel olarak bak\u0131ld\u0131\u011f\u0131nda dikkat \u00e7eken hususlardan birisi de sokaklar\u0131n hareketlili\u011fi bir ba\u015fka deyi\u015fle<span class=\"excerpt-hellip\"> [\u2026]<\/span><\/p>\n","protected":false},"featured_media":0,"template":"","meta":{"_monsterinsights_skip_tracking":false,"_monsterinsights_sitenote_active":false,"_monsterinsights_sitenote_note":"","_monsterinsights_sitenote_category":0},"product_brand":[],"product_cat":[12351,12324],"product_tag":[],"class_list":{"0":"post-700750","1":"product","2":"type-product","3":"status-publish","5":"product_cat-siyaset-sosyolojisi","6":"product_cat-sosyoloji","7":"pa_tur-kitap","8":"pa_yayinevi-efil-yayinevi","9":"pa_yazar-kolektif","11":"first","12":"instock","13":"sale","14":"shipping-taxable","15":"purchasable","16":"product-type-simple"},"_links":{"self":[{"href":"https:\/\/roveyayinevi.com.tr\/index.php\/wp-json\/wp\/v2\/product\/700750","targetHints":{"allow":["GET"]}}],"collection":[{"href":"https:\/\/roveyayinevi.com.tr\/index.php\/wp-json\/wp\/v2\/product"}],"about":[{"href":"https:\/\/roveyayinevi.com.tr\/index.php\/wp-json\/wp\/v2\/types\/product"}],"wp:attachment":[{"href":"https:\/\/roveyayinevi.com.tr\/index.php\/wp-json\/wp\/v2\/media?parent=700750"}],"wp:term":[{"taxonomy":"product_brand","embeddable":true,"href":"https:\/\/roveyayinevi.com.tr\/index.php\/wp-json\/wp\/v2\/product_brand?post=700750"},{"taxonomy":"product_cat","embeddable":true,"href":"https:\/\/roveyayinevi.com.tr\/index.php\/wp-json\/wp\/v2\/product_cat?post=700750"},{"taxonomy":"product_tag","embeddable":true,"href":"https:\/\/roveyayinevi.com.tr\/index.php\/wp-json\/wp\/v2\/product_tag?post=700750"}],"curies":[{"name":"wp","href":"https:\/\/api.w.org\/{rel}","templated":true}]}}