{"id":700744,"date":"2025-08-27T15:01:59","date_gmt":"2025-08-27T12:01:59","guid":{"rendered":"https:\/\/roveyayinevi.com.tr\/index.php\/urun\/kirpinin-zarafeti\/"},"modified":"2026-04-16T02:10:02","modified_gmt":"2026-04-15T23:10:02","slug":"kirpinin-zarafeti","status":"publish","type":"product","link":"https:\/\/roveyayinevi.com.tr\/index.php\/urun\/kirpinin-zarafeti\/","title":{"rendered":"Kirpinin Zarafeti"},"content":{"rendered":"<p>Paris\u2019in merkezinde, g\u00f6steri\u015fli bir apartmanda, m\u00fczik, resim ve felsefe merakl\u0131s\u0131, Rus edebiyat\u0131 ve Japon sinemas\u0131 tutkunu elli d\u00f6rt ya\u015f\u0131nda bir kap\u0131c\u0131 kad\u0131n. Son derece zeki ve \u00fcst\u00fcn yetenekli ama i\u00e7e d\u00f6n\u00fck ve ya\u015f g\u00fcn\u00fcnde intihar etmeyi planlayan on iki ya\u015f\u0131nda bir k\u0131z \u00e7ocu\u011fu. Utanga\u00e7 bu iki \u00f6zel insan\u0131 birle\u015ftir en ba\u011f binaya yeni ta\u015f\u0131nan kibar Japon beyefendisi olacakt\u0131r. Sessiz insanlar\u0131n zengin i\u00e7 d\u00fcnyalar\u0131nda geli\u015fen, g\u00f6ze \u00e7arpmayan g\u00fczellikleri y\u00fccelten, s\u0131n\u0131flar ve nesiller \u00f6tesi bir dostlu\u011fu konu edinen Kirpinin Zarafeti, pek \u00e7ok \u00fclkede yay\u0131mlanm\u0131\u015f, milyonlarca okura ula\u015fm\u0131\u015f, zarif ve etkileyici bir roman. \u201cHer \u015feyin, \u00f6zellikle de hayata dair mutlak olgular\u0131n ne kadar pamuk ipli\u011fine ba\u011fl\u0131 oldu\u011funu g\u00f6steren nefis bir kitap.\u201d Le Soir \u201cBarbery hayat\u0131n k\u00fc\u00e7\u00fck keyiflerini, her \u015feyin Marcel Proust\u2019un o sonsuz nostaljisi ile dengede oldu\u011fu muhte\u015fem anlar\u0131 yakalamay\u0131 ba\u015far\u0131yor.\u201d L\u2019Express \u201cB\u00fct\u00fcn b\u00fcy\u00fck yap\u0131tlar gibi bu hik\u00e2ye de kalbinizi k\u0131racak, ama bazen hayat\u0131n bu h\u00fczne de\u011fece\u011fini anlaman\u0131z\u0131 \u2013ya da hat\u0131rlaman\u0131z\u0131 sa\u011flayacak.\u201d <\/p>\n","protected":false},"excerpt":{"rendered":"<p>Paris\u2019in merkezinde, g\u00f6steri\u015fli bir apartmanda, m\u00fczik, resim ve felsefe merakl\u0131s\u0131, Rus edebiyat\u0131 ve Japon sinemas\u0131 tutkunu elli d\u00f6rt ya\u015f\u0131nda bir kap\u0131c\u0131 kad\u0131n. Son derece zeki ve<span class=\"excerpt-hellip\"> [\u2026]<\/span><\/p>\n","protected":false},"featured_media":0,"template":"","meta":{"_monsterinsights_skip_tracking":false,"_monsterinsights_sitenote_active":false,"_monsterinsights_sitenote_note":"","_monsterinsights_sitenote_category":0},"product_brand":[],"product_cat":[12291,13376],"product_tag":[],"class_list":{"0":"post-700744","1":"product","2":"type-product","3":"status-publish","5":"product_cat-edebiyat","6":"product_cat-fransiz-edebiyati","7":"pa_cilt-ciltsiz","8":"pa_tur-kitap","9":"pa_yayinevi-kirmizi-kedi-yayinevi","10":"pa_yazar-muriel-barbery","12":"first","13":"instock","14":"sale","15":"shipping-taxable","16":"purchasable","17":"product-type-simple"},"_links":{"self":[{"href":"https:\/\/roveyayinevi.com.tr\/index.php\/wp-json\/wp\/v2\/product\/700744","targetHints":{"allow":["GET"]}}],"collection":[{"href":"https:\/\/roveyayinevi.com.tr\/index.php\/wp-json\/wp\/v2\/product"}],"about":[{"href":"https:\/\/roveyayinevi.com.tr\/index.php\/wp-json\/wp\/v2\/types\/product"}],"wp:attachment":[{"href":"https:\/\/roveyayinevi.com.tr\/index.php\/wp-json\/wp\/v2\/media?parent=700744"}],"wp:term":[{"taxonomy":"product_brand","embeddable":true,"href":"https:\/\/roveyayinevi.com.tr\/index.php\/wp-json\/wp\/v2\/product_brand?post=700744"},{"taxonomy":"product_cat","embeddable":true,"href":"https:\/\/roveyayinevi.com.tr\/index.php\/wp-json\/wp\/v2\/product_cat?post=700744"},{"taxonomy":"product_tag","embeddable":true,"href":"https:\/\/roveyayinevi.com.tr\/index.php\/wp-json\/wp\/v2\/product_tag?post=700744"}],"curies":[{"name":"wp","href":"https:\/\/api.w.org\/{rel}","templated":true}]}}