{"id":700733,"date":"2025-08-27T15:01:56","date_gmt":"2025-08-27T12:01:56","guid":{"rendered":"https:\/\/roveyayinevi.com.tr\/index.php\/urun\/bereket-kultu-ve-mabet-fahiseligi\/"},"modified":"2026-04-16T02:10:02","modified_gmt":"2026-04-15T23:10:02","slug":"bereket-kultu-ve-mabet-fahiseligi","status":"publish","type":"product","link":"https:\/\/roveyayinevi.com.tr\/index.php\/urun\/bereket-kultu-ve-mabet-fahiseligi\/","title":{"rendered":"Bereket K\u00fclt\u00fc ve Mabet Fahi\u015feli\u011fi"},"content":{"rendered":"<p>Muazzez \u0130lmiye \u00c7\u0131\u011f, bu kitapta, Sumer\u2019i\u015fn A\u015fk ve Bereket Tanr\u0131\u00e7as\u0131 \u0130nanma, bereket k\u00fclt\u00fc ve mabet fahi\u015feli\u011finin Teratta\u2019ki izlerini s\u00fcr\u00fcyor. &#8211; \u0130nanna\u2019n\u0131n kutsal evlenme \u00f6yk\u00fcs\u00fc, bereket k\u00fclt\u00fc e\u011flenceleri ve Sumer \u015fiirleriyle Tekratta\u2019ki Ne\u015fideler Ne\u015fidesi adl\u0131 \u015fiir aras\u0131ndaki benzerlikler&#8230; &#8211; Sumer efsaneleriyle Musevi efsaneleri aras\u0131ndaki ortak noktalar. &#8211; Yery\u00fcz\u00fcn\u00fcn ilk fahi\u015feleri &#8211; Tanr\u0131\u00e7a \u0130nanna\u2019y\u0131 G\u00f6\u011f\u00fcn Fahi\u015fesi diye adland\u0131ran belgeler. &#8211; Kendilerini, tanr\u0131 nam\u0131na bu i\u015fe g\u00f6n\u00fcll\u00fc olarak adayan kad\u0131nlar; kutsal fahi\u015feler&#8230; &#8211; \u0130nanna\u2019n\u0131n mabetlerinde rahibelerin bir g\u00f6revi de kutsal fahi\u015felik&#8230; &#8211; Tevrat\u2019taki iki t\u00fcrl\u00fc fahi\u015felik &#8211; Bir kurum ve meslek olarak g\u00f6r\u00fclen mabet fahi\u015feli\u011fi&#8230; &#8211; Tevrat ayetlerinde ve Tanr\u0131\u00e7a \u0130nanna\u2019ya yaz\u0131lan ilahilerde g\u00f6r\u00fclen Kutsal Erkekler &#8230; \ufffcTan\u0131t\u0131m Metni<\/p>\n","protected":false},"excerpt":{"rendered":"<p>Muazzez \u0130lmiye \u00c7\u0131\u011f, bu kitapta, Sumer\u2019i\u015fn A\u015fk ve Bereket Tanr\u0131\u00e7as\u0131 \u0130nanma, bereket k\u00fclt\u00fc ve mabet fahi\u015feli\u011finin Teratta\u2019ki izlerini s\u00fcr\u00fcyor. &#8211; \u0130nanna\u2019n\u0131n kutsal evlenme \u00f6yk\u00fcs\u00fc, bereket k\u00fclt\u00fc<span class=\"excerpt-hellip\"> [\u2026]<\/span><\/p>\n","protected":false},"featured_media":0,"template":"","meta":{"_monsterinsights_skip_tracking":false,"_monsterinsights_sitenote_active":false,"_monsterinsights_sitenote_note":"","_monsterinsights_sitenote_category":0},"product_brand":[],"product_cat":[12312,12304],"product_tag":[],"class_list":{"0":"post-700733","1":"product","2":"type-product","3":"status-publish","5":"product_cat-diger","6":"product_cat-tarih","7":"pa_cilt-ciltsiz","8":"pa_tur-kitap","9":"pa_yayinevi-kaynak-yayinlari","10":"pa_yazar-muazzez-ilmiye-cig","12":"first","13":"instock","14":"sale","15":"shipping-taxable","16":"purchasable","17":"product-type-simple"},"_links":{"self":[{"href":"https:\/\/roveyayinevi.com.tr\/index.php\/wp-json\/wp\/v2\/product\/700733","targetHints":{"allow":["GET"]}}],"collection":[{"href":"https:\/\/roveyayinevi.com.tr\/index.php\/wp-json\/wp\/v2\/product"}],"about":[{"href":"https:\/\/roveyayinevi.com.tr\/index.php\/wp-json\/wp\/v2\/types\/product"}],"wp:attachment":[{"href":"https:\/\/roveyayinevi.com.tr\/index.php\/wp-json\/wp\/v2\/media?parent=700733"}],"wp:term":[{"taxonomy":"product_brand","embeddable":true,"href":"https:\/\/roveyayinevi.com.tr\/index.php\/wp-json\/wp\/v2\/product_brand?post=700733"},{"taxonomy":"product_cat","embeddable":true,"href":"https:\/\/roveyayinevi.com.tr\/index.php\/wp-json\/wp\/v2\/product_cat?post=700733"},{"taxonomy":"product_tag","embeddable":true,"href":"https:\/\/roveyayinevi.com.tr\/index.php\/wp-json\/wp\/v2\/product_tag?post=700733"}],"curies":[{"name":"wp","href":"https:\/\/api.w.org\/{rel}","templated":true}]}}