{"id":700730,"date":"2025-08-27T15:01:55","date_gmt":"2025-08-27T12:01:55","guid":{"rendered":"https:\/\/roveyayinevi.com.tr\/index.php\/urun\/biz-idilden-uraldan\/"},"modified":"2026-04-16T02:10:02","modified_gmt":"2026-04-15T23:10:02","slug":"biz-idilden-uraldan","status":"publish","type":"product","link":"https:\/\/roveyayinevi.com.tr\/index.php\/urun\/biz-idilden-uraldan\/","title":{"rendered":"Biz \u0130dil&#8217;den Ural&#8217;dan&#8230;"},"content":{"rendered":"<p>Biz \u0130dil\u2019den, Ural\u2019dan, Kuzey T\u00fcrklerinin tarihine parmak basan \u00f6nemli olaylar\u0131 ve olaylar\u0131n kahramanlar\u0131n\u0131 konu edinmi\u015ftir. Y\u00fczy\u0131llard\u0131r Rus zulm\u00fc alt\u0131nda ezilen \u0130dil-Ural T\u00fcrklerinin hi\u00e7 bitmeyen ba\u011f\u0131ms\u0131zl\u0131k m\u00fccadelesi\u2026 T\u00fcrk Birli\u011fi fikrinin tohumlar\u0131n\u0131n ekildi\u011fi ve filizlendi\u011fi bu topraklarda s\u0131k\u00e7a isyanlar patlak vermi\u015ftir. \u0130syanlar\u0131n b\u00fcy\u00fck \u00e7o\u011funlu\u011fu ba\u015far\u0131s\u0131zl\u0131kla sonu\u00e7lansa bile, isyanlar Ruslar\u0131n geri ad\u0131m atmas\u0131na neden olmakla birlikte \u0130dil-Ural T\u00fcrklerinin i\u00e7lerindeki vatan ve millet sevgisini depre\u015ftirmi\u015ftir. \u0130dil-Ural T\u00fcrklerinin mill\u00ee ba\u011f\u0131ms\u0131zl\u0131k sava\u015f\u0131m\u0131n\u0131n \u00f6nemli bir sayfas\u0131 olan \u0130kinci D\u00fcnya Sava\u015f\u0131 y\u0131llar\u0131nda kurulan \u0130dil-Ural Lejyonu ve 1944 \u0130dil-Ural Kurultay\u0131 ger\u00e7ek belgelere dayanarak T\u00fcrkiye\u2019de ilk kez kapsaml\u0131 bir \u015fekilde ele al\u0131nm\u0131\u015ft\u0131r. \u0130kinci D\u00fcnya Sava\u015f\u0131\u2019nda \u0130dil-Ural T\u00fcrklerinin rol\u00fc neydi, T\u00fcrk Birli\u011fi fikrinin \u00f6nc\u00fcs\u00fc Bat\u0131r\u015fa\u2019n\u0131n sonu ne oldu, gibi sorular\u0131n cevab\u0131n\u0131 bu kitapta bulabileceksiniz. <\/p>\n","protected":false},"excerpt":{"rendered":"<p>Biz \u0130dil\u2019den, Ural\u2019dan, Kuzey T\u00fcrklerinin tarihine parmak basan \u00f6nemli olaylar\u0131 ve olaylar\u0131n kahramanlar\u0131n\u0131 konu edinmi\u015ftir. Y\u00fczy\u0131llard\u0131r Rus zulm\u00fc alt\u0131nda ezilen \u0130dil-Ural T\u00fcrklerinin hi\u00e7 bitmeyen ba\u011f\u0131ms\u0131zl\u0131k m\u00fccadelesi\u2026<span class=\"excerpt-hellip\"> [\u2026]<\/span><\/p>\n","protected":false},"featured_media":0,"template":"","meta":{"_monsterinsights_skip_tracking":false,"_monsterinsights_sitenote_active":false,"_monsterinsights_sitenote_note":"","_monsterinsights_sitenote_category":0},"product_brand":[],"product_cat":[12370,12304],"product_tag":[],"class_list":{"0":"post-700730","1":"product","2":"type-product","3":"status-publish","5":"product_cat-arastirma-inceleme","6":"product_cat-tarih","7":"pa_tur-kitap","8":"pa_yayinevi-bilge-kultur-sanat","9":"pa_yazar-roza-kurban","11":"first","12":"instock","13":"sale","14":"shipping-taxable","15":"purchasable","16":"product-type-simple"},"_links":{"self":[{"href":"https:\/\/roveyayinevi.com.tr\/index.php\/wp-json\/wp\/v2\/product\/700730","targetHints":{"allow":["GET"]}}],"collection":[{"href":"https:\/\/roveyayinevi.com.tr\/index.php\/wp-json\/wp\/v2\/product"}],"about":[{"href":"https:\/\/roveyayinevi.com.tr\/index.php\/wp-json\/wp\/v2\/types\/product"}],"wp:attachment":[{"href":"https:\/\/roveyayinevi.com.tr\/index.php\/wp-json\/wp\/v2\/media?parent=700730"}],"wp:term":[{"taxonomy":"product_brand","embeddable":true,"href":"https:\/\/roveyayinevi.com.tr\/index.php\/wp-json\/wp\/v2\/product_brand?post=700730"},{"taxonomy":"product_cat","embeddable":true,"href":"https:\/\/roveyayinevi.com.tr\/index.php\/wp-json\/wp\/v2\/product_cat?post=700730"},{"taxonomy":"product_tag","embeddable":true,"href":"https:\/\/roveyayinevi.com.tr\/index.php\/wp-json\/wp\/v2\/product_tag?post=700730"}],"curies":[{"name":"wp","href":"https:\/\/api.w.org\/{rel}","templated":true}]}}