{"id":700707,"date":"2025-08-27T15:01:48","date_gmt":"2025-08-27T12:01:48","guid":{"rendered":"https:\/\/roveyayinevi.com.tr\/index.php\/urun\/su-acayip-yeryuzu\/"},"modified":"2026-04-16T02:10:01","modified_gmt":"2026-04-15T23:10:01","slug":"su-acayip-yeryuzu","status":"publish","type":"product","link":"https:\/\/roveyayinevi.com.tr\/index.php\/urun\/su-acayip-yeryuzu\/","title":{"rendered":"\u015eu Acayip Yery\u00fcz\u00fc"},"content":{"rendered":"<p>Acayip \u015eeyler Dizisinin bu \u00fc\u00e7\u00fcnc\u00fc kitab\u0131 ile hepinize yeni bir merhaba! Bu kitab\u0131n sayfalar\u0131 aras\u0131nda, yery\u00fcz\u00fcn\u00fcn Hayat Bilgisi ve Fen Bilgisi kitaplar\u0131nda yazmayan \u00e7ok acayip ger\u00e7eklerini bulacaks\u0131n\u0131z.G\u00fczel mavi gezegenimizin, kendine \u00f6zg\u00fc yuvarlakl\u0131\u011f\u0131, \u00e7ekicili\u011fi, yer kabu\u011funun alt\u0131nda sakl\u0131 katmanlar\u0131, yanarda\u011flar\u0131 ve elbette yanmayan da\u011flar\u0131, \u00e7\u00f6lleri, buzullar\u0131 ve okyanuslar\u0131yla acayip ama ger\u00e7ekten \u00e7ok acayip bir yer oldu\u011funu g\u00f6receksiniz\u2026<\/p>\n","protected":false},"excerpt":{"rendered":"<p>Acayip \u015eeyler Dizisinin bu \u00fc\u00e7\u00fcnc\u00fc kitab\u0131 ile hepinize yeni bir merhaba! Bu kitab\u0131n sayfalar\u0131 aras\u0131nda, yery\u00fcz\u00fcn\u00fcn Hayat Bilgisi ve Fen Bilgisi kitaplar\u0131nda yazmayan \u00e7ok acayip ger\u00e7eklerini<span class=\"excerpt-hellip\"> [\u2026]<\/span><\/p>\n","protected":false},"featured_media":0,"template":"","meta":{"_monsterinsights_skip_tracking":false,"_monsterinsights_sitenote_active":false,"_monsterinsights_sitenote_note":"","_monsterinsights_sitenote_category":0},"product_brand":[],"product_cat":[12492,12274],"product_tag":[],"class_list":{"0":"post-700707","1":"product","2":"type-product","3":"status-publish","5":"product_cat-bilmece-bulmaca","6":"product_cat-cocuk-ve-genclik-kitaplari","7":"pa_cilt-ciltsiz","8":"pa_tur-kitap","9":"pa_yayinevi-ugurbocegi-yayinlari","10":"pa_yazar-tarik-uslu","12":"first","13":"instock","14":"sale","15":"shipping-taxable","16":"purchasable","17":"product-type-simple"},"_links":{"self":[{"href":"https:\/\/roveyayinevi.com.tr\/index.php\/wp-json\/wp\/v2\/product\/700707","targetHints":{"allow":["GET"]}}],"collection":[{"href":"https:\/\/roveyayinevi.com.tr\/index.php\/wp-json\/wp\/v2\/product"}],"about":[{"href":"https:\/\/roveyayinevi.com.tr\/index.php\/wp-json\/wp\/v2\/types\/product"}],"wp:attachment":[{"href":"https:\/\/roveyayinevi.com.tr\/index.php\/wp-json\/wp\/v2\/media?parent=700707"}],"wp:term":[{"taxonomy":"product_brand","embeddable":true,"href":"https:\/\/roveyayinevi.com.tr\/index.php\/wp-json\/wp\/v2\/product_brand?post=700707"},{"taxonomy":"product_cat","embeddable":true,"href":"https:\/\/roveyayinevi.com.tr\/index.php\/wp-json\/wp\/v2\/product_cat?post=700707"},{"taxonomy":"product_tag","embeddable":true,"href":"https:\/\/roveyayinevi.com.tr\/index.php\/wp-json\/wp\/v2\/product_tag?post=700707"}],"curies":[{"name":"wp","href":"https:\/\/api.w.org\/{rel}","templated":true}]}}