{"id":700679,"date":"2025-08-27T15:01:40","date_gmt":"2025-08-27T12:01:40","guid":{"rendered":"https:\/\/roveyayinevi.com.tr\/index.php\/urun\/mahkum-olduk-netekim\/"},"modified":"2026-04-16T02:10:00","modified_gmt":"2026-04-15T23:10:00","slug":"mahkum-olduk-netekim","status":"publish","type":"product","link":"https:\/\/roveyayinevi.com.tr\/index.php\/urun\/mahkum-olduk-netekim\/","title":{"rendered":"Mahkum Olduk Netekim"},"content":{"rendered":"<p>&#8220;12 Eyl\u00fcl herkese bir bi\u00e7imde dokundu. Bence darbenin karabasan\u0131 kendisine de\u011fmi\u015f herkes yazmal\u0131 ya\u015fad\u0131klar\u0131n\u0131. Kaybolanlar ile faili me\u00e7hullerin yak\u0131nlar\u0131, hapis yatanlar, i\u015ften at\u0131lan 1402\u2019likler, \u00f6\u011fretmenler, gazeteciler, hatta o d\u00f6nem mahkemelerinde g\u00f6rev yapan h\u00e2kimler, avukatlar, yarg\u0131lananlar, herkes yazmal\u0131 ki ger\u00e7ek tarihe katk\u0131 olsun. Kimse bunu k\u00fc\u00e7\u00fcmsememeli. Ben o d\u00f6nemdeki tan\u0131kl\u0131\u011f\u0131m\u0131z yaz\u0131lmazsa, bu tarih i\u00e7inde yer almazsa eksik kal\u0131r diye d\u00fc\u015f\u00fcn\u00fcyorum.&#8221;&#8221;Bu an\u0131lar\u0131 bak\u0131n ba\u015f\u0131ma neler geldi, ne tehlikeler ya\u015fad\u0131m diye yazmad\u0131m. O g\u00fcnlerde insanlar\u0131n ya\u015fad\u0131\u011f\u0131 ac\u0131lar\u0131n kar\u015f\u0131s\u0131nda benim ya\u015fad\u0131klar\u0131m\u0131n s\u00f6z\u00fcn\u00fc etmeye bile de\u011fmez. Ben sadece o g\u00fcnler daha iyi anla\u015f\u0131ls\u0131n, bu g\u00fcnlerle de k\u0131yaslans\u0131n diye anlatt\u0131m.&#8221;Kendisini h\u00e2l\u00e2 mesle\u011fin ve hayat\u0131n \u00e7\u0131ra\u011f\u0131 g\u00f6ren bir dervi\u015f, bizi zaman\u0131n i\u00e7inde bir yolculu\u011fa \u00e7\u0131karm\u0131\u015f. Hepsi bu!Akif Kurtulu\u015f <\/p>\n","protected":false},"excerpt":{"rendered":"<p>&#8220;12 Eyl\u00fcl herkese bir bi\u00e7imde dokundu. Bence darbenin karabasan\u0131 kendisine de\u011fmi\u015f herkes yazmal\u0131 ya\u015fad\u0131klar\u0131n\u0131. Kaybolanlar ile faili me\u00e7hullerin yak\u0131nlar\u0131, hapis yatanlar, i\u015ften at\u0131lan 1402\u2019likler, \u00f6\u011fretmenler, gazeteciler,<span class=\"excerpt-hellip\"> [\u2026]<\/span><\/p>\n","protected":false},"featured_media":0,"template":"","meta":{"_monsterinsights_skip_tracking":false,"_monsterinsights_sitenote_active":false,"_monsterinsights_sitenote_note":"","_monsterinsights_sitenote_category":0},"product_brand":[],"product_cat":[12337,16547],"product_tag":[],"class_list":{"0":"post-700679","1":"product","2":"type-product","3":"status-publish","5":"product_cat-politika-siyaset","6":"product_cat-sol-hareketler","7":"pa_cilt-ciltsiz","8":"pa_tur-kitap","9":"pa_yayinevi-liberte-yayinlari","10":"pa_yazar-hasan-urel","12":"first","13":"instock","14":"sale","15":"shipping-taxable","16":"purchasable","17":"product-type-simple"},"_links":{"self":[{"href":"https:\/\/roveyayinevi.com.tr\/index.php\/wp-json\/wp\/v2\/product\/700679","targetHints":{"allow":["GET"]}}],"collection":[{"href":"https:\/\/roveyayinevi.com.tr\/index.php\/wp-json\/wp\/v2\/product"}],"about":[{"href":"https:\/\/roveyayinevi.com.tr\/index.php\/wp-json\/wp\/v2\/types\/product"}],"wp:attachment":[{"href":"https:\/\/roveyayinevi.com.tr\/index.php\/wp-json\/wp\/v2\/media?parent=700679"}],"wp:term":[{"taxonomy":"product_brand","embeddable":true,"href":"https:\/\/roveyayinevi.com.tr\/index.php\/wp-json\/wp\/v2\/product_brand?post=700679"},{"taxonomy":"product_cat","embeddable":true,"href":"https:\/\/roveyayinevi.com.tr\/index.php\/wp-json\/wp\/v2\/product_cat?post=700679"},{"taxonomy":"product_tag","embeddable":true,"href":"https:\/\/roveyayinevi.com.tr\/index.php\/wp-json\/wp\/v2\/product_tag?post=700679"}],"curies":[{"name":"wp","href":"https:\/\/api.w.org\/{rel}","templated":true}]}}

<p>&#8220;12 Eylül herkese bir biçimde dokundu. Bence darbenin karabasanı kendisine değmiş herkes yazmalı yaşadıklarını. Kaybolanlar ile faili meçhullerin yakınları, hapis yatanlar, işten atılan 1402’likler, öğretmenler, gazeteciler, hatta o dönem mahkemelerinde görev yapan hâkimler, avukatlar, yargılananlar, herkes yazmalı ki gerçek tarihe katkı olsun. Kimse bunu küçümsememeli. Ben o dönemdeki tanıklığımız yazılmazsa, bu tarih içinde yer almazsa eksik kalır diye düşünüyorum.&#8221;&#8221;Bu anıları bakın başıma neler geldi, ne tehlikeler yaşadım diye yazmadım. O günlerde insanların yaşadığı acıların karşısında benim yaşadıklarımın sözünü etmeye bile değmez. Ben sadece o günler daha iyi anlaşılsın, bu günlerle de kıyaslansın diye anlattım.&#8221;Kendisini hâlâ mesleğin ve hayatın çırağı gören bir derviş, bizi zamanın içinde bir yolculuğa çıkarmış. Hepsi bu!Akif Kurtuluş </p>

<p>&#8220;12 Eylül herkese bir biçimde dokundu. Bence darbenin karabasanı kendisine değmiş herkes yazmalı yaşadıklarını. Kaybolanlar ile faili meçhullerin yakınları, hapis yatanlar, işten atılan 1402’likler, öğretmenler, gazeteciler,<span class="excerpt-hellip"> […]</span></p>
